Last updated on 2022-08-08 04:50:50 CEST.
Flavor | Version | Tinstall | Tcheck | Ttotal | Status | Flags |
---|---|---|---|---|---|---|
r-devel-linux-x86_64-debian-clang | 0.99.6 | 7.14 | 110.96 | 118.10 | NOTE | |
r-devel-linux-x86_64-debian-gcc | 0.99.6 | 3.93 | 79.61 | 83.54 | NOTE | |
r-devel-linux-x86_64-fedora-clang | 0.99.6 | 143.43 | NOTE | |||
r-devel-linux-x86_64-fedora-gcc | 0.99.6 | 140.31 | NOTE | |||
r-devel-windows-x86_64 | 0.99.6 | 65.00 | 171.00 | 236.00 | NOTE | |
r-patched-linux-x86_64 | 0.99.6 | 5.53 | 103.72 | 109.25 | NOTE | |
r-release-linux-x86_64 | 0.99.6 | NOTE | ||||
r-release-macos-arm64 | 0.99.6 | 42.00 | NOTE | |||
r-release-macos-x86_64 | 0.99.6 | 70.00 | NOTE | |||
r-release-windows-x86_64 | 0.99.6 | 76.00 | 168.00 | 244.00 | NOTE | |
r-oldrel-macos-arm64 | 0.99.6 | 62.00 | NOTE | |||
r-oldrel-macos-x86_64 | 0.99.6 | 90.00 | NOTE | |||
r-oldrel-windows-ix86+x86_64 | 0.99.6 | 11.00 | 156.00 | 167.00 | NOTE |
Version: 0.99.6
Check: LazyData
Result: NOTE
'LazyData' is specified without a 'data' directory
Flavors: r-devel-linux-x86_64-debian-clang, r-devel-linux-x86_64-debian-gcc, r-devel-linux-x86_64-fedora-clang, r-devel-linux-x86_64-fedora-gcc, r-devel-windows-x86_64, r-patched-linux-x86_64, r-release-linux-x86_64, r-release-macos-arm64, r-release-macos-x86_64, r-release-windows-x86_64, r-oldrel-macos-arm64, r-oldrel-macos-x86_64, r-oldrel-windows-ix86+x86_64
Version: 0.99.6
Check: dependencies in R code
Result: NOTE
Namespace in Imports field not imported from: ‘data.table’
All declared Imports should be used.
Flavors: r-devel-linux-x86_64-fedora-clang, r-devel-linux-x86_64-fedora-gcc, r-release-macos-arm64, r-release-macos-x86_64, r-oldrel-macos-arm64, r-oldrel-macos-x86_64