CRAN Package Check Results for Package rODE

Last updated on 2024-02-24 19:50:51 CET.

Flavor Version Tinstall Tcheck Ttotal Status Flags
r-devel-linux-x86_64-debian-clang 0.99.6 5.07 125.12 130.19 NOTE
r-devel-linux-x86_64-debian-gcc 0.99.6 4.46 92.23 96.69 NOTE
r-devel-linux-x86_64-fedora-clang 0.99.6 160.39 NOTE
r-devel-linux-x86_64-fedora-gcc 0.99.6 163.46 NOTE
r-devel-windows-x86_64 0.99.6 6.00 118.00 124.00 NOTE
r-patched-linux-x86_64 0.99.6 6.04 121.46 127.50 NOTE
r-release-linux-x86_64 0.99.6 4.57 118.52 123.09 NOTE
r-release-macos-arm64 0.99.6 58.00 NOTE
r-release-macos-x86_64 0.99.6 84.00 NOTE
r-release-windows-x86_64 0.99.6 9.00 139.00 148.00 NOTE
r-oldrel-macos-arm64 0.99.6 58.00 NOTE
r-oldrel-windows-x86_64 0.99.6 9.00 138.00 147.00 NOTE

Check Details

Version: 0.99.6
Check: LazyData
Result: NOTE 'LazyData' is specified without a 'data' directory Flavors: r-devel-linux-x86_64-debian-clang, r-devel-linux-x86_64-debian-gcc, r-devel-linux-x86_64-fedora-clang, r-devel-linux-x86_64-fedora-gcc, r-devel-windows-x86_64, r-patched-linux-x86_64, r-release-linux-x86_64, r-release-macos-arm64, r-release-macos-x86_64, r-release-windows-x86_64, r-oldrel-macos-arm64, r-oldrel-windows-x86_64

Version: 0.99.6
Check: dependencies in R code
Result: NOTE Namespace in Imports field not imported from: ‘data.table’ All declared Imports should be used. Flavors: r-devel-linux-x86_64-fedora-clang, r-devel-linux-x86_64-fedora-gcc