CRAN Package Check Results for Package rPraat

Last updated on 2018-05-27 22:50:05 CEST.

Flavor Version Tinstall Tcheck Ttotal Status Flags
r-devel-linux-x86_64-debian-clang 1.0.8 4.06 37.81 41.87 NOTE
r-devel-linux-x86_64-debian-gcc 1.0.8 3.37 29.09 32.46 NOTE
r-devel-linux-x86_64-fedora-clang 1.0.8 47.96 NOTE
r-devel-linux-x86_64-fedora-gcc 1.0.8 46.82 NOTE
r-devel-windows-ix86+x86_64 1.0.8 8.00 65.00 73.00 OK
r-patched-linux-x86_64 1.0.8 4.03 35.22 39.25 NOTE
r-patched-solaris-x86 1.0.8 67.00 OK
r-release-linux-x86_64 1.0.8 3.57 34.93 38.50 NOTE
r-release-windows-ix86+x86_64 1.0.8 10.00 48.00 58.00 OK
r-release-osx-x86_64 1.0.8 OK
r-oldrel-windows-ix86+x86_64 1.0.8 7.00 54.00 61.00 OK
r-oldrel-osx-x86_64 1.0.8 OK

Check Details

Version: 1.0.8
Check: DESCRIPTION meta-information
Result: NOTE
    Dependence on R version ‘3.4.1’ not with patchlevel 0
Flavors: r-devel-linux-x86_64-debian-clang, r-devel-linux-x86_64-debian-gcc, r-devel-linux-x86_64-fedora-clang, r-devel-linux-x86_64-fedora-gcc, r-patched-linux-x86_64, r-release-linux-x86_64