CRAN Package Check Results for Package rPraat

Last updated on 2022-08-10 17:50:16 CEST.

Flavor Version Tinstall Tcheck Ttotal Status Flags
r-devel-linux-x86_64-debian-clang 1.3.2-1 15.83 114.06 129.89 NOTE
r-devel-linux-x86_64-debian-gcc 1.3.2-1 15.24 82.42 97.66 NOTE
r-devel-linux-x86_64-fedora-clang 1.3.2-1 163.12 NOTE
r-devel-linux-x86_64-fedora-gcc 1.3.2-1 155.65 NOTE
r-devel-windows-x86_64 1.3.2-1 61.00 164.00 225.00 NOTE
r-patched-linux-x86_64 1.3.2-1 17.76 107.01 124.77 NOTE
r-release-linux-x86_64 1.3.2-1 NOTE
r-release-macos-arm64 1.3.2-1 47.00 NOTE
r-release-macos-x86_64 1.3.2-1 78.00 NOTE
r-release-windows-x86_64 1.3.2-1 53.00 171.00 224.00 NOTE
r-oldrel-macos-arm64 1.3.2-1 50.00 NOTE
r-oldrel-macos-x86_64 1.3.2-1 72.00 NOTE
r-oldrel-windows-ix86+x86_64 1.3.2-1 27.00 136.00 163.00 NOTE

Check Details

Version: 1.3.2-1
Check: LazyData
Result: NOTE
     'LazyData' is specified without a 'data' directory
Flavors: r-devel-linux-x86_64-debian-clang, r-devel-linux-x86_64-debian-gcc, r-devel-linux-x86_64-fedora-clang, r-devel-linux-x86_64-fedora-gcc, r-devel-windows-x86_64, r-patched-linux-x86_64, r-release-linux-x86_64, r-release-macos-arm64, r-release-macos-x86_64, r-release-windows-x86_64, r-oldrel-macos-arm64, r-oldrel-macos-x86_64, r-oldrel-windows-ix86+x86_64