CRAN Package Check Results for Package rPraat

Last updated on 2018-02-20 13:50:10 CET.

Flavor Version Tinstall Tcheck Ttotal Status Flags
r-devel-linux-x86_64-debian-clang 1.0.8 4.96 36.60 41.56 NOTE
r-devel-linux-x86_64-debian-gcc 1.0.8 3.27 28.07 31.34 NOTE
r-devel-linux-x86_64-fedora-clang 1.0.8 47.77 NOTE
r-devel-linux-x86_64-fedora-gcc 1.0.8 47.59 NOTE
r-devel-windows-ix86+x86_64 1.0.8 7.00 47.00 54.00 OK
r-patched-linux-x86_64 1.0.8 1.40 39.90 41.30 OK
r-patched-solaris-x86 1.0.8 58.20 OK
r-release-linux-x86_64 1.0.8 1.27 40.39 41.66 OK
r-release-windows-ix86+x86_64 1.0.8 8.00 64.00 72.00 OK
r-release-osx-x86_64 1.0.8 OK
r-oldrel-osx-x86_64 1.0.8 ERROR

Check Details

Version: 1.0.8
Check: DESCRIPTION meta-information
Result: NOTE
    Dependence on R version ‘3.4.1’ not with patchlevel 0
Flavors: r-devel-linux-x86_64-debian-clang, r-devel-linux-x86_64-debian-gcc, r-devel-linux-x86_64-fedora-clang, r-devel-linux-x86_64-fedora-gcc

Version: 1.0.8
Check: package dependencies
Result: ERROR
    Package required and available but unsuitable version: ‘graphics’
    
    See section ‘The DESCRIPTION file’ in the ‘Writing R Extensions’
    manual.
Flavor: r-oldrel-osx-x86_64