CRAN Package Check Results for Package rPref

Last updated on 2018-05-24 02:48:39 CEST.

Flavor Version Tinstall Tcheck Ttotal Status Flags
r-devel-linux-x86_64-debian-clang 1.2 58.63 45.20 103.83 NOTE
r-devel-linux-x86_64-debian-gcc 1.2 49.02 39.52 88.54 NOTE
r-devel-linux-x86_64-fedora-clang 1.2 152.04 NOTE
r-devel-linux-x86_64-fedora-gcc 1.2 140.30 NOTE
r-devel-windows-ix86+x86_64 1.2 122.00 82.00 204.00 NOTE
r-patched-linux-x86_64 1.2 61.24 45.66 106.90 NOTE
r-patched-solaris-x86 1.2 155.90 NOTE
r-release-linux-x86_64 1.2 56.53 45.00 101.53 NOTE
r-release-windows-ix86+x86_64 1.2 174.00 115.00 289.00 NOTE
r-release-osx-x86_64 1.2 NOTE
r-oldrel-windows-ix86+x86_64 1.2 165.00 166.00 331.00 NOTE
r-oldrel-osx-x86_64 1.2 NOTE

Check Details

Version: 1.2
Check: for GNU extensions in Makefiles
Result: NOTE
    GNU make is a SystemRequirements.
Flavors: r-devel-linux-x86_64-debian-clang, r-devel-linux-x86_64-debian-gcc, r-devel-linux-x86_64-fedora-clang, r-devel-linux-x86_64-fedora-gcc, r-devel-windows-ix86+x86_64, r-patched-linux-x86_64, r-patched-solaris-x86, r-release-linux-x86_64, r-release-windows-ix86+x86_64, r-release-osx-x86_64, r-oldrel-windows-ix86+x86_64, r-oldrel-osx-x86_64

Version: 1.2
Check: compiled code
Result: NOTE
    File ‘rPref/libs/rPref.so’:
     Found no calls to: ‘R_registerRoutines’, ‘R_useDynamicSymbols’
    
    It is good practice to register native routines and to disable symbol
    search.
    
    See ‘Writing portable packages’ in the ‘Writing R Extensions’ manual.
Flavors: r-devel-linux-x86_64-debian-clang, r-devel-linux-x86_64-debian-gcc, r-devel-linux-x86_64-fedora-clang, r-devel-linux-x86_64-fedora-gcc, r-patched-linux-x86_64, r-release-linux-x86_64

Version: 1.2
Check: package dependencies
Result: NOTE
    Packages suggested but not available for checking: ‘graph’ ‘Rgraphviz’
Flavor: r-oldrel-osx-x86_64