CRAN Package Check Results for Package rPref

Last updated on 2018-11-15 14:47:29 CET.

Flavor Version Tinstall Tcheck Ttotal Status Flags
r-devel-linux-x86_64-debian-clang 1.2 62.89 52.76 115.65 NOTE
r-devel-linux-x86_64-debian-gcc 1.2 54.36 41.65 96.01 NOTE
r-devel-linux-x86_64-fedora-clang 1.2 163.69 NOTE
r-devel-linux-x86_64-fedora-gcc 1.2 147.46 NOTE
r-devel-windows-ix86+x86_64 1.2 125.00 83.00 208.00 NOTE
r-patched-linux-x86_64 1.2 67.94 45.12 113.06 NOTE
r-patched-solaris-x86 1.2 167.80 NOTE
r-release-linux-x86_64 1.2 62.83 45.66 108.49 NOTE
r-release-windows-ix86+x86_64 1.2 175.00 82.00 257.00 NOTE
r-release-osx-x86_64 1.2 NOTE
r-oldrel-windows-ix86+x86_64 1.2 172.00 164.00 336.00 NOTE
r-oldrel-osx-x86_64 1.2 NOTE

Check Details

Version: 1.2
Check: for GNU extensions in Makefiles
Result: NOTE
    GNU make is a SystemRequirements.
Flavors: r-devel-linux-x86_64-debian-clang, r-devel-linux-x86_64-debian-gcc, r-devel-linux-x86_64-fedora-clang, r-devel-linux-x86_64-fedora-gcc, r-devel-windows-ix86+x86_64, r-patched-linux-x86_64, r-patched-solaris-x86, r-release-linux-x86_64, r-release-windows-ix86+x86_64, r-release-osx-x86_64, r-oldrel-windows-ix86+x86_64, r-oldrel-osx-x86_64

Version: 1.2
Check: compiled code
Result: NOTE
    File ‘rPref/libs/rPref.so’:
     Found no calls to: ‘R_registerRoutines’, ‘R_useDynamicSymbols’
    
    It is good practice to register native routines and to disable symbol
    search.
    
    See ‘Writing portable packages’ in the ‘Writing R Extensions’ manual.
Flavors: r-devel-linux-x86_64-fedora-clang, r-devel-linux-x86_64-fedora-gcc

Version: 1.2
Check: package dependencies
Result: NOTE
    Packages suggested but not available for checking: ‘graph’ ‘Rgraphviz’
Flavor: r-oldrel-osx-x86_64