CRAN Package Check Results for Package rPref

Last updated on 2018-02-24 09:51:47 CET.

Flavor Version Tinstall Tcheck Ttotal Status Flags
r-devel-linux-x86_64-debian-clang 1.2 54.20 44.19 98.39 NOTE
r-devel-linux-x86_64-debian-gcc 1.2 47.18 35.28 82.46 NOTE
r-devel-linux-x86_64-fedora-clang 1.2 150.98 NOTE
r-devel-linux-x86_64-fedora-gcc 1.2 135.65 NOTE
r-devel-windows-ix86+x86_64 1.2 168.00 111.00 279.00 NOTE
r-patched-linux-x86_64 1.2 58.41 60.36 118.77 NOTE
r-patched-solaris-x86 1.2 161.70 NOTE
r-release-linux-x86_64 1.2 54.50 58.87 113.37 NOTE
r-release-windows-ix86+x86_64 1.2 178.00 158.00 336.00 NOTE
r-release-osx-x86_64 1.2 NOTE
r-oldrel-windows-ix86+x86_64 1.2 131.00 96.00 227.00 NOTE
r-oldrel-osx-x86_64 1.2 NOTE

Check Details

Version: 1.2
Check: for GNU extensions in Makefiles
Result: NOTE
    GNU make is a SystemRequirements.
Flavors: r-devel-linux-x86_64-debian-clang, r-devel-linux-x86_64-debian-gcc, r-devel-linux-x86_64-fedora-clang, r-devel-linux-x86_64-fedora-gcc, r-devel-windows-ix86+x86_64, r-patched-linux-x86_64, r-patched-solaris-x86, r-release-linux-x86_64, r-release-windows-ix86+x86_64, r-release-osx-x86_64, r-oldrel-windows-ix86+x86_64, r-oldrel-osx-x86_64

Version: 1.2
Check: compiled code
Result: NOTE
    File ‘rPref/libs/rPref.so’:
     Found no calls to: ‘R_registerRoutines’, ‘R_useDynamicSymbols’
    
    It is good practice to register native routines and to disable symbol
    search.
    
    See ‘Writing portable packages’ in the ‘Writing R Extensions’ manual.
Flavors: r-devel-linux-x86_64-debian-clang, r-devel-linux-x86_64-debian-gcc, r-devel-linux-x86_64-fedora-clang, r-devel-linux-x86_64-fedora-gcc, r-patched-linux-x86_64, r-release-linux-x86_64

Version: 1.2
Check: package dependencies
Result: NOTE
    Packages suggested but not available for checking: ‘graph’ ‘Rgraphviz’
Flavor: r-release-osx-x86_64