CRAN Package Check Results for Package rPref

Last updated on 2019-02-19 21:49:38 CET.

Flavor Version Tinstall Tcheck Ttotal Status Flags
r-devel-linux-x86_64-debian-clang 1.3 61.87 51.03 112.90 NOTE
r-devel-linux-x86_64-debian-gcc 1.3 48.49 39.43 87.92 NOTE
r-devel-linux-x86_64-fedora-clang 1.3 165.69 NOTE
r-devel-linux-x86_64-fedora-gcc 1.3 143.45 NOTE
r-devel-windows-ix86+x86_64 1.3 131.00 115.00 246.00 NOTE
r-patched-linux-x86_64 1.3 57.66 45.02 102.68 NOTE
r-patched-solaris-x86 1.3 147.50 NOTE
r-release-linux-x86_64 1.3 57.15 45.43 102.58 NOTE
r-release-windows-ix86+x86_64 1.3 158.00 94.00 252.00 NOTE
r-release-osx-x86_64 1.3 NOTE
r-oldrel-windows-ix86+x86_64 1.3 103.00 114.00 217.00 NOTE
r-oldrel-osx-x86_64 1.3 NOTE

Check Details

Version: 1.3
Check: for GNU extensions in Makefiles
Result: NOTE
    GNU make is a SystemRequirements.
Flavors: r-devel-linux-x86_64-debian-clang, r-devel-linux-x86_64-debian-gcc, r-devel-linux-x86_64-fedora-clang, r-devel-linux-x86_64-fedora-gcc, r-devel-windows-ix86+x86_64, r-patched-linux-x86_64, r-patched-solaris-x86, r-release-linux-x86_64, r-release-windows-ix86+x86_64, r-release-osx-x86_64, r-oldrel-windows-ix86+x86_64, r-oldrel-osx-x86_64