CRAN Package Check Results for Package rPref

Last updated on 2018-08-20 07:47:56 CEST.

Flavor Version Tinstall Tcheck Ttotal Status Flags
r-devel-linux-x86_64-debian-clang 1.2 56.02 51.50 107.52 NOTE
r-devel-linux-x86_64-debian-gcc 1.2 52.11 40.74 92.85 NOTE
r-devel-linux-x86_64-fedora-clang 1.2 157.44 NOTE
r-devel-linux-x86_64-fedora-gcc 1.2 146.67 NOTE
r-devel-windows-ix86+x86_64 1.2 178.00 125.00 303.00 NOTE
r-patched-linux-x86_64 1.2 60.11 45.51 105.62 NOTE
r-patched-solaris-x86 1.2 157.40 NOTE
r-release-linux-x86_64 1.2 63.40 45.70 109.10 NOTE
r-release-windows-ix86+x86_64 1.2 204.00 79.00 283.00 NOTE
r-release-osx-x86_64 1.2 NOTE
r-oldrel-windows-ix86+x86_64 1.2 139.00 168.00 307.00 NOTE
r-oldrel-osx-x86_64 1.2 NOTE

Check Details

Version: 1.2
Check: for GNU extensions in Makefiles
Result: NOTE
    GNU make is a SystemRequirements.
Flavors: r-devel-linux-x86_64-debian-clang, r-devel-linux-x86_64-debian-gcc, r-devel-linux-x86_64-fedora-clang, r-devel-linux-x86_64-fedora-gcc, r-devel-windows-ix86+x86_64, r-patched-linux-x86_64, r-patched-solaris-x86, r-release-linux-x86_64, r-release-windows-ix86+x86_64, r-release-osx-x86_64, r-oldrel-windows-ix86+x86_64, r-oldrel-osx-x86_64

Version: 1.2
Check: compiled code
Result: NOTE
    File ‘rPref/libs/rPref.so’:
     Found no calls to: ‘R_registerRoutines’, ‘R_useDynamicSymbols’
    
    It is good practice to register native routines and to disable symbol
    search.
    
    See ‘Writing portable packages’ in the ‘Writing R Extensions’ manual.
Flavors: r-devel-linux-x86_64-debian-clang, r-devel-linux-x86_64-debian-gcc, r-devel-linux-x86_64-fedora-clang, r-devel-linux-x86_64-fedora-gcc, r-patched-linux-x86_64, r-release-linux-x86_64

Version: 1.2
Check: package dependencies
Result: NOTE
    Packages suggested but not available for checking: ‘graph’ ‘Rgraphviz’
Flavor: r-oldrel-osx-x86_64