CRAN Package Check Results for Package rSPDE

Last updated on 2024-02-22 00:58:41 CET.

Flavor Version Tinstall Tcheck Ttotal Status Flags
r-devel-linux-x86_64-debian-clang 2.3.3 NOTE
r-devel-linux-x86_64-debian-gcc 2.3.3 20.65 138.92 159.57 NOTE
r-devel-linux-x86_64-fedora-clang 2.3.3 264.46 OK
r-devel-linux-x86_64-fedora-gcc 2.3.3 275.68 OK
r-devel-windows-x86_64 2.3.3 21.00 154.00 175.00 OK
r-patched-linux-x86_64 2.3.3 18.73 183.70 202.43 NOTE
r-release-linux-x86_64 2.3.3 16.86 181.04 197.90 NOTE
r-release-macos-arm64 2.3.3 72.00 NOTE
r-release-macos-x86_64 2.3.3 149.00 NOTE
r-release-windows-x86_64 2.3.3 29.00 187.00 216.00 NOTE
r-oldrel-macos-arm64 2.3.3 72.00 NOTE
r-oldrel-windows-x86_64 2.3.3 29.00 176.00 205.00 NOTE

Check Details

Version: 2.3.3
Check: package dependencies
Result: NOTE Package suggested but not available for checking: ‘INLA’ Flavors: r-devel-linux-x86_64-debian-clang, r-devel-linux-x86_64-debian-gcc, r-patched-linux-x86_64, r-release-linux-x86_64, r-release-macos-arm64, r-release-macos-x86_64, r-release-windows-x86_64, r-oldrel-macos-arm64, r-oldrel-windows-x86_64