CRAN Package Check Results for Package rSPDE

Last updated on 2022-06-26 12:54:57 CEST.

Flavor Version Tinstall Tcheck Ttotal Status Flags
r-devel-linux-x86_64-debian-clang 1.1.1 11.59 92.46 104.05 NOTE
r-devel-linux-x86_64-debian-gcc 1.1.1 8.09 69.26 77.35 NOTE
r-devel-linux-x86_64-fedora-clang 1.1.1 134.44 OK
r-devel-linux-x86_64-fedora-gcc 1.1.1 136.10 OK
r-devel-windows-x86_64 1.1.1 32.00 119.00 151.00 NOTE
r-patched-linux-x86_64 1.1.1 11.82 88.44 100.26 NOTE
r-release-linux-x86_64 1.1.1 11.09 89.39 100.48 NOTE
r-release-macos-arm64 1.1.1 37.00 NOTE
r-release-macos-x86_64 1.1.1 55.00 NOTE
r-release-windows-x86_64 1.1.1 31.00 122.00 153.00 NOTE
r-oldrel-macos-arm64 1.1.1 45.00 NOTE
r-oldrel-macos-x86_64 1.1.1 58.00 NOTE
r-oldrel-windows-ix86+x86_64 1.1.1 22.00 119.00 141.00 OK

Check Details

Version: 1.1.1
Check: package dependencies
Result: NOTE
    Package suggested but not available for checking: 'INLA'
Flavors: r-devel-linux-x86_64-debian-clang, r-devel-linux-x86_64-debian-gcc, r-devel-windows-x86_64, r-patched-linux-x86_64, r-release-linux-x86_64, r-release-macos-arm64, r-release-macos-x86_64, r-release-windows-x86_64, r-oldrel-macos-arm64, r-oldrel-macos-x86_64