CRAN Package Check Results for Package rSQM

Last updated on 2018-02-25 17:49:07 CET.

Flavor Version Tinstall Tcheck Ttotal Status Flags
r-devel-linux-x86_64-debian-clang 1.3.14 6.14 65.55 71.69 OK
r-devel-linux-x86_64-debian-gcc 1.3.14 5.19 52.47 57.66 OK
r-devel-linux-x86_64-fedora-clang 1.3.14 87.72 OK
r-devel-linux-x86_64-fedora-gcc 1.3.14 85.83 OK
r-devel-windows-ix86+x86_64 1.3.14 18.00 110.00 128.00 OK
r-patched-linux-x86_64 1.3.14 4.87 68.62 73.49 OK
r-patched-solaris-x86 1.3.14 135.20 OK
r-release-linux-x86_64 1.3.14 3.64 68.01 71.65 OK
r-release-windows-ix86+x86_64 1.3.14 15.00 114.00 129.00 OK
r-release-osx-x86_64 1.3.14 OK
r-oldrel-windows-ix86+x86_64 1.3.14 12.00 85.00 97.00 OK
r-oldrel-osx-x86_64 1.2.42 ERROR

Check Details

Version: 1.2.42
Check: whether package can be installed
Result: ERROR
    Installation failed.
Flavor: r-oldrel-osx-x86_64