CRAN Package Check Results for Package rWBclimate

Last updated on 2020-01-27 00:48:22 CET.

Flavor Version Tinstall Tcheck Ttotal Status Flags
r-devel-linux-x86_64-debian-clang 0.1.3 6.33 54.79 61.12 NOTE
r-devel-linux-x86_64-debian-gcc 0.1.3 4.90 41.91 46.81 NOTE
r-devel-linux-x86_64-fedora-clang 0.1.3 75.61 NOTE
r-devel-linux-x86_64-fedora-gcc 0.1.3 73.66 NOTE
r-devel-windows-ix86+x86_64 0.1.3 15.00 91.00 106.00 NOTE
r-devel-windows-ix86+x86_64-gcc8 0.1.3 23.00 67.00 90.00 NOTE
r-patched-linux-x86_64 0.1.3 5.97 48.93 54.90 NOTE
r-patched-solaris-x86 0.1.3 108.60 NOTE
r-release-linux-x86_64 0.1.3 4.86 48.20 53.06 NOTE
r-release-windows-ix86+x86_64 0.1.3 13.00 67.00 80.00 NOTE
r-release-osx-x86_64 0.1.3 NOTE
r-oldrel-windows-ix86+x86_64 0.1.3 8.00 59.00 67.00 NOTE
r-oldrel-osx-x86_64 0.1.3 NOTE

Check Details

Version: 0.1.3
Check: R code for possible problems
Result: NOTE
    check_ISO_code: no visible binding for global variable 'NoAm_country'
    check_ISO_code: no visible binding for global variable 'SoAm_country'
    check_ISO_code: no visible binding for global variable 'Oceana_country'
    check_ISO_code: no visible binding for global variable 'Africa_country'
    check_ISO_code: no visible binding for global variable 'Asia_country'
    check_ISO_code: no visible binding for global variable 'Eur_country'
    climate_map: no visible binding for global variable 'data'
    date_correct: no visible global function definition for 'tail'
    Undefined global functions or variables:
     Africa_country Asia_country Eur_country NoAm_country Oceana_country
     SoAm_country data tail
    Consider adding
     importFrom("utils", "data", "tail")
    to your NAMESPACE file.
Flavors: r-devel-linux-x86_64-debian-clang, r-devel-linux-x86_64-debian-gcc, r-devel-linux-x86_64-fedora-clang, r-devel-linux-x86_64-fedora-gcc, r-devel-windows-ix86+x86_64, r-devel-windows-ix86+x86_64-gcc8, r-patched-linux-x86_64, r-patched-solaris-x86, r-release-linux-x86_64, r-release-windows-ix86+x86_64, r-release-osx-x86_64, r-oldrel-windows-ix86+x86_64, r-oldrel-osx-x86_64