CRAN Package Check Results for Package rWBclimate

Last updated on 2019-09-16 00:47:52 CEST.

Flavor Version Tinstall Tcheck Ttotal Status Flags
r-devel-linux-x86_64-debian-clang 0.1.3 5.84 50.22 56.06 NOTE
r-devel-linux-x86_64-debian-gcc 0.1.3 4.54 38.82 43.36 NOTE
r-devel-linux-x86_64-fedora-clang 0.1.3 69.32 NOTE
r-devel-linux-x86_64-fedora-gcc 0.1.3 68.86 NOTE
r-devel-windows-ix86+x86_64 0.1.3 29.00 67.00 96.00 NOTE
r-patched-linux-x86_64 0.1.3 6.06 49.90 55.96 NOTE
r-patched-solaris-x86 0.1.3 106.90 NOTE
r-release-linux-x86_64 0.1.3 4.86 49.27 54.13 NOTE
r-release-windows-ix86+x86_64 0.1.3 11.00 61.00 72.00 NOTE
r-release-osx-x86_64 0.1.3 NOTE
r-oldrel-windows-ix86+x86_64 0.1.3 13.00 67.00 80.00 WARN
r-oldrel-osx-x86_64 0.1.3 NOTE

Check Details

Version: 0.1.3
Check: R code for possible problems
Result: NOTE
    check_ISO_code: no visible binding for global variable 'NoAm_country'
    check_ISO_code: no visible binding for global variable 'SoAm_country'
    check_ISO_code: no visible binding for global variable 'Oceana_country'
    check_ISO_code: no visible binding for global variable 'Africa_country'
    check_ISO_code: no visible binding for global variable 'Asia_country'
    check_ISO_code: no visible binding for global variable 'Eur_country'
    climate_map: no visible binding for global variable 'data'
    date_correct: no visible global function definition for 'tail'
    Undefined global functions or variables:
     Africa_country Asia_country Eur_country NoAm_country Oceana_country
     SoAm_country data tail
    Consider adding
     importFrom("utils", "data", "tail")
    to your NAMESPACE file.
Flavors: r-devel-linux-x86_64-debian-clang, r-devel-linux-x86_64-debian-gcc, r-devel-linux-x86_64-fedora-clang, r-devel-linux-x86_64-fedora-gcc, r-devel-windows-ix86+x86_64, r-patched-linux-x86_64, r-patched-solaris-x86, r-release-linux-x86_64, r-release-windows-ix86+x86_64, r-release-osx-x86_64, r-oldrel-windows-ix86+x86_64, r-oldrel-osx-x86_64

Version: 0.1.3
Check: whether package can be installed
Result: WARN
    Found the following significant warnings:
     Warning: S3 methods '[.fun_list', '[.grouped_df', 'all.equal.tbl_df', 'anti_join.data.frame', 'anti_join.tbl_df', 'arrange.data.frame', 'arrange.default', 'arrange.grouped_df', 'arrange.tbl_df', 'arrange_.data.frame', 'arrange_.tbl_df', 'as.data.frame.grouped_df', 'as.data.frame.rowwise_df', 'as.data.frame.tbl_cube', 'as.table.tbl_cube', 'as.tbl.data.frame', 'as.tbl.tbl', 'as.tbl_cube.array', 'as.tbl_cube.data.frame', 'as.tbl_cube.matrix', 'as.tbl_cube.table', 'as_tibble.grouped_df', 'as_tibble.tbl_cube', 'auto_copy.tbl_cube', 'auto_copy.tbl_df', 'cbind.grouped_df', 'collapse.data.frame', 'collect.data.frame', 'common_by.NULL', 'common_by.character', 'common_by.default', 'common_by.list', 'compute.data.frame', 'copy_to.DBIConnection', 'copy_to.src_local', 'default_missing.data.frame', 'default_missing.default', 'dim.tbl_cube', 'distinct.data.frame', 'distinct.default', 'distinct.grouped_df', 'distinct.tbl_df', 'distinct_.data.frame', 'distinct_.grouped_df', 'distinct_.tbl_df', 'do.NULL', 'do.da [... truncated]
Flavor: r-oldrel-windows-ix86+x86_64