Last updated on 2023-12-06 07:50:28 CET.
Flavor | Version | Tinstall | Tcheck | Ttotal | Status | Flags |
---|---|---|---|---|---|---|
r-devel-linux-x86_64-debian-clang | 1.1.7 | 35.68 | 373.75 | 409.43 | NOTE | |
r-devel-linux-x86_64-debian-gcc | 1.1.7 | 33.27 | 280.65 | 313.92 | NOTE | |
r-devel-linux-x86_64-fedora-clang | 1.1.7 | 516.56 | NOTE | |||
r-devel-linux-x86_64-fedora-gcc | 1.1.7 | 509.69 | NOTE | |||
r-devel-windows-x86_64 | 1.1.7 | 30.00 | 235.00 | 265.00 | NOTE | |
r-patched-linux-x86_64 | 1.1.7 | 36.72 | 362.95 | 399.67 | OK | |
r-release-linux-x86_64 | 1.1.7 | 31.17 | 357.00 | 388.17 | OK | |
r-release-macos-arm64 | 1.1.7 | 145.00 | OK | |||
r-release-macos-x86_64 | 1.1.7 | 239.00 | OK | |||
r-release-windows-x86_64 | 1.1.7 | 41.00 | 318.00 | 359.00 | OK | |
r-oldrel-macos-arm64 | 1.1.7 | 121.00 | OK | |||
r-oldrel-macos-x86_64 | 1.1.7 | 145.00 | OK | |||
r-oldrel-windows-x86_64 | 1.1.7 | 42.00 | 318.00 | 360.00 | OK |
Version: 1.1.7
Check: Rd \usage sections
Result: NOTE
Documented arguments not in \usage in Rd file 'wind.fit_int.Rd':
‘X’
Functions with \usage entries need to have the appropriate \alias
entries, and all their arguments documented.
The \usage entries must correspond to syntactically valid R code.
See chapter ‘Writing R documentation files’ in the ‘Writing R
Extensions’ manual.
Flavors: r-devel-linux-x86_64-debian-clang, r-devel-linux-x86_64-debian-gcc, r-devel-linux-x86_64-fedora-clang, r-devel-linux-x86_64-fedora-gcc, r-devel-windows-x86_64