CRAN Package Check Results for Package rabhit

Last updated on 2022-06-28 09:49:58 CEST.

Flavor Version Tinstall Tcheck Ttotal Status Flags
r-devel-linux-x86_64-debian-clang 0.2.1 52.05 598.50 650.55 OK
r-devel-linux-x86_64-debian-gcc 0.2.1 46.27 451.92 498.19 OK
r-devel-linux-x86_64-fedora-clang 0.2.1 730.71 WARN
r-devel-linux-x86_64-fedora-gcc 0.2.1 813.29 WARN
r-devel-windows-x86_64 0.2.1 222.00 586.00 808.00 OK
r-patched-linux-x86_64 0.2.1 47.73 579.35 627.08 OK
r-release-linux-x86_64 0.2.1 50.88 567.17 618.05 OK
r-release-macos-arm64 0.2.1 211.00 OK
r-release-macos-x86_64 0.2.1 360.00 OK
r-release-windows-x86_64 0.2.1 177.00 615.00 792.00 OK
r-oldrel-macos-arm64 0.2.1 162.00 OK
r-oldrel-macos-x86_64 0.2.1 275.00 OK
r-oldrel-windows-ix86+x86_64 0.2.1 101.00 611.00 712.00 OK

Check Details

Version: 0.2.1
Check: package dependencies
Result: WARN
    Imports includes 21 non-default packages.
    Importing from so many packages makes the package vulnerable to any of
    them becoming unavailable. Move as many as possible to Suggests and
    use conditionally.
    
    Requires orphaned package: ‘gtools’
Flavor: r-devel-linux-x86_64-fedora-clang

Version: 0.2.1
Check: package dependencies
Result: WARN
    Requires orphaned package: ‘gtools’
Flavor: r-devel-linux-x86_64-fedora-gcc