CRAN Package Check Results for Package raceland

Last updated on 2019-11-19 06:48:36 CET.

Flavor Version Tinstall Tcheck Ttotal Status Flags
r-devel-linux-x86_64-debian-clang 1.0.3 80.22 247.09 327.31 OK
r-devel-linux-x86_64-debian-gcc 1.0.3 54.18 225.70 279.88 OK
r-devel-linux-x86_64-fedora-clang 1.0.3 417.30 NOTE
r-devel-linux-x86_64-fedora-gcc 1.0.3 446.79 NOTE
r-devel-windows-ix86+x86_64 1.0.3 199.00 295.00 494.00 OK
r-patched-linux-x86_64 1.0.3 61.78 242.01 303.79 OK
r-patched-solaris-x86 1.0.3 579.10 NOTE
r-release-linux-x86_64 1.0.3 60.28 241.19 301.47 OK
r-release-windows-ix86+x86_64 1.0.3 164.00 377.00 541.00 OK
r-release-osx-x86_64 1.0.3 NOTE
r-oldrel-windows-ix86+x86_64 1.0.3 164.00 395.00 559.00 OK
r-oldrel-osx-x86_64 1.0.3 NOTE

Check Details

Version: 1.0.3
Check: dependencies in R code
Result: NOTE
    Namespace in Imports field not imported from: ‘comat’
     All declared Imports should be used.
Flavors: r-devel-linux-x86_64-fedora-clang, r-devel-linux-x86_64-fedora-gcc, r-patched-solaris-x86, r-release-osx-x86_64, r-oldrel-osx-x86_64