CRAN Package Check Results for Package raceland

Last updated on 2024-07-25 04:50:01 CEST.

Flavor Version Tinstall Tcheck Ttotal Status Flags
r-devel-linux-x86_64-debian-clang 1.2.1 68.96 158.82 227.78 OK
r-devel-linux-x86_64-debian-gcc 1.2.1 43.92 115.07 158.99 OK
r-devel-linux-x86_64-fedora-clang 1.2.1 341.91 NOTE
r-devel-linux-x86_64-fedora-gcc 1.2.1 295.34 NOTE
r-devel-windows-x86_64 1.2.1 56.00 141.00 197.00 OK
r-patched-linux-x86_64 1.2.1 71.16 148.26 219.42 OK
r-release-linux-x86_64 1.2.1 57.68 151.73 209.41 OK
r-release-macos-arm64 1.2.1 65.00 OK
r-release-macos-x86_64 1.2.1 105.00 OK
r-release-windows-x86_64 1.2.1 71.00 139.00 210.00 OK
r-oldrel-macos-arm64 1.2.1 86.00 OK
r-oldrel-macos-x86_64 1.2.1 131.00 OK
r-oldrel-windows-x86_64 1.2.1 62.00 175.00 237.00 OK

Check Details

Version: 1.2.1
Check: dependencies in R code
Result: NOTE Namespace in Imports field not imported from: ‘comat’ All declared Imports should be used. Flavors: r-devel-linux-x86_64-fedora-clang, r-devel-linux-x86_64-fedora-gcc