Last updated on 2023-09-29 01:56:14 CEST.
Flavor | Version | Tinstall | Tcheck | Ttotal | Status | Flags |
---|---|---|---|---|---|---|
r-devel-linux-x86_64-debian-clang | 1.6.1 | 19.45 | 145.06 | 164.51 | OK | |
r-devel-linux-x86_64-debian-gcc | 1.6.1 | 12.74 | 107.79 | 120.53 | OK | |
r-devel-linux-x86_64-fedora-clang | 1.6.1 | 215.52 | NOTE | |||
r-devel-linux-x86_64-fedora-gcc | 1.6.1 | 205.79 | OK | |||
r-devel-windows-x86_64 | 1.6.1 | 19.00 | 147.00 | 166.00 | OK | |
r-patched-linux-x86_64 | 1.6.1 | 18.05 | 135.05 | 153.10 | OK | |
r-release-linux-x86_64 | 1.6.1 | 13.96 | 136.83 | 150.79 | OK | |
r-release-macos-arm64 | 1.6.1 | 65.00 | OK | |||
r-release-macos-x86_64 | 1.6.1 | 108.00 | OK | |||
r-release-windows-x86_64 | 1.6.1 | 23.00 | 178.00 | 201.00 | OK | |
r-oldrel-macos-arm64 | 1.6.1 | 69.00 | OK | |||
r-oldrel-macos-x86_64 | 1.6.1 | 84.00 | OK | |||
r-oldrel-windows-x86_64 | 1.6.1 | 23.00 | 169.00 | 192.00 | OK |
Version: 1.6.1
Check: package dependencies
Result: NOTE
Imports includes 30 non-default packages.
Importing from so many packages makes the package vulnerable to any of
them becoming unavailable. Move as many as possible to Suggests and
use conditionally.
Flavor: r-devel-linux-x86_64-fedora-clang