CRAN Package Check Results for Package radiant.data

Last updated on 2018-08-19 20:50:23 CEST.

Flavor Version Tinstall Tcheck Ttotal Status Flags
r-devel-linux-x86_64-debian-clang 0.9.5 9.26 100.01 109.27 WARN
r-devel-linux-x86_64-debian-gcc 0.9.5 7.89 78.01 85.90 WARN
r-devel-linux-x86_64-fedora-clang 0.9.5 132.46 WARN
r-devel-linux-x86_64-fedora-gcc 0.9.5 124.16 WARN
r-devel-windows-ix86+x86_64 0.9.5 27.00 152.00 179.00 WARN
r-patched-linux-x86_64 0.9.5 8.64 89.48 98.12 WARN
r-patched-solaris-x86 0.9.5 174.10 WARN
r-release-linux-x86_64 0.9.5 8.69 88.61 97.30 WARN
r-release-windows-ix86+x86_64 0.9.5 28.00 144.00 172.00 WARN
r-release-osx-x86_64 0.9.5 NOTE
r-oldrel-windows-ix86+x86_64 0.9.5 18.00 119.00 137.00 WARN
r-oldrel-osx-x86_64 0.9.5 NOTE

Check Details

Version: 0.9.5
Check: examples
Result: WARN
    Found the following significant warnings:
    
     Warning: 'glue::collapse' is deprecated.
     Warning: 'glue::collapse' is deprecated.
     Warning: 'glue::collapse' is deprecated.
     Warning: 'glue::collapse' is deprecated.
    Deprecated functions may be defunct as soon as of the next release of
    R.
    See ?Deprecated.
    Examples with CPU or elapsed time > 5s
     user system elapsed
    visualize 6.669 0.068 7.146
Flavor: r-devel-linux-x86_64-debian-clang

Version: 0.9.5
Check: examples
Result: WARN
    Found the following significant warnings:
    
     Warning: 'glue::collapse' is deprecated.
     Warning: 'glue::collapse' is deprecated.
     Warning: 'glue::collapse' is deprecated.
     Warning: 'glue::collapse' is deprecated.
    Deprecated functions may be defunct as soon as of the next release of
    R.
    See ?Deprecated.
    Examples with CPU or elapsed time > 5s
     user system elapsed
    visualize 5.078 0.044 6.596
Flavor: r-devel-linux-x86_64-debian-gcc

Version: 0.9.5
Check: dependencies in R code
Result: NOTE
    Namespaces in Imports field not imported from:
     ‘curl’ ‘writexl’
     All declared Imports should be used.
Flavors: r-devel-linux-x86_64-fedora-clang, r-devel-linux-x86_64-fedora-gcc, r-patched-solaris-x86, r-release-osx-x86_64, r-oldrel-osx-x86_64

Version: 0.9.5
Check: examples
Result: WARN
    Found the following significant warnings:
    
     Warning: 'glue::collapse' is deprecated.
     Warning: 'glue::collapse' is deprecated.
     Warning: 'glue::collapse' is deprecated.
     Warning: 'glue::collapse' is deprecated.
    Deprecated functions may be defunct as soon as of the next release of
    R.
    See ?Deprecated.
Flavors: r-devel-linux-x86_64-fedora-clang, r-devel-linux-x86_64-fedora-gcc, r-devel-windows-ix86+x86_64, r-patched-solaris-x86, r-release-windows-ix86+x86_64, r-oldrel-windows-ix86+x86_64

Version: 0.9.5
Check: examples
Result: WARN
    Found the following significant warnings:
    
     Warning: 'glue::collapse' is deprecated.
     Warning: 'glue::collapse' is deprecated.
     Warning: 'glue::collapse' is deprecated.
     Warning: 'glue::collapse' is deprecated.
    Deprecated functions may be defunct as soon as of the next release of
    R.
    See ?Deprecated.
    Examples with CPU or elapsed time > 5s
     user system elapsed
    visualize 6.663 0.051 6.875
Flavor: r-patched-linux-x86_64

Version: 0.9.5
Check: examples
Result: WARN
    Found the following significant warnings:
    
     Warning: 'glue::collapse' is deprecated.
     Warning: 'glue::collapse' is deprecated.
     Warning: 'glue::collapse' is deprecated.
     Warning: 'glue::collapse' is deprecated.
    Deprecated functions may be defunct as soon as of the next release of
    R.
    See ?Deprecated.
    Examples with CPU or elapsed time > 5s
     user system elapsed
    visualize 6.872 0.055 7.522
Flavor: r-release-linux-x86_64