CRAN Package Check Results for Package radiant.data

Last updated on 2018-11-13 02:48:49 CET.

Flavor Version Tinstall Tcheck Ttotal Status Flags
r-devel-linux-x86_64-debian-clang 0.9.7 10.11 108.57 118.68 OK
r-devel-linux-x86_64-debian-gcc 0.9.7 8.69 85.62 94.31 OK
r-devel-linux-x86_64-fedora-clang 0.9.7 140.48 NOTE
r-devel-linux-x86_64-fedora-gcc 0.9.7 135.17 NOTE
r-devel-windows-ix86+x86_64 0.9.7 24.00 197.00 221.00 OK
r-patched-linux-x86_64 0.9.7 9.15 95.83 104.98 OK
r-patched-solaris-x86 0.9.7 188.40 NOTE
r-release-linux-x86_64 0.9.7 6.48 96.46 102.94 OK
r-release-windows-ix86+x86_64 0.9.7 37.00 125.00 162.00 OK
r-release-osx-x86_64 0.9.7 WARN
r-oldrel-windows-ix86+x86_64 0.9.7 26.00 180.00 206.00 OK
r-oldrel-osx-x86_64 0.9.7 NOTE

Check Details

Version: 0.9.7
Check: dependencies in R code
Result: NOTE
    Namespace in Imports field not imported from: ‘shinyFiles’
     All declared Imports should be used.
Flavors: r-devel-linux-x86_64-fedora-clang, r-devel-linux-x86_64-fedora-gcc, r-patched-solaris-x86, r-release-osx-x86_64, r-oldrel-osx-x86_64

Version: 0.9.7
Check: whether package can be installed
Result: WARN
    Found the following significant warnings:
     Warning: package ‘dplyr’ was built under R version 3.5.1
Flavor: r-release-osx-x86_64