CRAN Package Check Results for Package radiant.data

Last updated on 2019-02-15 20:47:02 CET.

Flavor Version Tinstall Tcheck Ttotal Status Flags
r-devel-linux-x86_64-debian-clang 0.9.7 10.14 106.50 116.64 OK
r-devel-linux-x86_64-debian-gcc 0.9.7 8.00 80.90 88.90 OK
r-devel-linux-x86_64-fedora-clang 0.9.7 142.59 NOTE
r-devel-linux-x86_64-fedora-gcc 0.9.7 129.75 NOTE
r-devel-windows-ix86+x86_64 0.9.7 34.00 188.00 222.00 OK
r-patched-linux-x86_64 0.9.7 9.68 100.34 110.02 OK
r-patched-solaris-x86 0.9.7 193.60 NOTE
r-release-linux-x86_64 0.9.7 8.95 99.24 108.19 OK
r-release-windows-ix86+x86_64 0.9.7 23.00 188.00 211.00 OK
r-release-osx-x86_64 0.9.7 WARN
r-oldrel-windows-ix86+x86_64 0.9.7 33.00 205.00 238.00 OK
r-oldrel-osx-x86_64 0.9.7 NOTE

Check Details

Version: 0.9.7
Check: dependencies in R code
Result: NOTE
    Namespace in Imports field not imported from: ‘shinyFiles’
     All declared Imports should be used.
Flavors: r-devel-linux-x86_64-fedora-clang, r-devel-linux-x86_64-fedora-gcc, r-patched-solaris-x86, r-release-osx-x86_64, r-oldrel-osx-x86_64

Version: 0.9.7
Check: whether package can be installed
Result: WARN
    Found the following significant warnings:
     Warning: package ‘dplyr’ was built under R version 3.5.1
Flavor: r-release-osx-x86_64