CRAN Package Check Results for Package radiant.model

Last updated on 2018-11-17 09:47:02 CET.

Flavor Version Tinstall Tcheck Ttotal Status Flags
r-devel-linux-x86_64-debian-clang 0.9.7 11.60 128.33 139.93 OK
r-devel-linux-x86_64-debian-gcc 0.9.7 11.85 100.54 112.39 OK
r-devel-linux-x86_64-fedora-clang 0.9.7 181.14 OK
r-devel-linux-x86_64-fedora-gcc 0.9.7 164.97 OK
r-devel-windows-ix86+x86_64 0.9.7 39.00 153.00 192.00 OK
r-patched-linux-x86_64 0.9.7 12.30 127.41 139.71 OK
r-patched-solaris-x86 0.9.7 245.30 OK
r-release-linux-x86_64 0.9.7 11.16 126.97 138.13 OK
r-release-windows-ix86+x86_64 0.9.7 36.00 152.00 188.00 OK
r-release-osx-x86_64 0.9.7 WARN
r-oldrel-windows-ix86+x86_64 0.9.7 34.00 226.00 260.00 OK
r-oldrel-osx-x86_64 0.9.7 OK

Check Details

Version: 0.9.7
Check: whether package can be installed
Result: WARN
    Found the following significant warnings:
     Warning: package ‘dplyr’ was built under R version 3.5.1
Flavor: r-release-osx-x86_64