CRAN Package Check Results for Package radiant.model

Last updated on 2019-02-17 20:53:45 CET.

Flavor Version Tinstall Tcheck Ttotal Status Flags
r-devel-linux-x86_64-debian-clang 0.9.7 15.45 136.35 151.80 OK
r-devel-linux-x86_64-debian-gcc 0.9.7 11.32 104.54 115.86 OK
r-devel-linux-x86_64-fedora-clang 0.9.7 180.26 OK
r-devel-linux-x86_64-fedora-gcc 0.9.7 163.35 OK
r-devel-windows-ix86+x86_64 0.9.7 47.00 165.00 212.00 OK
r-patched-linux-x86_64 0.9.7 12.47 129.99 142.46 OK
r-patched-solaris-x86 0.9.7 245.80 OK
r-release-linux-x86_64 0.9.7 OK
r-release-windows-ix86+x86_64 0.9.7 27.00 229.00 256.00 OK
r-release-osx-x86_64 0.9.7 WARN
r-oldrel-windows-ix86+x86_64 0.9.7 20.00 189.00 209.00 OK
r-oldrel-osx-x86_64 0.9.7 OK

Check Details

Version: 0.9.7
Check: whether package can be installed
Result: WARN
    Found the following significant warnings:
     Warning: package ‘dplyr’ was built under R version 3.5.1
Flavor: r-release-osx-x86_64