CRAN Package Check Results for Package radiant.model

Last updated on 2018-02-24 23:49:13 CET.

Flavor Version Tinstall Tcheck Ttotal Status Flags
r-devel-linux-x86_64-debian-clang 0.8.0 11.58 151.77 163.35 OK
r-devel-linux-x86_64-debian-gcc 0.8.0 11.72 117.93 129.65 OK
r-devel-linux-x86_64-fedora-clang 0.8.0 200.96 NOTE
r-devel-linux-x86_64-fedora-gcc 0.8.0 196.36 NOTE
r-devel-windows-ix86+x86_64 0.8.0 37.00 211.00 248.00 OK
r-patched-linux-x86_64 0.8.0 7.63 169.63 177.26 OK
r-patched-solaris-x86 0.8.0 297.70 NOTE
r-release-linux-x86_64 0.8.0 9.73 169.81 179.54 OK
r-release-windows-ix86+x86_64 0.8.0 35.00 241.00 276.00 OK
r-release-osx-x86_64 0.8.0 NOTE
r-oldrel-windows-ix86+x86_64 0.8.0 21.00 162.00 183.00 OK
r-oldrel-osx-x86_64 0.8.0 NOTE

Check Details

Version: 0.8.0
Check: data for non-ASCII characters
Result: NOTE
     Note: found 2 marked UTF-8 strings
Flavors: r-devel-linux-x86_64-fedora-clang, r-devel-linux-x86_64-fedora-gcc, r-patched-solaris-x86, r-release-osx-x86_64, r-oldrel-osx-x86_64