CRAN Package Check Results for Package radiant.model

Last updated on 2018-05-23 09:47:26 CEST.

Flavor Version Tinstall Tcheck Ttotal Status Flags
r-devel-linux-x86_64-debian-clang 0.8.0 11.46 125.06 136.52 OK
r-devel-linux-x86_64-debian-gcc 0.8.0 0.41 1.37 1.78 ERROR
r-devel-linux-x86_64-fedora-clang 0.8.0 167.29 NOTE
r-devel-linux-x86_64-fedora-gcc 0.8.0 162.08 NOTE
r-devel-windows-ix86+x86_64 0.8.0 26.00 233.00 259.00 OK
r-patched-linux-x86_64 0.8.0 10.88 115.17 126.05 OK
r-patched-solaris-x86 0.8.0 218.40 NOTE
r-release-linux-x86_64 0.8.0 12.79 114.47 127.26 OK
r-release-windows-ix86+x86_64 0.8.0 32.00 197.00 229.00 OK
r-release-osx-x86_64 0.8.0 NOTE
r-oldrel-windows-ix86+x86_64 0.8.0 28.00 207.00 235.00 OK
r-oldrel-osx-x86_64 0.8.0 NOTE

Check Details

Version: 0.8.0
Check: package dependencies
Result: ERROR
    Packages required but not available:
     ‘radiant.data’ ‘radiant.basics’ ‘NeuralNetTools’ ‘car’ ‘ggplot2’
     ‘data.tree’ ‘tidyr’ ‘dplyr’ ‘DiagrammeR’
    
    See section ‘The DESCRIPTION file’ in the ‘Writing R Extensions’
    manual.
Flavor: r-devel-linux-x86_64-debian-gcc

Version: 0.8.0
Check: data for non-ASCII characters
Result: NOTE
     Note: found 2 marked UTF-8 strings
Flavors: r-devel-linux-x86_64-fedora-clang, r-devel-linux-x86_64-fedora-gcc, r-patched-solaris-x86, r-release-osx-x86_64, r-oldrel-osx-x86_64