CRAN Package Check Results for Package radix

Last updated on 2021-05-18 16:48:37 CEST.

Flavor Version Tinstall Tcheck Ttotal Status Flags
r-devel-linux-x86_64-debian-clang 0.6 5.53 44.46 49.99 NOTE
r-devel-linux-x86_64-debian-gcc 0.6 4.33 34.15 38.48 NOTE
r-devel-linux-x86_64-fedora-clang 0.6 67.92 NOTE
r-devel-linux-x86_64-fedora-gcc 0.6 58.32 NOTE
r-devel-windows-ix86+x86_64 0.6 12.00 42.00 54.00 NOTE
r-devel-windows-x86_64-gcc10-UCRT 0.6 ERROR
r-patched-linux-x86_64 0.6 8.44 43.57 52.01 NOTE
r-patched-solaris-x86 0.6 79.00 NOTE
r-release-linux-x86_64 0.6 4.88 41.78 46.66 OK
r-release-macos-x86_64 0.6 OK
r-release-windows-ix86+x86_64 0.6 8.00 45.00 53.00 OK
r-oldrel-macos-x86_64 0.6 OK
r-oldrel-windows-ix86+x86_64 0.6 6.00 56.00 62.00 OK

Check Details

Version: 0.6
Check: LazyData
Result: NOTE
     'LazyData' is specified without a 'data' directory
Flavors: r-devel-linux-x86_64-debian-clang, r-devel-linux-x86_64-debian-gcc, r-devel-linux-x86_64-fedora-clang, r-devel-linux-x86_64-fedora-gcc, r-devel-windows-ix86+x86_64, r-devel-windows-x86_64-gcc10-UCRT, r-patched-linux-x86_64, r-patched-solaris-x86

Version: 0.6
Check: tests
Result: ERROR
     Running 'testthat.R'
    Running the tests in 'tests/testthat.R' failed.
    Last 13 lines of output:
     7. \-radix:::render_website(dir, "blog")
     8. \-rmarkdown::render_site(dir)
     9. \-generator$render(...)
     10. \-radix:::render_collections(input, config, collections, quiet)
     11. \-base::lapply(...)
     12. \-radix:::FUN(X[[i]], ...)
     13. \-radix:::render_collection(...)
     14. \-base::lapply(...)
     15. \-radix:::FUN(X[[i]], ...)
     16. \-radix:::render_collection_article(...)
     17. \-base::file.copy(...)
    
     [ FAIL 1 | WARN 8 | SKIP 0 | PASS 3 ]
     Error: Test failures
     Execution halted
Flavor: r-devel-windows-x86_64-gcc10-UCRT