Last updated on 2023-10-02 02:00:32 CEST.
Flavor | Version | Tinstall | Tcheck | Ttotal | Status | Flags |
---|---|---|---|---|---|---|
r-devel-linux-x86_64-debian-clang | 1.2.5 | 121.71 | 32.13 | 153.84 | NOTE | |
r-devel-linux-x86_64-debian-gcc | 1.2.5 | 119.76 | 24.98 | 144.74 | NOTE | |
r-devel-linux-x86_64-fedora-clang | 1.2.5 | 204.44 | NOTE | |||
r-devel-linux-x86_64-fedora-gcc | 1.2.5 | 276.83 | NOTE | |||
r-devel-windows-x86_64 | 1.2.5 | 120.00 | 78.00 | 198.00 | NOTE | |
r-patched-linux-x86_64 | 1.2.5 | 138.40 | 31.43 | 169.83 | NOTE | |
r-release-linux-x86_64 | 1.2.5 | 155.84 | 30.78 | 186.62 | NOTE | |
r-release-macos-arm64 | 1.2.5 | 74.00 | NOTE | |||
r-release-macos-x86_64 | 1.2.5 | 118.00 | NOTE | |||
r-release-windows-x86_64 | 1.2.5 | 151.00 | 84.00 | 235.00 | NOTE | |
r-oldrel-macos-arm64 | 1.2.5 | 68.00 | NOTE | |||
r-oldrel-macos-x86_64 | 1.2.5 | 77.00 | NOTE | |||
r-oldrel-windows-x86_64 | 1.2.5 | 129.00 | 74.00 | 203.00 | OK |
Version: 1.2.5
Check: C++ specification
Result: NOTE
Specified C++11: please drop specification unless essential
Flavors: r-devel-linux-x86_64-debian-clang, r-devel-linux-x86_64-debian-gcc, r-devel-linux-x86_64-fedora-clang, r-devel-linux-x86_64-fedora-gcc, r-devel-windows-x86_64, r-patched-linux-x86_64, r-release-linux-x86_64, r-release-macos-arm64, r-release-macos-x86_64, r-release-windows-x86_64
Version: 1.2.5
Check: installed package size
Result: NOTE
installed size is 35.5Mb
sub-directories of 1Mb or more:
libs 35.3Mb
Flavors: r-release-macos-arm64, r-release-macos-x86_64, r-oldrel-macos-arm64, r-oldrel-macos-x86_64