Last updated on 2021-02-27 08:50:43 CET.
Flavor | Version | Tinstall | Tcheck | Ttotal | Status | Flags |
---|---|---|---|---|---|---|
r-devel-linux-x86_64-debian-clang | 2.2.4 | 65.60 | 254.86 | 320.46 | OK | |
r-devel-linux-x86_64-debian-gcc | 2.2.4 | 44.59 | 186.48 | 231.07 | OK | |
r-devel-linux-x86_64-fedora-clang | 2.2.4 | 396.28 | NOTE | |||
r-devel-linux-x86_64-fedora-gcc | 2.2.4 | 400.10 | OK | |||
r-devel-windows-ix86+x86_64 | 2.2.4 | 99.00 | 383.00 | 482.00 | OK | |
r-patched-linux-x86_64 | 2.2.4 | 41.74 | 235.46 | 277.20 | OK | |
r-patched-solaris-x86 | 2.2.4 | 464.60 | OK | |||
r-release-linux-x86_64 | 2.2.4 | 43.76 | 238.50 | 282.26 | OK | |
r-release-macos-x86_64 | 2.2.4 | NOTE | ||||
r-release-windows-ix86+x86_64 | 2.2.4 | 145.00 | 504.00 | 649.00 | OK | |
r-oldrel-macos-x86_64 | 2.2.4 | NOTE | ||||
r-oldrel-windows-ix86+x86_64 | 2.2.4 | 90.00 | 399.00 | 489.00 | OK |
Version: 2.2.4
Check: installed package size
Result: NOTE
installed size is 5.6Mb
sub-directories of 1Mb or more:
libs 4.4Mb
Flavors: r-devel-linux-x86_64-fedora-clang, r-release-macos-x86_64, r-oldrel-macos-x86_64
Version: 2.2.4
Check: package dependencies
Result: NOTE
Package suggested but not available for checking: ‘KEGGgraph’
Flavor: r-release-macos-x86_64