CRAN Package Check Results for Package rags2ridges

Last updated on 2018-10-21 17:54:23 CEST.

Flavor Version Tinstall Tcheck Ttotal Status Flags
r-devel-linux-x86_64-debian-clang 2.2 48.87 190.78 239.65 OK
r-devel-linux-x86_64-debian-gcc 2.2 43.04 145.80 188.84 OK
r-devel-linux-x86_64-fedora-clang 2.2 297.99 NOTE
r-devel-linux-x86_64-fedora-gcc 2.2 281.82 OK
r-devel-windows-ix86+x86_64 2.2 115.00 402.00 517.00 OK
r-patched-linux-x86_64 2.2 52.71 172.35 225.06 OK
r-patched-solaris-x86 2.2 335.50 OK
r-release-linux-x86_64 2.2 0.33 1.87 2.20 ERROR
r-release-windows-ix86+x86_64 2.2 117.00 361.00 478.00 OK
r-release-osx-x86_64 2.2 NOTE
r-oldrel-windows-ix86+x86_64 2.2 82.00 375.00 457.00 OK
r-oldrel-osx-x86_64 2.2 NOTE

Check Details

Version: 2.2
Check: installed package size
Result: NOTE
     installed size is 5.2Mb
     sub-directories of 1Mb or more:
     libs 4.0Mb
Flavors: r-devel-linux-x86_64-fedora-clang, r-release-osx-x86_64, r-oldrel-osx-x86_64

Version: 2.2
Check: package dependencies
Result: ERROR
    Package required but not available: ‘Hmisc’
    
    See section ‘The DESCRIPTION file’ in the ‘Writing R Extensions’
    manual.
Flavor: r-release-linux-x86_64

Version: 2.2
Check: package dependencies
Result: NOTE
    Package suggested but not available for checking: ‘KEGGgraph’
Flavor: r-oldrel-osx-x86_64