CRAN Package Check Results for Package ragt2ridges

Last updated on 2018-05-24 06:47:04 CEST.

Flavor Version Tinstall Tcheck Ttotal Status Flags
r-devel-linux-x86_64-debian-clang 0.3.1 72.93 141.89 214.82 NOTE
r-devel-linux-x86_64-debian-gcc 0.3.1 50.91 120.26 171.17 NOTE
r-devel-linux-x86_64-fedora-clang 0.3.1 283.85 NOTE
r-devel-linux-x86_64-fedora-gcc 0.3.1 258.88 NOTE
r-devel-windows-ix86+x86_64 0.3.1 108.00 231.00 339.00 OK
r-patched-linux-x86_64 0.3.1 57.64 139.17 196.81 NOTE
r-patched-solaris-x86 0.3.1 300.90 OK
r-release-linux-x86_64 0.3.1 53.98 137.76 191.74 NOTE
r-release-windows-ix86+x86_64 0.3.1 145.00 293.00 438.00 OK
r-release-osx-x86_64 0.3.1 NOTE
r-oldrel-windows-ix86+x86_64 0.3.1 134.00 298.00 432.00 OK
r-oldrel-osx-x86_64 0.3.1 NOTE

Check Details

Version: 0.3.1
Check: Rd cross-references
Result: NOTE
    Package unavailable to check Rd xrefs: ‘CGHbase’
Flavors: r-devel-linux-x86_64-debian-clang, r-devel-linux-x86_64-debian-gcc, r-patched-linux-x86_64, r-release-linux-x86_64, r-release-osx-x86_64, r-oldrel-osx-x86_64

Version: 0.3.1
Check: data for non-ASCII characters
Result: NOTE
     Error in .requirePackage(package) :
     unable to find required package 'CGHbase'
     Calls: <Anonymous> ... .extendsForS3 -> extends -> getClassDef -> .requirePackage
     Execution halted
Flavors: r-devel-linux-x86_64-debian-clang, r-devel-linux-x86_64-debian-gcc, r-patched-linux-x86_64, r-release-linux-x86_64, r-release-osx-x86_64, r-oldrel-osx-x86_64

Version: 0.3.1
Check: installed package size
Result: NOTE
     installed size is 7.9Mb
     sub-directories of 1Mb or more:
     libs 7.3Mb
Flavors: r-devel-linux-x86_64-fedora-clang, r-devel-linux-x86_64-fedora-gcc, r-release-osx-x86_64, r-oldrel-osx-x86_64