Last updated on 2021-03-07 21:48:56 CET.
Flavor | Version | Tinstall | Tcheck | Ttotal | Status | Flags |
---|---|---|---|---|---|---|
r-devel-linux-x86_64-debian-clang | 0.3.4 | 90.77 | 197.33 | 288.10 | OK | |
r-devel-linux-x86_64-debian-gcc | 0.3.4 | 64.75 | 144.73 | 209.48 | OK | |
r-devel-linux-x86_64-fedora-clang | 0.3.4 | 357.15 | NOTE | |||
r-devel-linux-x86_64-fedora-gcc | 0.3.4 | 359.69 | NOTE | |||
r-devel-windows-ix86+x86_64 | 0.3.4 | 184.00 | 299.00 | 483.00 | OK | |
r-devel-windows-x86_64-gcc10-UCRT | 0.3.4 | ERROR | ||||
r-patched-linux-x86_64 | 0.3.4 | 70.80 | 177.27 | 248.07 | OK | |
r-patched-solaris-x86 | 0.3.4 | 396.70 | NOTE | |||
r-release-linux-x86_64 | 0.3.4 | 76.84 | 179.26 | 256.10 | OK | |
r-release-macos-x86_64 | 0.3.4 | NOTE | ||||
r-release-windows-ix86+x86_64 | 0.3.4 | 132.00 | 251.00 | 383.00 | OK | |
r-oldrel-macos-x86_64 | 0.3.4 | NOTE | ||||
r-oldrel-windows-ix86+x86_64 | 0.3.4 | 112.00 | 235.00 | 347.00 | OK |
Version: 0.3.4
Check: installed package size
Result: NOTE
installed size is 9.5Mb
sub-directories of 1Mb or more:
libs 8.8Mb
Flavors: r-devel-linux-x86_64-fedora-clang, r-release-macos-x86_64, r-oldrel-macos-x86_64
Version: 0.3.4
Check: dependencies in R code
Result: NOTE
Namespaces in Imports field not imported from:
‘Biobase’ ‘CGHbase’
All declared Imports should be used.
Flavors: r-devel-linux-x86_64-fedora-clang, r-devel-linux-x86_64-fedora-gcc, r-patched-solaris-x86, r-release-macos-x86_64, r-oldrel-macos-x86_64
Version: 0.3.4
Check: Rd cross-references
Result: NOTE
Undeclared packages ‘longitudinal’, ‘gRbase’ in Rd xrefs
Flavor: r-devel-linux-x86_64-fedora-clang
Version: 0.3.4
Check: package dependencies
Result: ERROR
Package required but not available: 'rags2ridges'
See section 'The DESCRIPTION file' in the 'Writing R Extensions'
manual.
Flavor: r-devel-windows-x86_64-gcc10-UCRT