CRAN Package Check Results for Package ragt2ridges

Last updated on 2018-02-23 05:54:40 CET.

Flavor Version Tinstall Tcheck Ttotal Status Flags
r-devel-linux-x86_64-debian-clang 0.3.1 70.01 122.24 192.25 NOTE
r-devel-linux-x86_64-debian-gcc 0.3.1 48.67 109.46 158.13 NOTE
r-devel-linux-x86_64-fedora-clang 0.3.1 265.43 NOTE
r-devel-linux-x86_64-fedora-gcc 0.3.1 244.68 NOTE
r-devel-windows-ix86+x86_64 0.3.1 133.00 290.00 423.00 OK
r-patched-linux-x86_64 0.3.1 55.12 150.10 205.22 NOTE
r-patched-solaris-x86 0.3.1 292.60 OK
r-release-linux-x86_64 0.3.1 53.64 147.94 201.58 NOTE
r-release-windows-ix86+x86_64 0.3.1 126.00 289.00 415.00 OK
r-release-osx-x86_64 0.3.1 NOTE
r-oldrel-windows-ix86+x86_64 0.3.1 102.00 250.00 352.00 OK
r-oldrel-osx-x86_64 0.3.1 NOTE

Check Details

Version: 0.3.1
Check: Rd cross-references
Result: NOTE
    Package unavailable to check Rd xrefs: ‘CGHbase’
Flavors: r-devel-linux-x86_64-debian-clang, r-devel-linux-x86_64-debian-gcc, r-patched-linux-x86_64, r-release-linux-x86_64, r-release-osx-x86_64

Version: 0.3.1
Check: data for non-ASCII characters
Result: NOTE
     Error in .requirePackage(package) :
     unable to find required package 'CGHbase'
     Calls: <Anonymous> ... .extendsForS3 -> extends -> getClassDef -> .requirePackage
     Execution halted
Flavors: r-devel-linux-x86_64-debian-clang, r-devel-linux-x86_64-debian-gcc, r-devel-linux-x86_64-fedora-clang, r-devel-linux-x86_64-fedora-gcc, r-patched-linux-x86_64, r-release-linux-x86_64, r-release-osx-x86_64

Version: 0.3.1
Check: installed package size
Result: NOTE
     installed size is 7.7Mb
     sub-directories of 1Mb or more:
     libs 7.1Mb
Flavors: r-devel-linux-x86_64-fedora-clang, r-devel-linux-x86_64-fedora-gcc, r-release-osx-x86_64, r-oldrel-osx-x86_64

Version: 0.3.1
Check: Rd cross-references
Result: NOTE
    Packages unavailable to check Rd xrefs: ‘Biobase’, ‘CGHbase’
Flavors: r-devel-linux-x86_64-fedora-clang, r-devel-linux-x86_64-fedora-gcc