CRAN Package Check Results for Package ragt2ridges

Last updated on 2019-02-18 04:50:19 CET.

Flavor Version Tinstall Tcheck Ttotal Status Flags
r-devel-linux-x86_64-debian-clang 0.3.2 72.77 155.75 228.52 OK
r-devel-linux-x86_64-debian-gcc 0.3.2 51.24 118.51 169.75 OK
r-devel-linux-x86_64-fedora-clang 0.3.2 295.17 NOTE
r-devel-linux-x86_64-fedora-gcc 0.3.2 257.79 OK
r-devel-windows-ix86+x86_64 0.3.2 140.00 230.00 370.00 OK
r-patched-linux-x86_64 0.3.2 60.62 144.08 204.70 OK
r-patched-solaris-x86 0.3.2 312.70 OK
r-release-linux-x86_64 0.3.2 OK
r-release-windows-ix86+x86_64 0.3.2 117.00 305.00 422.00 OK
r-release-osx-x86_64 0.3.2 NOTE
r-oldrel-windows-ix86+x86_64 0.3.2 109.00 266.00 375.00 OK
r-oldrel-osx-x86_64 0.3.2 NOTE

Check Details

Version: 0.3.2
Check: installed package size
Result: NOTE
     installed size is 8.0Mb
     sub-directories of 1Mb or more:
     libs 7.3Mb
Flavors: r-devel-linux-x86_64-fedora-clang, r-release-osx-x86_64, r-oldrel-osx-x86_64

Version: 0.3.2
Check: package dependencies
Result: NOTE
    Package suggested but not available for checking: ‘CGHbase’
Flavors: r-release-osx-x86_64, r-oldrel-osx-x86_64

Version: 0.3.2
Check: Rd cross-references
Result: NOTE
    Package unavailable to check Rd xrefs: ‘CGHbase’
Flavors: r-release-osx-x86_64, r-oldrel-osx-x86_64

Version: 0.3.2
Check: data for non-ASCII characters
Result: NOTE
     Error in .requirePackage(package) :
     unable to find required package 'CGHbase'
     Calls: <Anonymous> ... .extendsForS3 -> extends -> getClassDef -> .requirePackage
     Execution halted
Flavors: r-release-osx-x86_64, r-oldrel-osx-x86_64