CRAN Package Check Results for Package railtrails

Last updated on 2018-02-26 01:46:34 CET.

Flavor Version Tinstall Tcheck Ttotal Status Flags
r-devel-linux-x86_64-debian-clang 0.0.3 2.18 21.98 24.16 OK
r-devel-linux-x86_64-debian-gcc 0.0.3 1.91 18.87 20.78 OK
r-devel-linux-x86_64-fedora-clang 0.0.3 32.12 NOTE
r-devel-linux-x86_64-fedora-gcc 0.0.3 30.25 NOTE
r-devel-windows-ix86+x86_64 0.0.3 5.00 51.00 56.00 OK
r-patched-linux-x86_64 0.0.3 2.18 25.31 27.49 OK
r-patched-solaris-x86 0.0.3 46.20 NOTE
r-release-linux-x86_64 0.0.3 2.22 25.17 27.39 OK
r-release-windows-ix86+x86_64 0.0.3 7.00 56.00 63.00 OK
r-release-osx-x86_64 0.0.3 NOTE
r-oldrel-windows-ix86+x86_64 0.0.3 4.00 34.00 38.00 OK
r-oldrel-osx-x86_64 0.0.1 ERROR

Check Details

Version: 0.0.3
Check: data for non-ASCII characters
Result: NOTE
     Note: found 1583 marked UTF-8 strings
Flavors: r-devel-linux-x86_64-fedora-clang, r-devel-linux-x86_64-fedora-gcc, r-patched-solaris-x86, r-release-osx-x86_64

Version: 0.0.1
Check: whether package can be installed
Result: ERROR
    Installation failed.
Flavor: r-oldrel-osx-x86_64