CRAN Package Check Results for Package railtrails

Last updated on 2018-08-19 07:47:33 CEST.

Flavor Version Tinstall Tcheck Ttotal Status Flags
r-devel-linux-x86_64-debian-clang 0.1.1 1.78 26.72 28.50 OK
r-devel-linux-x86_64-debian-gcc 0.1.1 1.78 21.59 23.37 OK
r-devel-linux-x86_64-fedora-clang 0.1.1 35.19 NOTE
r-devel-linux-x86_64-fedora-gcc 0.1.1 32.50 NOTE
r-devel-windows-ix86+x86_64 0.1.1 5.00 59.00 64.00 OK
r-patched-linux-x86_64 0.1.1 2.00 23.10 25.10 OK
r-patched-solaris-x86 0.1.1 48.50 NOTE
r-release-linux-x86_64 0.1.1 1.98 23.52 25.50 OK
r-release-windows-ix86+x86_64 0.1.1 7.00 39.00 46.00 OK
r-release-osx-x86_64 0.1.1 NOTE
r-oldrel-windows-ix86+x86_64 0.1.1 4.00 43.00 47.00 OK
r-oldrel-osx-x86_64 0.1.1 NOTE

Check Details

Version: 0.1.1
Check: data for non-ASCII characters
Result: NOTE
     Note: found 1557 marked UTF-8 strings
Flavors: r-devel-linux-x86_64-fedora-clang, r-devel-linux-x86_64-fedora-gcc, r-patched-solaris-x86, r-release-osx-x86_64, r-oldrel-osx-x86_64