CRAN Package Check Results for Package railtrails

Last updated on 2018-05-26 04:51:09 CEST.

Flavor Version Tinstall Tcheck Ttotal Status Flags
r-devel-linux-x86_64-debian-clang 0.0.3 1.81 25.28 27.09 OK
r-devel-linux-x86_64-debian-gcc 0.0.3 1.93 20.28 22.21 OK
r-devel-linux-x86_64-fedora-clang 0.0.3 34.69 NOTE
r-devel-linux-x86_64-fedora-gcc 0.0.3 32.69 NOTE
r-devel-windows-ix86+x86_64 0.0.3 4.00 49.00 53.00 OK
r-patched-linux-x86_64 0.0.3 2.46 23.81 26.27 OK
r-patched-solaris-x86 0.0.3 48.50 NOTE
r-release-linux-x86_64 0.0.3 1.93 23.85 25.78 OK
r-release-windows-ix86+x86_64 0.0.3 6.00 58.00 64.00 OK
r-release-osx-x86_64 0.0.3 NOTE
r-oldrel-windows-ix86+x86_64 0.0.3 7.00 40.00 47.00 OK
r-oldrel-osx-x86_64 0.0.3 NOTE

Check Details

Version: 0.0.3
Check: data for non-ASCII characters
Result: NOTE
     Note: found 1583 marked UTF-8 strings
Flavors: r-devel-linux-x86_64-fedora-clang, r-devel-linux-x86_64-fedora-gcc, r-patched-solaris-x86, r-release-osx-x86_64, r-oldrel-osx-x86_64