CRAN Package Check Results for Package railtrails

Last updated on 2018-11-17 06:46:54 CET.

Flavor Version Tinstall Tcheck Ttotal Status Flags
r-devel-linux-x86_64-debian-clang 0.1.1 1.63 25.66 27.29 OK
r-devel-linux-x86_64-debian-gcc 0.1.1 1.67 20.48 22.15 OK
r-devel-linux-x86_64-fedora-clang 0.1.1 34.95 NOTE
r-devel-linux-x86_64-fedora-gcc 0.1.1 31.72 NOTE
r-devel-windows-ix86+x86_64 0.1.1 5.00 58.00 63.00 OK
r-patched-linux-x86_64 0.1.1 1.93 23.32 25.25 OK
r-patched-solaris-x86 0.1.1 48.90 NOTE
r-release-linux-x86_64 0.1.1 1.66 23.93 25.59 OK
r-release-windows-ix86+x86_64 0.1.1 5.00 40.00 45.00 OK
r-release-osx-x86_64 0.1.1 NOTE
r-oldrel-windows-ix86+x86_64 0.1.1 6.00 59.00 65.00 OK
r-oldrel-osx-x86_64 0.1.1 NOTE

Check Details

Version: 0.1.1
Check: data for non-ASCII characters
Result: NOTE
     Note: found 1557 marked UTF-8 strings
Flavors: r-devel-linux-x86_64-fedora-clang, r-devel-linux-x86_64-fedora-gcc, r-patched-solaris-x86, r-release-osx-x86_64, r-oldrel-osx-x86_64