CRAN Package Check Results for Package railtrails

Last updated on 2019-02-16 12:02:38 CET.

Flavor Version Tinstall Tcheck Ttotal Status Flags
r-devel-linux-x86_64-debian-clang 0.1.1 1.86 26.37 28.23 OK
r-devel-linux-x86_64-debian-gcc 0.1.1 1.73 20.97 22.70 OK
r-devel-linux-x86_64-fedora-clang 0.1.1 35.48 NOTE
r-devel-linux-x86_64-fedora-gcc 0.1.1 32.31 NOTE
r-devel-windows-ix86+x86_64 0.1.1 6.00 53.00 59.00 OK
r-patched-linux-x86_64 0.1.1 1.97 24.11 26.08 OK
r-patched-solaris-x86 0.1.1 48.50 NOTE
r-release-linux-x86_64 0.1.1 1.61 24.14 25.75 OK
r-release-windows-ix86+x86_64 0.1.1 4.00 56.00 60.00 OK
r-release-osx-x86_64 0.1.1 NOTE
r-oldrel-windows-ix86+x86_64 0.1.1 6.00 65.00 71.00 OK
r-oldrel-osx-x86_64 0.1.1 NOTE

Check Details

Version: 0.1.1
Check: data for non-ASCII characters
Result: NOTE
     Note: found 1557 marked UTF-8 strings
Flavors: r-devel-linux-x86_64-fedora-clang, r-devel-linux-x86_64-fedora-gcc, r-patched-solaris-x86, r-release-osx-x86_64, r-oldrel-osx-x86_64