CRAN Package Check Results for Package rainbow

Last updated on 2022-08-13 07:11:43 CEST.

Flavor Version Tinstall Tcheck Ttotal Status Flags
r-devel-linux-x86_64-debian-clang 3.6 10.95 131.53 142.48 NOTE
r-devel-linux-x86_64-debian-gcc 3.6 10.49 100.56 111.05 NOTE
r-devel-linux-x86_64-fedora-clang 3.6 191.19 NOTE
r-devel-linux-x86_64-fedora-gcc 3.6 180.40 NOTE
r-devel-windows-x86_64 3.6 38.00 185.00 223.00 NOTE
r-patched-linux-x86_64 3.6 10.89 127.59 138.48 OK
r-release-linux-x86_64 3.6 13.36 126.50 139.86 OK
r-release-macos-arm64 3.6 72.00 OK
r-release-macos-x86_64 3.6 152.00 OK
r-release-windows-x86_64 3.6 26.00 190.00 216.00 OK
r-oldrel-macos-arm64 3.6 91.00 OK
r-oldrel-macos-x86_64 3.6 130.00 OK
r-oldrel-windows-ix86+x86_64 3.6 25.00 168.00 193.00 OK

Check Details

Version: 3.6
Check: Rd files
Result: NOTE
    checkRd: (-1) fdepth.Rd:43: Escaped LaTeX specials: \&
    checkRd: (-1) fdepth.Rd:45: Escaped LaTeX specials: \&
Flavors: r-devel-linux-x86_64-debian-clang, r-devel-linux-x86_64-debian-gcc, r-devel-linux-x86_64-fedora-clang, r-devel-linux-x86_64-fedora-gcc, r-devel-windows-x86_64