CRAN Package Check Results for Package ramlegacy

Last updated on 2021-04-10 23:48:12 CEST.

Flavor Version Tinstall Tcheck Ttotal Status Flags
r-devel-linux-x86_64-debian-clang 0.2.0 3.01 35.91 38.92 NOTE
r-devel-linux-x86_64-debian-gcc 0.2.0 2.21 28.39 30.60 NOTE
r-devel-linux-x86_64-fedora-clang 0.2.0 56.02 NOTE
r-devel-linux-x86_64-fedora-gcc 0.2.0 46.49 NOTE
r-devel-windows-ix86+x86_64 0.2.0 5.00 43.00 48.00 NOTE
r-devel-windows-x86_64-gcc10-UCRT 0.2.0 NOTE
r-patched-linux-x86_64 0.2.0 3.10 34.83 37.93 OK
r-patched-solaris-x86 0.2.0 74.90 OK
r-release-linux-x86_64 0.2.0 3.06 34.85 37.91 OK
r-release-macos-x86_64 0.2.0 OK
r-release-windows-ix86+x86_64 0.2.0 23.00 61.00 84.00 OK
r-oldrel-macos-x86_64 0.2.0 OK
r-oldrel-windows-ix86+x86_64 0.2.0 6.00 43.00 49.00 OK

Check Details

Version: 0.2.0
Check: LazyData
Result: NOTE
     'LazyData' is specified without a 'data' directory
Flavors: r-devel-linux-x86_64-debian-clang, r-devel-linux-x86_64-debian-gcc, r-devel-linux-x86_64-fedora-clang, r-devel-linux-x86_64-fedora-gcc, r-devel-windows-ix86+x86_64, r-devel-windows-x86_64-gcc10-UCRT