CRAN Package Check Results for Package randomForestExplainer

Last updated on 2022-08-17 00:52:11 CEST.

Flavor Version Tinstall Tcheck Ttotal Status Flags
r-devel-linux-x86_64-debian-clang 0.10.1 8.66 278.93 287.59 NOTE
r-devel-linux-x86_64-debian-gcc 0.10.1 6.25 197.23 203.48 NOTE
r-devel-linux-x86_64-fedora-clang 0.10.1 330.89 NOTE
r-devel-linux-x86_64-fedora-gcc 0.10.1 326.55 NOTE
r-devel-windows-x86_64 0.10.1 94.00 298.00 392.00 NOTE
r-patched-linux-x86_64 0.10.1 6.38 250.73 257.11 NOTE
r-release-linux-x86_64 0.10.1 6.82 249.66 256.48 NOTE
r-release-macos-arm64 0.10.1 83.00 NOTE
r-release-macos-x86_64 0.10.1 180.00 NOTE
r-release-windows-x86_64 0.10.1 123.00 287.00 410.00 NOTE
r-oldrel-macos-arm64 0.10.1 127.00 NOTE
r-oldrel-macos-x86_64 0.10.1 108.00 NOTE
r-oldrel-windows-ix86+x86_64 0.10.1 20.00 288.00 308.00 NOTE

Check Details

Version: 0.10.1
Check: LazyData
Result: NOTE
     'LazyData' is specified without a 'data' directory
Flavors: r-devel-linux-x86_64-debian-clang, r-devel-linux-x86_64-debian-gcc, r-devel-linux-x86_64-fedora-clang, r-devel-linux-x86_64-fedora-gcc, r-devel-windows-x86_64, r-patched-linux-x86_64, r-release-linux-x86_64, r-release-macos-arm64, r-release-macos-x86_64, r-release-windows-x86_64, r-oldrel-macos-arm64, r-oldrel-macos-x86_64, r-oldrel-windows-ix86+x86_64