CRAN Package Check Results for Package randomForestExplainer

Last updated on 2018-11-21 13:48:39 CET.

Flavor Version Tinstall Tcheck Ttotal Status Flags
r-devel-linux-x86_64-debian-clang 0.9 3.63 122.67 126.30 OK
r-devel-linux-x86_64-debian-gcc 0.9 2.83 83.51 86.34 OK
r-devel-linux-x86_64-fedora-clang 0.9 133.68 NOTE
r-devel-linux-x86_64-fedora-gcc 0.9 125.84 NOTE
r-devel-windows-ix86+x86_64 0.9 11.00 177.00 188.00 OK
r-patched-linux-x86_64 0.9 2.63 106.18 108.81 OK
r-patched-solaris-x86 0.9 167.60 NOTE
r-release-linux-x86_64 0.9 4.10 106.05 110.15 OK
r-release-windows-ix86+x86_64 0.9 8.00 164.00 172.00 OK
r-release-osx-x86_64 0.9 NOTE
r-oldrel-windows-ix86+x86_64 0.9 7.00 169.00 176.00 OK
r-oldrel-osx-x86_64 0.9 NOTE

Check Details

Version: 0.9
Check: dependencies in R code
Result: NOTE
    Namespaces in Imports field not imported from:
     ‘MASS’ ‘dtplyr’
     All declared Imports should be used.
Flavors: r-devel-linux-x86_64-fedora-clang, r-devel-linux-x86_64-fedora-gcc, r-patched-solaris-x86, r-release-osx-x86_64, r-oldrel-osx-x86_64