CRAN Package Check Results for Package randomForestExplainer

Last updated on 2018-05-23 13:48:51 CEST.

Flavor Version Tinstall Tcheck Ttotal Status Flags
r-devel-linux-x86_64-debian-clang 0.9 3.42 121.69 125.11 OK
r-devel-linux-x86_64-debian-gcc 0.9 0.22 1.50 1.72 ERROR
r-devel-linux-x86_64-fedora-clang 0.9 137.46 NOTE
r-devel-linux-x86_64-fedora-gcc 0.9 123.09 NOTE
r-devel-windows-ix86+x86_64 0.9 8.00 181.00 189.00 OK
r-patched-linux-x86_64 0.9 2.30 102.64 104.94 OK
r-patched-solaris-x86 0.9 158.40 NOTE
r-release-linux-x86_64 0.9 3.24 101.07 104.31 OK
r-release-windows-ix86+x86_64 0.9 12.00 148.00 160.00 OK
r-release-osx-x86_64 0.9 NOTE
r-oldrel-windows-ix86+x86_64 0.9 11.00 173.00 184.00 OK
r-oldrel-osx-x86_64 0.9 NOTE

Check Details

Version: 0.9
Check: package dependencies
Result: ERROR
    Packages required but not available:
     ‘dplyr’ ‘dtplyr’ ‘DT’ ‘GGally’ ‘ggplot2’ ‘ggrepel’
    
    See section ‘The DESCRIPTION file’ in the ‘Writing R Extensions’
    manual.
Flavor: r-devel-linux-x86_64-debian-gcc

Version: 0.9
Check: dependencies in R code
Result: NOTE
    Namespaces in Imports field not imported from:
     ‘MASS’ ‘dtplyr’
     All declared Imports should be used.
Flavors: r-devel-linux-x86_64-fedora-clang, r-devel-linux-x86_64-fedora-gcc, r-patched-solaris-x86, r-release-osx-x86_64, r-oldrel-osx-x86_64