CRAN Package Check Results for Package randomForestExplainer

Last updated on 2018-08-21 10:50:38 CEST.

Flavor Version Tinstall Tcheck Ttotal Status Flags
r-devel-linux-x86_64-debian-clang 0.9 4.02 123.45 127.47 OK
r-devel-linux-x86_64-debian-gcc 0.9 3.60 84.69 88.29 OK
r-devel-linux-x86_64-fedora-clang 0.9 143.71 NOTE
r-devel-linux-x86_64-fedora-gcc 0.9 131.13 NOTE
r-devel-windows-ix86+x86_64 0.9 13.00 153.00 166.00 OK
r-patched-linux-x86_64 0.9 2.71 106.71 109.42 OK
r-patched-solaris-x86 0.9 163.60 NOTE
r-release-linux-x86_64 0.9 3.68 105.40 109.08 OK
r-release-windows-ix86+x86_64 0.9 13.00 126.00 139.00 OK
r-release-osx-x86_64 0.9 NOTE
r-oldrel-windows-ix86+x86_64 0.9 6.00 174.00 180.00 OK
r-oldrel-osx-x86_64 0.9 NOTE

Check Details

Version: 0.9
Check: dependencies in R code
Result: NOTE
    Namespaces in Imports field not imported from:
     ‘MASS’ ‘dtplyr’
     All declared Imports should be used.
Flavors: r-devel-linux-x86_64-fedora-clang, r-devel-linux-x86_64-fedora-gcc, r-patched-solaris-x86, r-release-osx-x86_64, r-oldrel-osx-x86_64