CRAN Package Check Results for Package randomForestExplainer

Last updated on 2019-02-21 07:48:48 CET.

Flavor Version Tinstall Tcheck Ttotal Status Flags
r-devel-linux-x86_64-debian-clang 0.9 3.30 135.60 138.90 OK
r-devel-linux-x86_64-debian-gcc 0.9 3.63 122.16 125.79 OK
r-devel-linux-x86_64-fedora-clang 0.9 141.66 NOTE
r-devel-linux-x86_64-fedora-gcc 0.9 130.38 NOTE
r-devel-windows-ix86+x86_64 0.9 14.00 175.00 189.00 OK
r-patched-linux-x86_64 0.9 OK
r-patched-solaris-x86 0.9 164.40 NOTE
r-release-linux-x86_64 0.9 OK
r-release-windows-ix86+x86_64 0.9 9.00 174.00 183.00 OK
r-release-osx-x86_64 0.9 NOTE
r-oldrel-windows-ix86+x86_64 0.9 11.00 143.00 154.00 OK
r-oldrel-osx-x86_64 0.9 NOTE

Check Details

Version: 0.9
Check: dependencies in R code
Result: NOTE
    Namespaces in Imports field not imported from:
     ‘MASS’ ‘dtplyr’
     All declared Imports should be used.
Flavors: r-devel-linux-x86_64-fedora-clang, r-devel-linux-x86_64-fedora-gcc, r-patched-solaris-x86, r-release-osx-x86_64, r-oldrel-osx-x86_64