CRAN Package Check Results for Package randomForestExplainer

Last updated on 2018-02-21 07:47:47 CET.

Flavor Version Tinstall Tcheck Ttotal Status Flags
r-devel-linux-x86_64-debian-clang 0.9 3.56 120.41 123.97 OK
r-devel-linux-x86_64-debian-gcc 0.9 2.80 79.55 82.35 OK
r-devel-linux-x86_64-fedora-clang 0.9 129.41 NOTE
r-devel-linux-x86_64-fedora-gcc 0.9 120.28 NOTE
r-devel-windows-ix86+x86_64 0.9 6.00 106.00 112.00 OK
r-patched-linux-x86_64 0.9 2.30 116.02 118.32 OK
r-patched-solaris-x86 0.9 153.00 NOTE
r-release-linux-x86_64 0.9 2.18 122.82 125.00 OK
r-release-windows-ix86+x86_64 0.9 11.00 163.00 174.00 OK
r-release-osx-x86_64 0.9 NOTE
r-oldrel-windows-ix86+x86_64 0.9 13.00 144.00 157.00 OK
r-oldrel-osx-x86_64 0.9 WARN

Check Details

Version: 0.9
Check: dependencies in R code
Result: NOTE
    Namespaces in Imports field not imported from:
     ‘MASS’ ‘dtplyr’
     All declared Imports should be used.
Flavors: r-devel-linux-x86_64-fedora-clang, r-devel-linux-x86_64-fedora-gcc, r-patched-solaris-x86, r-release-osx-x86_64, r-oldrel-osx-x86_64

Version: 0.9
Check: whether package can be installed
Result: WARN
    Found the following significant warnings:
     Warning: Installed Rcpp (0.12.12) different from Rcpp used to build dplyr (0.12.11).
Flavor: r-oldrel-osx-x86_64