Last updated on 2021-03-05 11:51:46 CET.
Flavor | Version | Tinstall | Tcheck | Ttotal | Status | Flags |
---|---|---|---|---|---|---|
r-devel-linux-x86_64-debian-clang | 1.4-0.0 | 4.30 | 32.85 | 37.15 | OK | |
r-devel-linux-x86_64-debian-gcc | 1.4-0.0 | 3.50 | 25.55 | 29.05 | OK | |
r-devel-linux-x86_64-fedora-clang | 1.4-0.0 | 55.40 | OK | |||
r-devel-linux-x86_64-fedora-gcc | 1.4-0.0 | 44.34 | OK | |||
r-devel-windows-ix86+x86_64 | 1.4-0.0 | 9.00 | 38.00 | 47.00 | OK | |
r-patched-linux-x86_64 | 1.4-0.0 | OK | ||||
r-patched-solaris-x86 | 1.4-0.0 | 69.80 | WARN | |||
r-release-linux-x86_64 | 1.4-0.0 | 4.58 | 31.10 | 35.68 | OK | |
r-release-macos-x86_64 | 1.4-0.0 | WARN | ||||
r-release-windows-ix86+x86_64 | 1.4-0.0 | 7.00 | 38.00 | 45.00 | OK | |
r-oldrel-macos-x86_64 | 1.4-0.0 | WARN | ||||
r-oldrel-windows-ix86+x86_64 | 1.4-0.0 | 6.00 | 35.00 | 41.00 | OK |
Version: 1.4-0.0
Check: re-building of vignette outputs
Result: WARN
Error(s) in re-building vignettes:
...
--- re-building ‘randomNames.Rmd’ using rmarkdown
Warning in engine$weave(file, quiet = quiet, encoding = enc) :
Pandoc (>= 1.12.3) and/or pandoc-citeproc not available. Falling back to R Markdown v1.
Quitting from lines 13-26 (randomNames.Rmd)
Error: processing vignette 'randomNames.Rmd' failed with diagnostics:
argument is of length zero
--- failed re-building ‘randomNames.Rmd’
SUMMARY: processing the following file failed:
‘randomNames.Rmd’
Error: Vignette re-building failed.
Execution halted
Flavors: r-patched-solaris-x86, r-release-macos-x86_64, r-oldrel-macos-x86_64