CRAN Package Check Results for Package randomizationInference

Last updated on 2019-03-24 16:49:49 CET.

Flavor Version Tinstall Tcheck Ttotal Status Flags
r-devel-linux-x86_64-debian-clang 1.0.3 1.75 23.91 25.66 NOTE
r-devel-linux-x86_64-debian-gcc 1.0.3 1.74 19.17 20.91 NOTE
r-devel-linux-x86_64-fedora-clang 1.0.3 31.89 NOTE
r-devel-linux-x86_64-fedora-gcc 1.0.3 29.64 NOTE
r-devel-windows-ix86+x86_64 1.0.3 7.00 45.00 52.00 NOTE
r-patched-linux-x86_64 1.0.3 1.43 22.16 23.59 NOTE
r-patched-solaris-x86 1.0.3 41.70 NOTE
r-release-linux-x86_64 1.0.3 1.29 22.06 23.35 NOTE
r-release-windows-ix86+x86_64 1.0.3 3.00 36.00 39.00 NOTE
r-release-osx-x86_64 1.0.3 NOTE
r-oldrel-windows-ix86+x86_64 1.0.3 3.00 35.00 38.00 NOTE
r-oldrel-osx-x86_64 1.0.3 NOTE

Check Details

Version: 1.0.3
Check: R code for possible problems
Result: NOTE
    anovaF: no visible global function definition for 'anova'
    anovaF: no visible global function definition for 'lm'
    randInterval: no visible global function definition for 'quantile'
    randInterval : <anonymous>: no visible global function definition for
     'quantile'
    randPlot: no visible global function definition for 'par'
    randPlot: no visible global function definition for 'hist'
    randPlot: no visible global function definition for 'abline'
    Undefined global functions or variables:
     abline anova hist lm par quantile
    Consider adding
     importFrom("graphics", "abline", "hist", "par")
     importFrom("stats", "anova", "lm", "quantile")
    to your NAMESPACE file.
Flavors: r-devel-linux-x86_64-debian-clang, r-devel-linux-x86_64-debian-gcc, r-devel-linux-x86_64-fedora-clang, r-devel-linux-x86_64-fedora-gcc, r-devel-windows-ix86+x86_64, r-patched-linux-x86_64, r-patched-solaris-x86, r-release-linux-x86_64, r-release-windows-ix86+x86_64, r-release-osx-x86_64, r-oldrel-windows-ix86+x86_64, r-oldrel-osx-x86_64