CRAN Package Check Results for Package rankFD

Last updated on 2020-01-19 15:47:42 CET.

Flavor Version Tinstall Tcheck Ttotal Status Flags
r-devel-linux-x86_64-debian-clang 0.0.3 9.27 70.32 79.59 OK
r-devel-linux-x86_64-debian-gcc 0.0.3 9.25 56.01 65.26 OK
r-devel-linux-x86_64-fedora-clang 0.0.3 101.05 OK
r-devel-linux-x86_64-fedora-gcc 0.0.3 98.32 OK
r-devel-windows-ix86+x86_64 0.0.3 26.00 111.00 137.00 OK
r-devel-windows-ix86+x86_64-gcc8 0.0.3 20.00 107.00 127.00 OK
r-patched-linux-x86_64 0.0.3 8.95 63.44 72.39 OK
r-patched-solaris-x86 0.0.3 139.30 OK
r-release-linux-x86_64 0.0.3 8.81 63.52 72.33 OK
r-release-windows-ix86+x86_64 0.0.3 23.00 75.00 98.00 OK
r-release-osx-x86_64 0.0.3 NOTE
r-oldrel-windows-ix86+x86_64 0.0.3 15.00 75.00 90.00 OK
r-oldrel-osx-x86_64 0.0.3 NOTE

Check Details

Version: 0.0.3
Check: package dependencies
Result: NOTE
    Package suggested but not available for checking: ‘RGtk2’
Flavors: r-release-osx-x86_64, r-oldrel-osx-x86_64