Last updated on 2023-10-01 08:52:08 CEST.
Flavor | Version | Tinstall | Tcheck | Ttotal | Status | Flags |
---|---|---|---|---|---|---|
r-devel-linux-x86_64-debian-clang | 0.1.3 | 2.94 | 28.27 | 31.21 | NOTE | |
r-devel-linux-x86_64-debian-gcc | 0.1.3 | 2.68 | 21.97 | 24.65 | NOTE | |
r-devel-linux-x86_64-fedora-clang | 0.1.3 | 38.98 | NOTE | |||
r-devel-linux-x86_64-fedora-gcc | 0.1.3 | 36.81 | NOTE | |||
r-devel-windows-x86_64 | 0.1.3 | 4.00 | 51.00 | 55.00 | NOTE | |
r-patched-linux-x86_64 | 0.1.3 | 2.73 | 27.35 | 30.08 | NOTE | |
r-release-linux-x86_64 | 0.1.3 | 3.10 | 27.62 | 30.72 | NOTE | |
r-release-macos-arm64 | 0.1.3 | 20.00 | NOTE | |||
r-release-macos-x86_64 | 0.1.3 | 22.00 | NOTE | |||
r-release-windows-x86_64 | 0.1.3 | 4.00 | 49.00 | 53.00 | NOTE | |
r-oldrel-macos-arm64 | 0.1.3 | 19.00 | NOTE | |||
r-oldrel-macos-x86_64 | 0.1.3 | 23.00 | NOTE | |||
r-oldrel-windows-x86_64 | 0.1.3 | 5.00 | 45.00 | 50.00 | NOTE |
Version: 0.1.3
Check: Rd \usage sections
Result: NOTE
Documented arguments not in \usage in documentation object 'get_parameters':
‘parameters_def’
Documented arguments not in \usage in documentation object 'print.rapi_api':
‘...further’
Documented arguments not in \usage in documentation object 'print.rapi_operation':
‘...further’
Documented arguments not in \usage in documentation object 'print.rapi_schema_function':
‘...further’
Functions with \usage entries need to have the appropriate \alias
entries, and all their arguments documented.
The \usage entries must correspond to syntactically valid R code.
See chapter ‘Writing R documentation files’ in the ‘Writing R
Extensions’ manual.
Flavors: r-devel-linux-x86_64-debian-clang, r-devel-linux-x86_64-debian-gcc, r-devel-linux-x86_64-fedora-clang, r-devel-linux-x86_64-fedora-gcc, r-devel-windows-x86_64
Version: 0.1.3
Check: LazyData
Result: NOTE
'LazyData' is specified without a 'data' directory
Flavors: r-devel-linux-x86_64-debian-clang, r-devel-linux-x86_64-debian-gcc, r-devel-linux-x86_64-fedora-clang, r-devel-linux-x86_64-fedora-gcc, r-devel-windows-x86_64, r-patched-linux-x86_64, r-release-linux-x86_64, r-release-macos-arm64, r-release-macos-x86_64, r-release-windows-x86_64, r-oldrel-macos-arm64, r-oldrel-macos-x86_64, r-oldrel-windows-x86_64