CRAN Package Check Results for Package rare

Last updated on 2022-05-23 02:53:46 CEST.

Flavor Version Tinstall Tcheck Ttotal Status Flags
r-devel-linux-x86_64-debian-clang 0.1.1 45.46 98.26 143.72 OK
r-devel-linux-x86_64-debian-gcc 0.1.1 36.90 74.56 111.46 OK
r-devel-linux-x86_64-fedora-clang 0.1.1 187.02 OK
r-devel-linux-x86_64-fedora-gcc 0.1.1 166.77 OK
r-devel-windows-x86_64 0.1.1 43.00 134.00 177.00 OK
r-patched-linux-x86_64 0.1.1 41.74 95.02 136.76 OK
r-release-linux-x86_64 0.1.1 38.15 92.44 130.59 OK
r-release-macos-arm64 0.1.1 52.00 OK
r-release-macos-x86_64 0.1.1 70.00 OK
r-release-windows-x86_64 0.1.1 42.00 136.00 178.00 OK
r-oldrel-macos-arm64 0.1.1 55.00 NOTE
r-oldrel-macos-x86_64 0.1.1 101.00 OK
r-oldrel-windows-ix86+x86_64 0.1.1 111.00 147.00 258.00 OK

Check Details

Version: 0.1.1
Check: installed package size
Result: NOTE
     installed size is 5.5Mb
     sub-directories of 1Mb or more:
     doc 1.2Mb
     libs 4.2Mb
Flavor: r-oldrel-macos-arm64