CRAN Package Check Results for Package raster

Last updated on 2018-08-17 14:48:04 CEST.

Flavor Version Tinstall Tcheck Ttotal Status Flags
r-devel-linux-x86_64-debian-clang 2.6-7 98.34 236.12 334.46 OK
r-devel-linux-x86_64-debian-gcc 2.6-7 84.73 187.39 272.12 OK
r-devel-linux-x86_64-fedora-clang 2.6-7 434.10 NOTE
r-devel-linux-x86_64-fedora-gcc 2.6-7 414.62 OK
r-devel-windows-ix86+x86_64 2.6-7 200.00 412.00 612.00 NOTE
r-patched-linux-x86_64 2.6-7 99.59 225.83 325.42 OK
r-patched-solaris-x86 2.6-7 455.10 OK
r-release-linux-x86_64 2.6-7 107.57 224.85 332.42 OK
r-release-windows-ix86+x86_64 2.6-7 272.00 365.00 637.00 NOTE
r-release-osx-x86_64 2.6-7 NOTE
r-oldrel-windows-ix86+x86_64 2.6-7 283.00 384.00 667.00 NOTE
r-oldrel-osx-x86_64 2.6-7 NOTE

Additional issues

clang-UBSAN

Check Details

Version: 2.6-7
Check: installed package size
Result: NOTE
     installed size is 6.1Mb
     sub-directories of 1Mb or more:
     R 2.4Mb
     libs 2.1Mb
Flavors: r-devel-linux-x86_64-fedora-clang, r-devel-windows-ix86+x86_64, r-release-windows-ix86+x86_64, r-release-osx-x86_64, r-oldrel-windows-ix86+x86_64, r-oldrel-osx-x86_64