CRAN Package Check Results for Package raster

Last updated on 2018-05-26 10:49:32 CEST.

Flavor Version Tinstall Tcheck Ttotal Status Flags
r-devel-linux-x86_64-debian-clang 2.6-7 107.97 246.33 354.30 OK
r-devel-linux-x86_64-debian-gcc 2.6-7 73.40 183.62 257.02 OK
r-devel-linux-x86_64-fedora-clang 2.6-7 441.62 NOTE
r-devel-linux-x86_64-fedora-gcc 2.6-7 420.70 NOTE
r-devel-windows-ix86+x86_64 2.6-7 210.00 297.00 507.00 NOTE
r-patched-linux-x86_64 2.6-7 104.36 225.34 329.70 OK
r-patched-solaris-x86 2.6-7 446.30 OK
r-release-linux-x86_64 2.6-7 105.96 226.41 332.37 OK
r-release-windows-ix86+x86_64 2.6-7 268.00 292.00 560.00 NOTE
r-release-osx-x86_64 2.6-7 NOTE
r-oldrel-windows-ix86+x86_64 2.6-7 273.00 287.00 560.00 NOTE
r-oldrel-osx-x86_64 2.6-7 NOTE

Additional issues

clang-UBSAN

Check Details

Version: 2.6-7
Check: installed package size
Result: NOTE
     installed size is 6.0Mb
     sub-directories of 1Mb or more:
     R 2.4Mb
     libs 2.1Mb
Flavors: r-devel-linux-x86_64-fedora-clang, r-devel-linux-x86_64-fedora-gcc, r-devel-windows-ix86+x86_64, r-release-windows-ix86+x86_64, r-release-osx-x86_64, r-oldrel-windows-ix86+x86_64, r-oldrel-osx-x86_64