CRAN Package Check Results for Package raster

Last updated on 2018-10-19 22:49:54 CEST.

Flavor Version Tinstall Tcheck Ttotal Status Flags
r-devel-linux-x86_64-debian-clang 2.7-15 126.71 254.41 381.12 OK
r-devel-linux-x86_64-debian-gcc 2.7-15 110.44 197.78 308.22 OK
r-devel-linux-x86_64-fedora-clang 2.7-15 504.68 NOTE
r-devel-linux-x86_64-fedora-gcc 2.7-15 469.24 OK
r-devel-windows-ix86+x86_64 2.7-15 301.00 403.00 704.00 NOTE
r-patched-linux-x86_64 2.7-15 138.99 237.70 376.69 OK
r-patched-solaris-x86 2.7-15 493.00 OK
r-release-linux-x86_64 2.7-15 125.57 238.58 364.15 OK
r-release-windows-ix86+x86_64 2.7-15 248.00 315.00 563.00 NOTE
r-release-osx-x86_64 2.7-15 NOTE
r-oldrel-windows-ix86+x86_64 2.6-7 210.00 376.00 586.00 NOTE
r-oldrel-osx-x86_64 2.7-15 NOTE

Additional issues

clang-UBSAN

Check Details

Version: 2.7-15
Check: installed package size
Result: NOTE
     installed size is 10.1Mb
     sub-directories of 1Mb or more:
     R 2.4Mb
     libs 6.1Mb
Flavors: r-devel-linux-x86_64-fedora-clang, r-devel-windows-ix86+x86_64, r-release-windows-ix86+x86_64, r-release-osx-x86_64, r-oldrel-osx-x86_64

Version: 2.6-7
Check: installed package size
Result: NOTE
     installed size is 5.7Mb
     sub-directories of 1Mb or more:
     R 2.3Mb
     libs 1.8Mb
Flavor: r-oldrel-windows-ix86+x86_64