CRAN Package Check Results for Package raster

Last updated on 2019-01-23 20:48:16 CET.

Flavor Version Tinstall Tcheck Ttotal Status Flags
r-devel-linux-x86_64-debian-clang 2.8-4 127.96 266.66 394.62 OK
r-devel-linux-x86_64-debian-gcc 2.8-4 111.47 204.64 316.11 OK
r-devel-linux-x86_64-fedora-clang 2.8-4 506.49 NOTE
r-devel-linux-x86_64-fedora-gcc 2.8-4 464.44 OK
r-devel-windows-ix86+x86_64 2.8-4 369.00 348.00 717.00 NOTE
r-patched-linux-x86_64 2.8-4 145.06 249.18 394.24 OK
r-patched-solaris-x86 2.8-4 524.10 NOTE
r-release-linux-x86_64 2.8-4 135.21 249.40 384.61 OK
r-release-windows-ix86+x86_64 2.8-4 264.00 418.00 682.00 NOTE
r-release-osx-x86_64 2.8-4 NOTE
r-oldrel-windows-ix86+x86_64 2.8-4 286.00 446.00 732.00 ERROR
r-oldrel-osx-x86_64 2.8-4 ERROR

Additional issues

clang-UBSAN

Check Details

Version: 2.8-4
Check: installed package size
Result: NOTE
     installed size is 10.1Mb
     sub-directories of 1Mb or more:
     R 2.5Mb
     libs 6.1Mb
Flavors: r-devel-linux-x86_64-fedora-clang, r-devel-windows-ix86+x86_64, r-patched-solaris-x86, r-release-windows-ix86+x86_64, r-release-osx-x86_64, r-oldrel-windows-ix86+x86_64, r-oldrel-osx-x86_64

Version: 2.8-4
Check: running tests for arch ‘i386’
Result: ERROR
     Running 'testthat.R' [8s]
    Running the tests in 'tests/testthat.R' failed.
    Complete output:
     > library(testthat)
     > library(raster)
     Loading required package: sp
     >
     > test_check("raster")
     -- 1. Error: crop using sfc works (@test-sf-coercion.R#29) --------------------
     invalid class "Extent" object: TRUE
     1: expect_equal(crop(r, pols), crop(r, sf_pols)) at testthat/test-sf-coercion.R:29
     2: quasi_label(enquo(expected), expected.label)
     3: eval_bare(get_expr(quo), get_env(quo))
     4: crop(r, sf_pols)
     5: crop(r, sf_pols)
     6: .local(x, y, ...)
     7: methods::validObject(y)
     8: stop(msg, ": ", errors, domain = NA)
    
     == testthat results ===========================================================
     OK: 5 SKIPPED: 0 FAILED: 1
     1. Error: crop using sfc works (@test-sf-coercion.R#29)
    
     Error: testthat unit tests failed
     Execution halted
Flavor: r-oldrel-windows-ix86+x86_64

Version: 2.8-4
Check: running tests for arch ‘x64’
Result: ERROR
     Running 'testthat.R' [10s]
    Running the tests in 'tests/testthat.R' failed.
    Complete output:
     > library(testthat)
     > library(raster)
     Loading required package: sp
     >
     > test_check("raster")
     -- 1. Error: crop using sfc works (@test-sf-coercion.R#29) --------------------
     invalid class "Extent" object: TRUE
     1: expect_equal(crop(r, pols), crop(r, sf_pols)) at testthat/test-sf-coercion.R:29
     2: quasi_label(enquo(expected), expected.label)
     3: eval_bare(get_expr(quo), get_env(quo))
     4: crop(r, sf_pols)
     5: crop(r, sf_pols)
     6: .local(x, y, ...)
     7: methods::validObject(y)
     8: stop(msg, ": ", errors, domain = NA)
    
     == testthat results ===========================================================
     OK: 5 SKIPPED: 0 FAILED: 1
     1. Error: crop using sfc works (@test-sf-coercion.R#29)
    
     Error: testthat unit tests failed
     Execution halted
Flavor: r-oldrel-windows-ix86+x86_64

Version: 2.8-4
Check: tests
Result: ERROR
     Running ‘testthat.R’ [6s/6s]
    Running the tests in ‘tests/testthat.R’ failed.
    Last 13 lines of output:
     1: expect_equal(crop(r, pols), crop(r, sf_pols)) at testthat/test-sf-coercion.R:29
     2: quasi_label(enquo(expected), expected.label)
     3: eval_bare(get_expr(quo), get_env(quo))
     4: crop(r, sf_pols)
     5: crop(r, sf_pols)
     6: .local(x, y, ...)
     7: methods::validObject(y)
     8: stop(msg, ": ", errors, domain = NA)
    
     ══ testthat results ═══════════════════════════════════════════════════════════
     OK: 5 SKIPPED: 0 FAILED: 1
     1. Error: crop using sfc works (@test-sf-coercion.R#29)
    
     Error: testthat unit tests failed
     Execution halted
Flavor: r-oldrel-osx-x86_64