Last updated on 2023-12-05 11:52:50 CET.
Flavor | Version | Tinstall | Tcheck | Ttotal | Status | Flags |
---|---|---|---|---|---|---|
r-devel-linux-x86_64-debian-clang | 0.5.20 | 31.29 | 405.04 | 436.33 | NOTE | |
r-devel-linux-x86_64-debian-gcc | 0.5.20 | 27.42 | 297.15 | 324.57 | NOTE | |
r-devel-linux-x86_64-fedora-clang | 0.5.20 | 565.18 | OK | |||
r-devel-linux-x86_64-fedora-gcc | 0.5.20 | 565.56 | OK | |||
r-devel-windows-x86_64 | 0.5.20 | 26.00 | 251.00 | 277.00 | OK | |
r-patched-linux-x86_64 | 0.5.20 | 28.01 | 383.50 | 411.51 | OK | |
r-release-linux-x86_64 | 0.5.20 | 32.89 | 381.18 | 414.07 | OK | |
r-release-macos-arm64 | 0.5.20 | 125.00 | OK | |||
r-release-macos-x86_64 | 0.5.20 | 320.00 | OK | |||
r-release-windows-x86_64 | 0.5.20 | 36.00 | 328.00 | 364.00 | OK | |
r-oldrel-macos-arm64 | 0.5.20 | 121.00 | OK | |||
r-oldrel-macos-x86_64 | 0.5.20 | 171.00 | OK | |||
r-oldrel-windows-x86_64 | 0.5.20 | 36.00 | 328.00 | 364.00 | OK |
Version: 0.5.20
Check: Rd files
Result: NOTE
checkRd: (-1) RasterList-Package.Rd:20: Lost braces
20 | {\code{\link{rasterList}}}{: it is the constructor of a \code{\link{RasterList-class}} object from a generic \code{object}, it also transforms a \code{\link{RasterList-class}} into another one throungh a function argument. }
| ^
checkRd: (-1) RasterList-Package.Rd:22: Lost braces
22 | {\code{\link{rasterListFun}}}{: it is a function that constructs a particular \code{\link{RasterList-class}} object in which the objects are \code{function}-type. }
| ^
checkRd: (-1) RasterList-Package.Rd:24: Lost braces
24 | {\code{\link{RasterListApply}}}{: it is a function that allows to operate among two or more \code{\link{RasterList-class}} objects defined in the same spatial extent through a generic function \code{fun(x,y,...)} where \code{x} and \code{y} are each cell/element of two \code{\link{RasterList-class}} objects given as arguments \code{x} and \code{y} of \code{\link{RasterListApply}}.}
| ^
Flavors: r-devel-linux-x86_64-debian-clang, r-devel-linux-x86_64-debian-gcc