CRAN Package Check Results for Package ratelimitr

Last updated on 2022-08-09 23:54:03 CEST.

Flavor Version Tinstall Tcheck Ttotal Status Flags
r-devel-linux-x86_64-debian-clang 0.4.1 1.79 28.81 30.60 NOTE
r-devel-linux-x86_64-debian-gcc 0.4.1 1.71 22.73 24.44 NOTE
r-devel-linux-x86_64-fedora-clang 0.4.1 48.81 NOTE
r-devel-linux-x86_64-fedora-gcc 0.4.1 47.21 NOTE
r-devel-windows-x86_64 0.4.1 17.00 78.00 95.00 NOTE
r-patched-linux-x86_64 0.4.1 2.35 27.62 29.97 NOTE
r-release-linux-x86_64 0.4.1 NOTE
r-release-macos-arm64 0.4.1 36.00 NOTE
r-release-macos-x86_64 0.4.1 44.00 NOTE
r-release-windows-x86_64 0.4.1 25.00 72.00 97.00 NOTE
r-oldrel-macos-arm64 0.4.1 43.00 NOTE
r-oldrel-macos-x86_64 0.4.1 47.00 NOTE
r-oldrel-windows-ix86+x86_64 0.4.1 6.00 65.00 71.00 NOTE

Check Details

Version: 0.4.1
Check: LazyData
Result: NOTE
     'LazyData' is specified without a 'data' directory
Flavors: r-devel-linux-x86_64-debian-clang, r-devel-linux-x86_64-debian-gcc, r-devel-linux-x86_64-fedora-clang, r-devel-linux-x86_64-fedora-gcc, r-devel-windows-x86_64, r-patched-linux-x86_64, r-release-linux-x86_64, r-release-macos-arm64, r-release-macos-x86_64, r-release-windows-x86_64, r-oldrel-macos-arm64, r-oldrel-macos-x86_64, r-oldrel-windows-ix86+x86_64