Last updated on 2021-01-26 18:50:51 CET.
Flavor | Version | Tinstall | Tcheck | Ttotal | Status | Flags |
---|---|---|---|---|---|---|
r-devel-linux-x86_64-debian-clang | 1.2.2 | 67.63 | 154.20 | 221.83 | OK | |
r-devel-linux-x86_64-debian-gcc | 1.2.2 | 47.02 | 116.25 | 163.27 | OK | |
r-devel-linux-x86_64-fedora-clang | 1.2.2 | 287.38 | NOTE | |||
r-devel-linux-x86_64-fedora-gcc | 1.2.2 | 265.50 | OK | |||
r-devel-windows-ix86+x86_64 | 1.2.2 | 147.00 | 216.00 | 363.00 | OK | |
r-patched-linux-x86_64 | 1.2.2 | 51.83 | 148.13 | 199.96 | OK | |
r-patched-solaris-x86 | 1.2.2 | 344.00 | OK | |||
r-release-linux-x86_64 | 1.2.2 | 53.71 | 143.52 | 197.23 | OK | |
r-release-macos-x86_64 | 1.2.2 | NOTE | ||||
r-release-windows-ix86+x86_64 | 1.2.2 | 145.00 | 173.00 | 318.00 | OK | |
r-oldrel-macos-x86_64 | 1.2.2 | NOTE | ||||
r-oldrel-windows-ix86+x86_64 | 1.2.2 | 106.00 | 254.00 | 360.00 | OK |
Version: 1.2.2
Check: installed package size
Result: NOTE
installed size is 6.3Mb
sub-directories of 1Mb or more:
libs 4.6Mb
Flavors: r-devel-linux-x86_64-fedora-clang, r-release-macos-x86_64, r-oldrel-macos-x86_64