CRAN Package Check Results for Package rattle

Last updated on 2018-08-17 07:47:44 CEST.

Flavor Version Tinstall Tcheck Ttotal Status Flags
r-devel-linux-x86_64-debian-clang 5.1.0 13.64 82.64 96.28 NOTE
r-devel-linux-x86_64-debian-gcc 5.1.0 14.46 64.92 79.38 NOTE
r-devel-linux-x86_64-fedora-clang 5.1.0 121.99 NOTE
r-devel-linux-x86_64-fedora-gcc 5.1.0 115.09 NOTE
r-devel-windows-ix86+x86_64 5.1.0 32.00 133.00 165.00 OK
r-patched-linux-x86_64 5.1.0 14.77 80.12 94.89 NOTE
r-patched-solaris-x86 5.1.0 154.40 NOTE
r-release-linux-x86_64 5.1.0 19.12 80.08 99.20 NOTE
r-release-windows-ix86+x86_64 5.1.0 33.00 121.00 154.00 OK
r-release-osx-x86_64 5.1.0 ERROR
r-oldrel-windows-ix86+x86_64 5.1.0 10.00 121.00 131.00 OK
r-oldrel-osx-x86_64 5.1.0 ERROR

Check Details

Version: 5.1.0
Check: package dependencies
Result: NOTE
    Package suggested but not available for checking: ‘odfWeave’
Flavors: r-devel-linux-x86_64-debian-clang, r-devel-linux-x86_64-debian-gcc, r-devel-linux-x86_64-fedora-clang, r-devel-linux-x86_64-fedora-gcc, r-patched-linux-x86_64, r-release-linux-x86_64

Version: 5.1.0
Check: package dependencies
Result: NOTE
    Packages suggested but not available for checking: ‘odfWeave’ ‘rggobi’
Flavor: r-patched-solaris-x86

Version: 5.1.0
Check: installed package size
Result: NOTE
     installed size is 5.6Mb
     sub-directories of 1Mb or more:
     R 1.3Mb
     etc 2.2Mb
     po 1.5Mb
Flavor: r-patched-solaris-x86

Version: 5.1.0
Check: package dependencies
Result: ERROR
    Packages required but not available: ‘RGtk2’ ‘cairoDevice’
    
    Packages suggested but not available for checking:
     ‘gWidgetsRGtk2’ ‘odfWeave’ ‘playwith’ ‘rggobi’ ‘RGtk2Extras’
    
    See section ‘The DESCRIPTION file’ in the ‘Writing R Extensions’
    manual.
Flavor: r-release-osx-x86_64

Version: 5.1.0
Check: package dependencies
Result: ERROR
    Packages required but not available: ‘RGtk2’ ‘cairoDevice’
    
    Packages suggested but not available for checking:
     ‘gWidgetsRGtk2’ ‘playwith’ ‘rggobi’ ‘RGtk2Extras’
    
    See section ‘The DESCRIPTION file’ in the ‘Writing R Extensions’
    manual.
Flavor: r-oldrel-osx-x86_64