CRAN Package Check Results for Package rattle

Last updated on 2019-01-24 09:49:49 CET.

Flavor Version Tinstall Tcheck Ttotal Status Flags
r-devel-linux-x86_64-debian-clang 5.2.0 15.34 81.41 96.75 NOTE
r-devel-linux-x86_64-debian-gcc 5.2.0 15.19 62.28 77.47 NOTE
r-devel-linux-x86_64-fedora-clang 5.2.0 123.37 NOTE
r-devel-linux-x86_64-fedora-gcc 5.2.0 116.08 NOTE
r-devel-windows-ix86+x86_64 5.2.0 34.00 127.00 161.00 NOTE
r-patched-linux-x86_64 5.2.0 19.30 75.77 95.07 NOTE
r-patched-solaris-x86 5.2.0 145.60 NOTE
r-release-linux-x86_64 5.2.0 13.21 75.92 89.13 NOTE
r-release-windows-ix86+x86_64 5.2.0 23.00 88.00 111.00 NOTE
r-release-osx-x86_64 5.2.0 NOTE
r-oldrel-windows-ix86+x86_64 5.2.0 11.00 120.00 131.00 NOTE
r-oldrel-osx-x86_64 5.2.0 NOTE

Check Details

Version: 5.2.0
Check: package dependencies
Result: NOTE
    Package suggested but not available for checking: ‘playwith’
Flavors: r-devel-linux-x86_64-debian-clang, r-devel-linux-x86_64-debian-gcc, r-devel-linux-x86_64-fedora-clang, r-devel-linux-x86_64-fedora-gcc, r-patched-linux-x86_64, r-release-linux-x86_64

Version: 5.2.0
Check: installed package size
Result: NOTE
     installed size is 7.9Mb
     sub-directories of 1Mb or more:
     data 3.0Mb
     etc 1.9Mb
     po 1.2Mb
Flavors: r-devel-linux-x86_64-fedora-clang, r-devel-windows-ix86+x86_64, r-patched-solaris-x86, r-release-windows-ix86+x86_64, r-release-osx-x86_64, r-oldrel-windows-ix86+x86_64, r-oldrel-osx-x86_64

Version: 5.2.0
Check: package dependencies
Result: NOTE
    Packages suggested but not available for checking: ‘playwith’ ‘rggobi’
Flavor: r-patched-solaris-x86

Version: 5.2.0
Check: package dependencies
Result: NOTE
    Packages suggested but not available for checking:
     ‘cairoDevice’ ‘gWidgetsRGtk2’ ‘playwith’ ‘rggobi’ ‘RGtk2’
     ‘RGtk2Extras’
Flavors: r-release-osx-x86_64, r-oldrel-osx-x86_64