CRAN Package Check Results for Package rattle

Last updated on 2018-05-28 06:46:54 CEST.

Flavor Version Tinstall Tcheck Ttotal Status Flags
r-devel-linux-x86_64-debian-clang 5.1.0 19.20 73.80 93.00 NOTE
r-devel-linux-x86_64-debian-gcc 5.1.0 15.23 62.72 77.95 NOTE
r-devel-linux-x86_64-fedora-clang 5.1.0 126.74 NOTE
r-devel-linux-x86_64-fedora-gcc 5.1.0 121.62 NOTE
r-devel-windows-ix86+x86_64 5.1.0 23.00 86.00 109.00 OK
r-patched-linux-x86_64 5.1.0 17.79 79.05 96.84 NOTE
r-patched-solaris-x86 5.1.0 155.60 NOTE
r-release-linux-x86_64 5.1.0 15.64 79.65 95.29 NOTE
r-release-windows-ix86+x86_64 5.1.0 35.00 120.00 155.00 OK
r-release-osx-x86_64 5.1.0 ERROR
r-oldrel-windows-ix86+x86_64 5.1.0 11.00 79.00 90.00 OK
r-oldrel-osx-x86_64 5.1.0 ERROR

Check Details

Version: 5.1.0
Check: package dependencies
Result: NOTE
    Package suggested but not available for checking: ‘odfWeave’
Flavors: r-devel-linux-x86_64-debian-clang, r-devel-linux-x86_64-debian-gcc, r-devel-linux-x86_64-fedora-clang, r-devel-linux-x86_64-fedora-gcc, r-patched-linux-x86_64, r-release-linux-x86_64

Version: 5.1.0
Check: package dependencies
Result: NOTE
    Packages suggested but not available for checking:
     ‘odfWeave’ ‘rggobi’ ‘xgboost’
Flavor: r-patched-solaris-x86

Version: 5.1.0
Check: installed package size
Result: NOTE
     installed size is 5.6Mb
     sub-directories of 1Mb or more:
     R 1.3Mb
     etc 2.2Mb
     po 1.5Mb
Flavor: r-patched-solaris-x86

Version: 5.1.0
Check: package dependencies
Result: ERROR
    Packages required but not available: ‘RGtk2’ ‘cairoDevice’
    
    Packages suggested but not available for checking:
     ‘gWidgetsRGtk2’ ‘odfWeave’ ‘playwith’ ‘rggobi’ ‘RGtk2Extras’
    
    See section ‘The DESCRIPTION file’ in the ‘Writing R Extensions’
    manual.
Flavor: r-release-osx-x86_64

Version: 5.1.0
Check: package dependencies
Result: ERROR
    Packages required but not available: ‘RGtk2’ ‘cairoDevice’
    
    Packages suggested but not available for checking:
     ‘gWidgetsRGtk2’ ‘playwith’ ‘rggobi’ ‘RGtk2Extras’
    
    See section ‘The DESCRIPTION file’ in the ‘Writing R Extensions’
    manual.
Flavor: r-oldrel-osx-x86_64