CRAN Package Check Results for Package rbi

Last updated on 2021-01-25 01:47:00 CET.

Flavor Version Tinstall Tcheck Ttotal Status Flags
r-devel-linux-x86_64-debian-clang 0.10.3 6.71 47.61 54.32 OK --no-examples --no-tests --no-vignettes
r-devel-linux-x86_64-debian-gcc 0.10.3 4.52 36.40 40.92 OK --no-examples --no-tests --no-vignettes
r-devel-linux-x86_64-fedora-clang 0.10.3 123.44 NOTE
r-devel-linux-x86_64-fedora-gcc 0.10.3 77.27 NOTE
r-devel-windows-ix86+x86_64 0.10.3 14.00 150.00 164.00 OK
r-patched-linux-x86_64 0.10.3 6.66 44.52 51.18 OK --no-examples --no-tests --no-vignettes
r-patched-solaris-x86 0.10.3 176.50 NOTE
r-release-linux-x86_64 0.10.3 6.20 44.76 50.96 OK --no-examples --no-tests --no-vignettes
r-release-macos-x86_64 0.10.3 OK
r-release-windows-ix86+x86_64 0.10.3 9.00 87.00 96.00 OK
r-oldrel-macos-x86_64 0.10.3 OK
r-oldrel-windows-ix86+x86_64 0.10.3 9.00 92.00 101.00 OK

Check Details

Version: 0.10.3
Check: for non-standard things in the check directory
Result: NOTE
    Found the following files/directories:
     ‘PZ.bi’ ‘mu_sigma.nc’
Flavors: r-devel-linux-x86_64-fedora-clang, r-devel-linux-x86_64-fedora-gcc, r-patched-solaris-x86