CRAN Package Check Results for Package rbmn

Last updated on 2018-10-19 22:49:54 CEST.

Flavor Version Tinstall Tcheck Ttotal Status Flags
r-devel-linux-x86_64-debian-clang 0.9-2 3.57 33.34 36.91 NOTE
r-devel-linux-x86_64-debian-gcc 0.9-2 3.50 26.68 30.18 NOTE
r-devel-linux-x86_64-fedora-clang 0.9-2 47.19 NOTE
r-devel-linux-x86_64-fedora-gcc 0.9-2 43.03 NOTE
r-devel-windows-ix86+x86_64 0.9-2 9.00 66.00 75.00 NOTE
r-patched-linux-x86_64 0.9-2 3.91 31.35 35.26 NOTE
r-patched-solaris-x86 0.9-2 57.40 NOTE
r-release-linux-x86_64 0.9-2 3.95 31.71 35.66 NOTE
r-release-windows-ix86+x86_64 0.9-2 8.00 58.00 66.00 NOTE
r-release-osx-x86_64 0.9-2 NOTE
r-oldrel-windows-ix86+x86_64 0.9-2 5.00 55.00 60.00 NOTE
r-oldrel-osx-x86_64 0.9-2 NOTE

Check Details

Version: 0.9-2
Check: dependencies in R code
Result: NOTE
    Package in Depends field not imported from: ‘MASS’
     These packages need to be imported from (in the NAMESPACE file)
     for when this namespace is loaded but not attached.
Flavors: r-devel-linux-x86_64-debian-clang, r-devel-linux-x86_64-debian-gcc, r-devel-linux-x86_64-fedora-clang, r-devel-linux-x86_64-fedora-gcc, r-devel-windows-ix86+x86_64, r-patched-linux-x86_64, r-patched-solaris-x86, r-release-linux-x86_64, r-release-windows-ix86+x86_64, r-release-osx-x86_64, r-oldrel-windows-ix86+x86_64, r-oldrel-osx-x86_64

Version: 0.9-2
Check: R code for possible problems
Result: NOTE
    bn2nbn: no visible binding for global variable ‘bn.fit’
    chain4chain: no visible binding for global variable ‘head’
    chain4chain: no visible binding for global variable ‘tail’
    estimate8arcs: no visible global function definition for ‘lm’
    estimate8arcs: no visible global function definition for ‘coefficients’
    estimate8nbn: no visible global function definition for ‘lm’
    estimate8nbn: no visible global function definition for ‘as.formula’
    estimate8nbn: no visible global function definition for ‘anova’
    estimate8nbn: no visible global function definition for ‘coefficients’
    generate8chain: no visible global function definition for ‘runif’
    generate8chain: no visible global function definition for ‘rbinom’
    generate8nbn: no visible global function definition for ‘runif’
    generate8nbn: no visible global function definition for ‘rbinom’
    nbn2bnfit: no visible global function definition for ‘model2network’
    nbn2bnfit: no visible global function definition for ‘custom.fit’
    simulate8gema: no visible global function definition for ‘rnorm’
    simulate8mn: no visible global function definition for ‘mvrnorm’
    simulate8nbn: no visible global function definition for ‘rnorm’
    Undefined global functions or variables:
     anova as.formula bn.fit coefficients custom.fit head lm model2network
     mvrnorm rbinom rnorm runif tail
    Consider adding
     importFrom("stats", "anova", "as.formula", "coefficients", "lm",
     "rbinom", "rnorm", "runif")
     importFrom("utils", "head", "tail")
    to your NAMESPACE file.
Flavors: r-devel-linux-x86_64-debian-clang, r-devel-linux-x86_64-debian-gcc, r-devel-linux-x86_64-fedora-clang, r-devel-linux-x86_64-fedora-gcc, r-devel-windows-ix86+x86_64, r-patched-linux-x86_64, r-patched-solaris-x86, r-release-linux-x86_64, r-release-windows-ix86+x86_64, r-release-osx-x86_64, r-oldrel-windows-ix86+x86_64, r-oldrel-osx-x86_64