CRAN Package Check Results for Package rchallenge

Last updated on 2018-08-18 12:50:18 CEST.

Flavor Version Tinstall Tcheck Ttotal Status Flags
r-devel-linux-x86_64-debian-clang 1.3.0 2.17 32.37 34.54 OK
r-devel-linux-x86_64-debian-gcc 1.3.0 1.60 26.37 27.97 OK
r-devel-linux-x86_64-fedora-clang 1.3.0 41.51 OK
r-devel-linux-x86_64-fedora-gcc 1.3.0 39.27 OK
r-devel-windows-ix86+x86_64 1.3.0 7.00 61.00 68.00 OK
r-patched-linux-x86_64 1.3.0 2.11 29.29 31.40 OK
r-patched-solaris-x86 1.3.0 57.30 ERROR
r-release-linux-x86_64 1.3.0 2.08 29.34 31.42 OK
r-release-windows-ix86+x86_64 1.3.0 6.00 67.00 73.00 OK
r-release-osx-x86_64 1.3.0 ERROR
r-oldrel-windows-ix86+x86_64 1.3.0 4.00 46.00 50.00 OK
r-oldrel-osx-x86_64 1.3.0 ERROR

Check Details

Version: 1.3.0
Check: examples
Result: ERROR
    Running examples in ‘rchallenge-Ex.R’ failed
    The error most likely occurred in:
    
    > ### Name: icon
    > ### Title: HTML code for icons. Currently only supports Font Awesome icons.
    > ### Aliases: icon
    >
    > ### ** Examples
    >
    > rmd <- '
    + ```{r}
    + library(rchallenge)
    + ```
    + <link rel="stylesheet"
    + href="https://maxcdn.bootstrapcdn.com/font-awesome/4.6.3/css/font-awesome.min.css">
    + `r icon("fa-user")`
    + `r icon("fa-user fa-lg")`
    + `r icon("fa-user fa-2x")`
    + `r icon("fa-user fa-3x")`
    + `r icon("fa-user fa-3x fa-border")`
    + '
    > file <- tempfile()
    > cat(rmd, file=file)
    > writeLines(readLines(file))
    
    ```{r}
    library(rchallenge)
    ```
    <link rel="stylesheet"
     href="https://maxcdn.bootstrapcdn.com/font-awesome/4.6.3/css/font-awesome.min.css">
    `r icon("fa-user")`
    `r icon("fa-user fa-lg")`
    `r icon("fa-user fa-2x")`
    `r icon("fa-user fa-3x")`
    `r icon("fa-user fa-3x fa-border")`
    > rmarkdown::render(file)
    Error: pandoc version 1.12.3 or higher is required and was not found (see the help page ?rmarkdown::pandoc_available).
    Execution halted
Flavors: r-patched-solaris-x86, r-release-osx-x86_64, r-oldrel-osx-x86_64