CRAN Package Check Results for Package rchallenge

Last updated on 2018-10-24 02:49:06 CEST.

Flavor Version Tinstall Tcheck Ttotal Status Flags
r-devel-linux-x86_64-debian-clang 1.3.0 2.51 32.56 35.07 OK
r-devel-linux-x86_64-debian-gcc 1.3.0 1.86 26.04 27.90 OK
r-devel-linux-x86_64-fedora-clang 1.3.0 41.45 OK
r-devel-linux-x86_64-fedora-gcc 1.3.0 38.75 OK
r-devel-windows-ix86+x86_64 1.3.0 6.00 63.00 69.00 ERROR
r-patched-linux-x86_64 1.3.0 1.97 28.94 30.91 OK
r-patched-solaris-x86 1.3.0 50.70 ERROR
r-release-linux-x86_64 1.3.0 2.39 29.37 31.76 OK
r-release-windows-ix86+x86_64 1.3.0 6.00 62.00 68.00 OK
r-release-osx-x86_64 1.3.0 ERROR
r-oldrel-windows-ix86+x86_64 1.3.0 4.00 67.00 71.00 OK
r-oldrel-osx-x86_64 1.3.0 ERROR

Check Details

Version: 1.3.0
Check: examples
Result: ERROR
    Running examples in 'rchallenge-Ex.R' failed
    The error most likely occurred in:
    
    > ### Name: publish
    > ### Title: Render your challenge R Markdown script to a HTML page.
    > ### Aliases: publish
    >
    > ### ** Examples
    >
    > path <- tempdir()
    > wd <- setwd(path)
    > new_challenge()
    New challenge installed in: "D:\temp\RtmpEn6Mdl"
    Next steps to complete the installation:
    1. Replace the data files in the "data" subdirectory.
    2. Replace the baseline predictions in "submissions/baseline".
    3. Customize the template R Markdown file "challenge.rmd" as needed.
    4. Create and share subdirectories in "submissions" for each team:
     rchallenge::new_team("team_foo", "team_bar", path=".", submissions_dir="submissions")
    5. Render the HTML page:
     rchallenge::publish("./challenge.rmd")
    6. Give the URL to "challenge.html" to the participants.
    7. Automate the updates of the webpage.
     On Windows systems, you can use the Task Scheduler to create a new task with a "Start a program" action with the settings: - Program/script: Rscript.exe
     - options: -e rchallenge::publish('D:\temp\RtmpEn6Mdl\challenge.rmd')
    > outdir = tempdir()
    > publish(output_dir = outdir, output_options = list(self_contained = FALSE))
    
    
    processing file: challenge.rmd
     ordinary text without R code
    
    label: unnamed-chunk-1 (with options)
    List of 3
     $ echo : logi FALSE
     $ message: logi FALSE
     $ warning: logi FALSE
    
    Read 200 items
    Read 200 items
    Read 200 items
    Read 200 items
    Quitting from lines 13-101 (challenge.rmd)
    Error in `[[<-.data.frame`(`*tmp*`, i, value = c(1540284620.697, NA)) :
     replacement has 2 rows, data has 1
    Calls: publish ... [<-.data.frame -> xpdrows.data.frame -> [[<- -> [[<-.data.frame
    Execution halted
Flavor: r-devel-windows-ix86+x86_64

Version: 1.3.0
Check: examples
Result: ERROR
    Running examples in ‘rchallenge-Ex.R’ failed
    The error most likely occurred in:
    
    > ### Name: icon
    > ### Title: HTML code for icons. Currently only supports Font Awesome icons.
    > ### Aliases: icon
    >
    > ### ** Examples
    >
    > rmd <- '
    + ```{r}
    + library(rchallenge)
    + ```
    + <link rel="stylesheet"
    + href="https://maxcdn.bootstrapcdn.com/font-awesome/4.6.3/css/font-awesome.min.css">
    + `r icon("fa-user")`
    + `r icon("fa-user fa-lg")`
    + `r icon("fa-user fa-2x")`
    + `r icon("fa-user fa-3x")`
    + `r icon("fa-user fa-3x fa-border")`
    + '
    > file <- tempfile()
    > cat(rmd, file=file)
    > writeLines(readLines(file))
    
    ```{r}
    library(rchallenge)
    ```
    <link rel="stylesheet"
     href="https://maxcdn.bootstrapcdn.com/font-awesome/4.6.3/css/font-awesome.min.css">
    `r icon("fa-user")`
    `r icon("fa-user fa-lg")`
    `r icon("fa-user fa-2x")`
    `r icon("fa-user fa-3x")`
    `r icon("fa-user fa-3x fa-border")`
    > rmarkdown::render(file)
    Error: pandoc version 1.12.3 or higher is required and was not found (see the help page ?rmarkdown::pandoc_available).
    Execution halted
Flavors: r-patched-solaris-x86, r-release-osx-x86_64, r-oldrel-osx-x86_64