CRAN Package Check Results for Package rcitoid

Last updated on 2022-05-21 13:52:16 CEST.

Flavor Version Tinstall Tcheck Ttotal Status Flags
r-devel-linux-x86_64-debian-clang 0.1.0 1.66 36.56 38.22 OK
r-devel-linux-x86_64-debian-gcc 0.1.0 1.93 28.73 30.66 OK
r-devel-linux-x86_64-fedora-clang 0.1.0 47.55 OK
r-devel-linux-x86_64-fedora-gcc 0.1.0 45.68 OK
r-devel-windows-x86_64 0.1.0 11.00 57.00 68.00 OK
r-patched-linux-x86_64 0.1.0 2.49 36.12 38.61 OK
r-release-linux-x86_64 0.1.0 2.32 35.26 37.58 OK
r-release-macos-arm64 0.1.0 25.00 OK
r-release-macos-x86_64 0.1.0 30.00 OK
r-release-windows-x86_64 0.1.0 9.00 55.00 64.00 ERROR
r-oldrel-macos-arm64 0.1.0 28.00 OK
r-oldrel-macos-x86_64 0.1.0 33.00 OK
r-oldrel-windows-ix86+x86_64 0.1.0 6.00 49.00 55.00 OK

Check Details

Version: 0.1.0
Check: examples
Result: ERROR
    Running examples in 'rcitoid-Ex.R' failed
    The error most likely occurred in:
    
    > ### Name: cit_oid
    > ### Title: Get Citoid data
    > ### Aliases: cit_oid cit_oid_
    >
    > ### ** Examples
    >
    > url<-"https://en.wikipedia.org/api/rest_v1/data/citation/mediawiki/30446726"
    > if (crul::ok(url)) {
    + pmid1 <- 30446726
    + cit_oid(pmid1)
    + }
    Error in httpcode::http_code(status) : length(code) == 1 is not TRUE
    Calls: cit_oid ... <Anonymous> -> <Anonymous> -> <Anonymous> -> stopifnot
    Execution halted
Flavor: r-release-windows-x86_64