CRAN Package Check Results for Package rclimateca

Last updated on 2019-01-23 20:48:16 CET.

Flavor Version Tinstall Tcheck Ttotal Status Flags
r-devel-linux-x86_64-debian-clang 1.0.2 4.71 67.25 71.96 OK
r-devel-linux-x86_64-debian-gcc 1.0.2 3.75 63.03 66.78 OK
r-devel-linux-x86_64-fedora-clang 1.0.2 81.59 NOTE
r-devel-linux-x86_64-fedora-gcc 1.0.2 85.71 NOTE
r-devel-windows-ix86+x86_64 1.0.2 9.00 108.00 117.00 OK
r-patched-linux-x86_64 1.0.2 4.71 62.74 67.45 OK
r-patched-solaris-x86 1.0.2 121.10 NOTE
r-release-linux-x86_64 1.0.2 3.43 64.74 68.17 OK
r-release-windows-ix86+x86_64 1.0.2 5.00 126.00 131.00 OK
r-release-osx-x86_64 1.0.2 NOTE
r-oldrel-windows-ix86+x86_64 1.0.2 14.00 149.00 163.00 OK
r-oldrel-osx-x86_64 1.0.2 NOTE

Check Details

Version: 1.0.2
Check: data for non-ASCII characters
Result: NOTE
     Note: found 24 marked UTF-8 strings
Flavors: r-devel-linux-x86_64-fedora-clang, r-devel-linux-x86_64-fedora-gcc, r-patched-solaris-x86, r-release-osx-x86_64, r-oldrel-osx-x86_64