CRAN Package Check Results for Package rclimateca

Last updated on 2018-08-16 22:50:44 CEST.

Flavor Version Tinstall Tcheck Ttotal Status Flags
r-devel-linux-x86_64-debian-clang 1.0.2 4.66 68.77 73.43 OK
r-devel-linux-x86_64-debian-gcc 1.0.2 4.01 51.69 55.70 OK
r-devel-linux-x86_64-fedora-clang 1.0.2 102.82 NOTE
r-devel-linux-x86_64-fedora-gcc 1.0.2 81.04 NOTE
r-devel-windows-ix86+x86_64 1.0.2 13.00 140.00 153.00 OK
r-patched-linux-x86_64 1.0.2 3.89 63.81 67.70 OK
r-patched-solaris-x86 1.0.2 115.60 NOTE
r-release-linux-x86_64 1.0.2 4.39 67.50 71.89 OK
r-release-windows-ix86+x86_64 1.0.2 10.00 114.00 124.00 OK
r-release-osx-x86_64 1.0.2 NOTE
r-oldrel-windows-ix86+x86_64 1.0.2 10.00 120.00 130.00 OK
r-oldrel-osx-x86_64 1.0.2 NOTE

Check Details

Version: 1.0.2
Check: data for non-ASCII characters
Result: NOTE
     Note: found 24 marked UTF-8 strings
Flavors: r-devel-linux-x86_64-fedora-clang, r-devel-linux-x86_64-fedora-gcc, r-patched-solaris-x86, r-release-osx-x86_64, r-oldrel-osx-x86_64