CRAN Package Check Results for Package rclimateca

Last updated on 2018-05-25 04:50:34 CEST.

Flavor Version Tinstall Tcheck Ttotal Status Flags
r-devel-linux-x86_64-debian-clang 1.0.1 3.72 57.95 61.67 ERROR
r-devel-linux-x86_64-debian-gcc 1.0.1 3.14 54.65 57.79 ERROR
r-devel-linux-x86_64-fedora-clang 1.0.1 86.90 ERROR
r-devel-linux-x86_64-fedora-gcc 1.0.1 76.94 ERROR
r-devel-windows-ix86+x86_64 1.0.1 8.00 92.00 100.00 ERROR
r-patched-linux-x86_64 1.0.1 3.01 60.43 63.44 ERROR
r-patched-solaris-x86 1.0.1 131.20 ERROR
r-release-linux-x86_64 1.0.1 3.90 61.11 65.01 ERROR
r-release-windows-ix86+x86_64 1.0.1 12.00 156.00 168.00 ERROR
r-release-osx-x86_64 1.0.1 NOTE
r-oldrel-windows-ix86+x86_64 1.0.1 9.00 114.00 123.00 ERROR
r-oldrel-osx-x86_64 1.0.1 NOTE

Check Details

Version: 1.0.1
Check: for unstated dependencies in ‘tests’
Result: WARN
    '::' or ':::' imports not declared from:
     ‘curl’ ‘jsonlite’
Flavors: r-devel-linux-x86_64-debian-clang, r-devel-linux-x86_64-debian-gcc

Version: 1.0.1
Check: tests
Result: ERROR
     Running ‘test-all.R’ [15s/26s]
    Running the tests in ‘tests/test-all.R’ failed.
    Complete output:
     >
     > library(testthat)
     >
     > test_check("rclimateca")
     Loading required package: rclimateca
     ── 1. Failure: column types for ec_climate_data() are correct (@test-climate_dat
     hourly$data_quality inherits from `NULL` not `character`.
    
     ── 2. Failure: get mudata function for climate data works (@test-climate_data.R#
     colnames(mudata2::tbl_data(hourly)) not equal to c(...).
     Lengths differ: 7 is not 8
    
    
     |
     | | 0%
     |
     |======================= | 33%
     |
     |=============================================== | 67%
     |
     |======================================================================| 100%
    
     |
     | | 0%
     |
     |======================= | 33%
     |
     |=============================================== | 67%
     |
     |======================================================================| 100%
    
     |
     | | 0%
     |
     |=================================== | 50%
     |
     |======================================================================| 100%
     ══ testthat results ═══════════════════════════════════════════════════════════
     OK: 187 SKIPPED: 0 FAILED: 2
     1. Failure: column types for ec_climate_data() are correct (@test-climate_data.R#123)
     2. Failure: get mudata function for climate data works (@test-climate_data.R#463)
    
     Error: testthat unit tests failed
     Execution halted
Flavor: r-devel-linux-x86_64-debian-clang

Version: 1.0.1
Check: tests
Result: ERROR
     Running ‘test-all.R’ [15s/51s]
    Running the tests in ‘tests/test-all.R’ failed.
    Complete output:
     >
     > library(testthat)
     >
     > test_check("rclimateca")
     Loading required package: rclimateca
     ── 1. Failure: column types for ec_climate_data() are correct (@test-climate_dat
     hourly$data_quality inherits from `NULL` not `character`.
    
     ── 2. Failure: get mudata function for climate data works (@test-climate_data.R#
     colnames(mudata2::tbl_data(hourly)) not equal to c(...).
     Lengths differ: 7 is not 8
    
    
     |
     | | 0%
     |
     |====== | 8%
     |
     |============ | 17%
     |
     |================== | 25%
     |
     |======================= | 33%
     |
     |============================= | 42%
     |
     |=================================== | 50%
     |
     |========================================= | 58%
     |
     |=============================================== | 67%
     |
     |==================================================== | 75%
     |
     |========================================================== | 83%
     |
     |================================================================ | 92%
     |
     |======================================================================| 100%
    
     |
     | | 0%
     |
     |======================= | 33%
     |
     |=============================================== | 67%
     |
     |======================================================================| 100%
    
     |
     | | 0%
     |
     |======================= | 33%
     |
     |=============================================== | 67%
     |
     |======================================================================| 100%
    
     |
     | | 0%
     |
     |=================================== | 50%
     |
     |======================================================================| 100%
     ══ testthat results ═══════════════════════════════════════════════════════════
     OK: 187 SKIPPED: 0 FAILED: 2
     1. Failure: column types for ec_climate_data() are correct (@test-climate_data.R#123)
     2. Failure: get mudata function for climate data works (@test-climate_data.R#463)
    
     Error: testthat unit tests failed
     Execution halted
Flavor: r-devel-linux-x86_64-debian-gcc

Version: 1.0.1
Check: data for non-ASCII characters
Result: NOTE
     Note: found 24 marked UTF-8 strings
Flavors: r-devel-linux-x86_64-fedora-clang, r-devel-linux-x86_64-fedora-gcc, r-patched-solaris-x86, r-release-osx-x86_64, r-oldrel-osx-x86_64

Version: 1.0.1
Check: tests
Result: ERROR
     Running ‘test-all.R’ [21s/62s]
    Running the tests in ‘tests/test-all.R’ failed.
    Complete output:
     >
     > library(testthat)
     >
     > test_check("rclimateca")
     Loading required package: rclimateca
     ── 1. Failure: column types for ec_climate_data() are correct (@test-climate_dat
     hourly$data_quality inherits from `NULL` not `character`.
    
     ── 2. Failure: get mudata function for climate data works (@test-climate_data.R#
     colnames(mudata2::tbl_data(hourly)) not equal to c(...).
     Lengths differ: 7 is not 8
    
    
     |
     | | 0%
     |
     |======================= | 33%
     |
     |=============================================== | 67%
     |
     |======================================================================| 100%
    
     |
     | | 0%
     |
     |======================= | 33%
     |
     |=============================================== | 67%
     |
     |======================================================================| 100%
    
     |
     | | 0%
     |
     |=================================== | 50%
     |
     |======================================================================| 100%
     ══ testthat results ═══════════════════════════════════════════════════════════
     OK: 187 SKIPPED: 0 FAILED: 2
     1. Failure: column types for ec_climate_data() are correct (@test-climate_data.R#123)
     2. Failure: get mudata function for climate data works (@test-climate_data.R#463)
    
     Error: testthat unit tests failed
     Execution halted
Flavor: r-devel-linux-x86_64-fedora-clang

Version: 1.0.1
Check: tests
Result: ERROR
     Running ‘test-all.R’ [18s/33s]
    Running the tests in ‘tests/test-all.R’ failed.
    Complete output:
     >
     > library(testthat)
     >
     > test_check("rclimateca")
     Loading required package: rclimateca
     ── 1. Failure: column types for ec_climate_data() are correct (@test-climate_dat
     hourly$data_quality inherits from `NULL` not `character`.
    
     ── 2. Failure: get mudata function for climate data works (@test-climate_data.R#
     colnames(mudata2::tbl_data(hourly)) not equal to c(...).
     Lengths differ: 7 is not 8
    
    
     |
     | | 0%
     |
     |======================= | 33%
     |
     |=============================================== | 67%
     |
     |======================================================================| 100%
    
     |
     | | 0%
     |
     |======================= | 33%
     |
     |=============================================== | 67%
     |
     |======================================================================| 100%
    
     |
     | | 0%
     |
     |=================================== | 50%
     |
     |======================================================================| 100%
     ══ testthat results ═══════════════════════════════════════════════════════════
     OK: 187 SKIPPED: 0 FAILED: 2
     1. Failure: column types for ec_climate_data() are correct (@test-climate_data.R#123)
     2. Failure: get mudata function for climate data works (@test-climate_data.R#463)
    
     Error: testthat unit tests failed
     Execution halted
Flavor: r-devel-linux-x86_64-fedora-gcc

Version: 1.0.1
Check: tests
Result: ERROR
     Running 'test-all.R' [429s]
    Running the tests in 'tests/test-all.R' failed.
    Complete output:
     >
     > library(testthat)
     >
     > test_check("rclimateca")
     Loading required package: rclimateca
     -- 1. Failure: column types for ec_climate_data() are correct (@test-climate_dat
     hourly$data_quality inherits from `NULL` not `character`.
    
     -- 2. Failure: get mudata function for climate data works (@test-climate_data.R#
     colnames(mudata2::tbl_data(hourly)) not equal to c(...).
     Lengths differ: 7 is not 8
    
    
     |
     | | 0%
     |
     |====== | 8%
     |
     |============ | 17%
     |
     |================== | 25%
     |
     |======================= | 33%
     |
     |============================= | 42%
     |
     |=================================== | 50%
     |
     |========================================= | 58%
     |
     |=============================================== | 67%
     |
     |==================================================== | 75%
     |
     |========================================================== | 83%
     |
     |================================================================ | 92%
     |
     |======================================================================| 100%
    
     |
     | | 0%
     |
     |======================= | 33%
     |
     |=============================================== | 67%
     |
     |======================================================================| 100%
    
     |
     | | 0%
     |
     |======================= | 33%
     |
     |=============================================== | 67%
     |
     |======================================================================| 100%
    
     |
     | | 0%
     |
     |=================================== | 50%
     |
     |======================================================================| 100%
     == testthat results ===========================================================
     OK: 187 SKIPPED: 0 FAILED: 2
     1. Failure: column types for ec_climate_data() are correct (@test-climate_data.R#123)
     2. Failure: get mudata function for climate data works (@test-climate_data.R#463)
    
     Error: testthat unit tests failed
     Execution halted
Flavor: r-devel-windows-ix86+x86_64

Version: 1.0.1
Check: tests
Result: ERROR
     Running ‘test-all.R’ [17s/34s]
    Running the tests in ‘tests/test-all.R’ failed.
    Complete output:
     >
     > library(testthat)
     >
     > test_check("rclimateca")
     Loading required package: rclimateca
     ── 1. Failure: column types for ec_climate_data() are correct (@test-climate_dat
     hourly$data_quality inherits from `NULL` not `character`.
    
     ── 2. Failure: get mudata function for climate data works (@test-climate_data.R#
     colnames(mudata2::tbl_data(hourly)) not equal to c(...).
     Lengths differ: 7 is not 8
    
    
     |
     | | 0%
     |
     |======================= | 33%
     |
     |=============================================== | 67%
     |
     |======================================================================| 100%
    
     |
     | | 0%
     |
     |======================= | 33%
     |
     |=============================================== | 67%
     |
     |======================================================================| 100%
    
     |
     | | 0%
     |
     |=================================== | 50%
     |
     |======================================================================| 100%
     ══ testthat results ═══════════════════════════════════════════════════════════
     OK: 187 SKIPPED: 0 FAILED: 2
     1. Failure: column types for ec_climate_data() are correct (@test-climate_data.R#123)
     2. Failure: get mudata function for climate data works (@test-climate_data.R#463)
    
     Error: testthat unit tests failed
     Execution halted
Flavor: r-patched-linux-x86_64

Version: 1.0.1
Check: tests
Result: ERROR
     Running ‘test-all.R’ [44s/130s]
    Running the tests in ‘tests/test-all.R’ failed.
    Complete output:
     >
     > library(testthat)
     >
     > test_check("rclimateca")
     Loading required package: rclimateca
     ── 1. Failure: column types for ec_climate_data() are correct (@test-climate_dat
     hourly$data_quality inherits from `NULL` not `character`.
    
     ── 2. Failure: get mudata function for climate data works (@test-climate_data.R#
     colnames(mudata2::tbl_data(hourly)) not equal to c(...).
     Lengths differ: 7 is not 8
    
    
     |
     | | 0%
     |
     |====== | 8%
     |
     |============ | 17%
     |
     |================== | 25%
     |
     |======================= | 33%
     |
     |============================= | 42%
     |
     |=================================== | 50%
     |
     |========================================= | 58%
     |
     |=============================================== | 67%
     |
     |==================================================== | 75%
     |
     |========================================================== | 83%
     |
     |================================================================ | 92%
     |
     |======================================================================| 100%
    
     |
     | | 0%
     |
     |======================= | 33%
     |
     |=============================================== | 67%
     |
     |======================================================================| 100%
    
     |
     | | 0%
     |
     |======================= | 33%
     |
     |=============================================== | 67%
     |
     |======================================================================| 100%
    
     |
     | | 0%
     |
     |=================================== | 50%
     |
     |======================================================================| 100%
     ══ testthat results ═══════════════════════════════════════════════════════════
     OK: 187 SKIPPED: 0 FAILED: 2
     1. Failure: column types for ec_climate_data() are correct (@test-climate_data.R#123)
     2. Failure: get mudata function for climate data works (@test-climate_data.R#463)
    
     Error: testthat unit tests failed
     Execution halted
Flavor: r-patched-solaris-x86

Version: 1.0.1
Check: tests
Result: ERROR
     Running ‘test-all.R’ [17s/36s]
    Running the tests in ‘tests/test-all.R’ failed.
    Complete output:
     >
     > library(testthat)
     >
     > test_check("rclimateca")
     Loading required package: rclimateca
     ── 1. Failure: column types for ec_climate_data() are correct (@test-climate_dat
     hourly$data_quality inherits from `NULL` not `character`.
    
     ── 2. Failure: get mudata function for climate data works (@test-climate_data.R#
     colnames(mudata2::tbl_data(hourly)) not equal to c(...).
     Lengths differ: 7 is not 8
    
    
     |
     | | 0%
     |
     |======================= | 33%
     |
     |=============================================== | 67%
     |
     |======================================================================| 100%
    
     |
     | | 0%
     |
     |======================= | 33%
     |
     |=============================================== | 67%
     |
     |======================================================================| 100%
    
     |
     | | 0%
     |
     |=================================== | 50%
     |
     |======================================================================| 100%
     ══ testthat results ═══════════════════════════════════════════════════════════
     OK: 187 SKIPPED: 0 FAILED: 2
     1. Failure: column types for ec_climate_data() are correct (@test-climate_data.R#123)
     2. Failure: get mudata function for climate data works (@test-climate_data.R#463)
    
     Error: testthat unit tests failed
     Execution halted
Flavor: r-release-linux-x86_64

Version: 1.0.1
Check: tests
Result: ERROR
     Running 'test-all.R' [170s]
    Running the tests in 'tests/test-all.R' failed.
    Complete output:
     >
     > library(testthat)
     >
     > test_check("rclimateca")
     Loading required package: rclimateca
     -- 1. Failure: column types for ec_climate_data() are correct (@test-climate_dat
     hourly$data_quality inherits from `NULL` not `character`.
    
     -- 2. Failure: get mudata function for climate data works (@test-climate_data.R#
     colnames(mudata2::tbl_data(hourly)) not equal to c(...).
     Lengths differ: 7 is not 8
    
    
     |
     | | 0%
     |
     |======================= | 33%
     |
     |=============================================== | 67%
     |
     |======================================================================| 100%
    
     |
     | | 0%
     |
     |======================= | 33%
     |
     |=============================================== | 67%
     |
     |======================================================================| 100%
    
     |
     | | 0%
     |
     |=================================== | 50%
     |
     |======================================================================| 100%
     == testthat results ===========================================================
     OK: 187 SKIPPED: 0 FAILED: 2
     1. Failure: column types for ec_climate_data() are correct (@test-climate_data.R#123)
     2. Failure: get mudata function for climate data works (@test-climate_data.R#463)
    
     Error: testthat unit tests failed
     Execution halted
Flavor: r-release-windows-ix86+x86_64

Version: 1.0.1
Check: tests
Result: ERROR
     Running 'test-all.R' [198s]
    Running the tests in 'tests/test-all.R' failed.
    Complete output:
     >
     > library(testthat)
     >
     > test_check("rclimateca")
     Loading required package: rclimateca
     -- 1. Failure: column types for ec_climate_data() are correct (@test-climate_dat
     hourly$data_quality inherits from `NULL` not `character`.
    
     -- 2. Failure: get mudata function for climate data works (@test-climate_data.R#
     colnames(mudata2::tbl_data(hourly)) not equal to c(...).
     Lengths differ: 7 is not 8
    
    
     |
     | | 0%
     |
     |======================= | 33%
     |
     |=============================================== | 67%
     |
     |======================================================================| 100%
    
     |
     | | 0%
     |
     |======================= | 33%
     |
     |=============================================== | 67%
     |
     |======================================================================| 100%
    
     |
     | | 0%
     |
     |=================================== | 50%
     |
     |======================================================================| 100%
     == testthat results ===========================================================
     OK: 187 SKIPPED: 0 FAILED: 2
     1. Failure: column types for ec_climate_data() are correct (@test-climate_data.R#123)
     2. Failure: get mudata function for climate data works (@test-climate_data.R#463)
    
     Error: testthat unit tests failed
     Execution halted
Flavor: r-oldrel-windows-ix86+x86_64