CRAN Package Check Results for Package rclimateca

Last updated on 2018-02-23 08:48:55 CET.

Flavor Version Tinstall Tcheck Ttotal Status Flags
r-devel-linux-x86_64-debian-clang 1.0.0 2.92 58.49 61.41 OK
r-devel-linux-x86_64-debian-gcc 1.0.0 3.21 64.68 67.89 OK
r-devel-linux-x86_64-fedora-clang 1.0.0 76.32 NOTE
r-devel-linux-x86_64-fedora-gcc 1.0.0 86.82 NOTE
r-devel-windows-ix86+x86_64 1.0.0 8.00 237.00 245.00 OK
r-patched-linux-x86_64 1.0.0 2.30 76.56 78.86 OK
r-patched-solaris-x86 1.0.0 157.30 NOTE
r-release-linux-x86_64 1.0.0 2.46 76.50 78.96 OK
r-release-windows-ix86+x86_64 1.0.0 10.00 159.00 169.00 OK
r-release-osx-x86_64 1.0.0 NOTE
r-oldrel-windows-ix86+x86_64 1.0.0 7.00 102.00 109.00 OK
r-oldrel-osx-x86_64 1.0.0 NOTE

Check Details

Version: 1.0.0
Check: data for non-ASCII characters
Result: NOTE
     Note: found 24 marked UTF-8 strings
Flavors: r-devel-linux-x86_64-fedora-clang, r-devel-linux-x86_64-fedora-gcc, r-patched-solaris-x86, r-release-osx-x86_64, r-oldrel-osx-x86_64