CRAN Package Check Results for Package rclimateca

Last updated on 2018-10-19 22:49:54 CEST.

Flavor Version Tinstall Tcheck Ttotal Status Flags
r-devel-linux-x86_64-debian-clang 1.0.2 4.63 67.22 71.85 OK
r-devel-linux-x86_64-debian-gcc 1.0.2 3.96 52.33 56.29 OK
r-devel-linux-x86_64-fedora-clang 1.0.2 84.17 NOTE
r-devel-linux-x86_64-fedora-gcc 1.0.2 83.76 NOTE
r-devel-windows-ix86+x86_64 1.0.2 9.00 129.00 138.00 OK
r-patched-linux-x86_64 1.0.2 4.43 73.99 78.42 OK
r-patched-solaris-x86 1.0.2 98.10 NOTE
r-release-linux-x86_64 1.0.2 4.41 60.31 64.72 OK
r-release-windows-ix86+x86_64 1.0.2 10.00 121.00 131.00 OK
r-release-osx-x86_64 1.0.2 NOTE
r-oldrel-windows-ix86+x86_64 1.0.2 6.00 155.00 161.00 OK
r-oldrel-osx-x86_64 1.0.2 NOTE

Check Details

Version: 1.0.2
Check: data for non-ASCII characters
Result: NOTE
     Note: found 24 marked UTF-8 strings
Flavors: r-devel-linux-x86_64-fedora-clang, r-devel-linux-x86_64-fedora-gcc, r-patched-solaris-x86, r-release-osx-x86_64, r-oldrel-osx-x86_64