CRAN Package Check Results for Package rclipboard

Last updated on 2021-05-08 11:50:36 CEST.

Flavor Version Tinstall Tcheck Ttotal Status Flags
r-devel-linux-x86_64-debian-clang 0.1.3 2.97 32.29 35.26 NOTE
r-devel-linux-x86_64-debian-gcc 0.1.3 2.41 25.51 27.92 NOTE
r-devel-linux-x86_64-fedora-clang 0.1.3 52.88 NOTE
r-devel-linux-x86_64-fedora-gcc 0.1.3 42.70 NOTE
r-devel-windows-ix86+x86_64 0.1.3 8.00 6.00 14.00 ERROR
r-devel-windows-x86_64-gcc10-UCRT 0.1.3 NOTE
r-patched-linux-x86_64 0.1.3 2.74 31.91 34.65 NOTE
r-patched-solaris-x86 0.1.3 67.60 OK
r-release-linux-x86_64 0.1.3 3.19 31.66 34.85 OK
r-release-macos-x86_64 0.1.3 OK
r-release-windows-ix86+x86_64 0.1.3 8.00 42.00 50.00 OK
r-oldrel-macos-x86_64 0.1.3 OK
r-oldrel-windows-ix86+x86_64 0.1.3 7.00 42.00 49.00 OK

Check Details

Version: 0.1.3
Check: LazyData
Result: NOTE
     'LazyData' is specified without a 'data' directory
Flavors: r-devel-linux-x86_64-debian-clang, r-devel-linux-x86_64-debian-gcc, r-devel-linux-x86_64-fedora-clang, r-devel-linux-x86_64-fedora-gcc, r-devel-windows-x86_64-gcc10-UCRT, r-patched-linux-x86_64

Version: 0.1.3
Check: whether package can be installed
Result: ERROR
    Installation failed.
Flavor: r-devel-windows-ix86+x86_64