CRAN Package Check Results for Package rcure

Last updated on 2020-01-19 15:47:42 CET.

Flavor Version Tinstall Tcheck Ttotal Status Flags
r-devel-linux-x86_64-debian-clang 0.1.0 9.74 74.00 83.74 OK
r-devel-linux-x86_64-debian-gcc 0.1.0 6.76 55.81 62.57 OK
r-devel-linux-x86_64-fedora-clang 0.1.0 97.99 NOTE
r-devel-linux-x86_64-fedora-gcc 0.1.0 95.19 NOTE
r-devel-windows-ix86+x86_64 0.1.0 29.00 76.00 105.00 OK
r-devel-windows-ix86+x86_64-gcc8 0.1.0 19.00 113.00 132.00 OK
r-patched-linux-x86_64 0.1.0 8.07 63.37 71.44 OK
r-patched-solaris-x86 0.1.0 132.20 NOTE
r-release-linux-x86_64 0.1.0 7.70 63.57 71.27 OK
r-release-windows-ix86+x86_64 0.1.0 20.00 75.00 95.00 OK
r-release-osx-x86_64 0.1.0 NOTE
r-oldrel-windows-ix86+x86_64 0.1.0 14.00 69.00 83.00 OK
r-oldrel-osx-x86_64 0.1.0 NOTE

Check Details

Version: 0.1.0
Check: dependencies in R code
Result: NOTE
    Namespaces in Imports field not imported from:
     ‘MASS’ ‘smcure’
     All declared Imports should be used.
Flavors: r-devel-linux-x86_64-fedora-clang, r-devel-linux-x86_64-fedora-gcc, r-patched-solaris-x86, r-release-osx-x86_64, r-oldrel-osx-x86_64