CRAN Package Check Results for Package rcure

Last updated on 2019-09-16 22:49:31 CEST.

Flavor Version Tinstall Tcheck Ttotal Status Flags
r-devel-linux-x86_64-debian-clang 0.1.0 8.16 64.90 73.06 OK
r-devel-linux-x86_64-debian-gcc 0.1.0 7.26 50.92 58.18 OK
r-devel-linux-x86_64-fedora-clang 0.1.0 88.38 NOTE
r-devel-linux-x86_64-fedora-gcc 0.1.0 89.15 NOTE
r-devel-windows-ix86+x86_64 0.1.0 25.00 184.00 209.00 OK
r-patched-linux-x86_64 0.1.0 7.92 62.54 70.46 OK
r-patched-solaris-x86 0.1.0 136.10 NOTE
r-release-linux-x86_64 0.1.0 7.47 65.03 72.50 OK
r-release-windows-ix86+x86_64 0.1.0 20.00 99.00 119.00 OK
r-release-osx-x86_64 0.1.0 NOTE
r-oldrel-windows-ix86+x86_64 0.1.0 13.00 67.00 80.00 OK
r-oldrel-osx-x86_64 0.1.0 NOTE

Check Details

Version: 0.1.0
Check: dependencies in R code
Result: NOTE
    Namespaces in Imports field not imported from:
     ‘MASS’ ‘smcure’
     All declared Imports should be used.
Flavors: r-devel-linux-x86_64-fedora-clang, r-devel-linux-x86_64-fedora-gcc, r-patched-solaris-x86, r-release-osx-x86_64, r-oldrel-osx-x86_64