CRAN Package Check Results for Package rcv

Last updated on 2019-02-15 20:47:03 CET.

Flavor Version Tinstall Tcheck Ttotal Status Flags
r-devel-linux-x86_64-debian-clang 0.2.1 17.63 67.40 85.03 OK
r-devel-linux-x86_64-debian-gcc 0.2.1 18.20 55.62 73.82 OK
r-devel-linux-x86_64-fedora-clang 0.2.1 116.81 NOTE
r-devel-linux-x86_64-fedora-gcc 0.2.1 105.92 NOTE
r-devel-windows-ix86+x86_64 0.2.1 34.00 107.00 141.00 OK
r-patched-linux-x86_64 0.2.1 17.10 67.87 84.97 NOTE
r-patched-solaris-x86 0.2.1 188.50 NOTE
r-release-linux-x86_64 0.2.1 16.65 67.62 84.27 NOTE
r-release-windows-ix86+x86_64 0.2.1 24.00 103.00 127.00 ERROR
r-release-osx-x86_64 0.2.1 NOTE
r-oldrel-windows-ix86+x86_64 0.2.1 37.00 117.00 154.00 ERROR
r-oldrel-osx-x86_64 0.2.1 NOTE

Check Details

Version: 0.2.1
Check: data for non-ASCII characters
Result: NOTE
     Note: found 6543 marked UTF-8 strings
Flavors: r-devel-linux-x86_64-fedora-clang, r-devel-linux-x86_64-fedora-gcc, r-patched-solaris-x86, r-release-osx-x86_64, r-oldrel-osx-x86_64

Version: 0.2.1
Check: DESCRIPTION meta-information
Result: NOTE
    Dependence on R version ‘3.3.3’ not with patchlevel 0
Flavors: r-patched-linux-x86_64, r-release-linux-x86_64

Version: 0.2.1
Check: examples
Result: ERROR
    Running examples in 'rcv-Ex.R' failed
    The error most likely occurred in:
    
    > ### Name: import_data
    > ### Title: Imports election data
    > ### Aliases: import_data
    >
    > ### ** Examples
    >
    > import_data("http://www.sfelections.org/results/20161108/data/20161206/20161206_masterlookup.txt",
    + header = FALSE)
    `curl` package not installed, falling back to using `url()`
    Warning in open.connection(con, "rb") :
     InternetOpenUrl failed: 'Eine Umleitungsanforderung ändert eine nicht sichere in eine sichere Verbindung.'
    Error in open.connection(con, "rb") : cannot open the connection
    Calls: import_data ... datasource_connection -> read_connection -> open -> open.connection
    Execution halted
Flavors: r-release-windows-ix86+x86_64, r-oldrel-windows-ix86+x86_64