CRAN Package Check Results for Package rcv

Last updated on 2018-08-21 08:49:07 CEST.

Flavor Version Tinstall Tcheck Ttotal Status Flags
r-devel-linux-x86_64-debian-clang 0.2.1 18.80 72.70 91.50 OK
r-devel-linux-x86_64-debian-gcc 0.2.1 16.30 59.05 75.35 OK
r-devel-linux-x86_64-fedora-clang 0.2.1 115.00 NOTE
r-devel-linux-x86_64-fedora-gcc 0.2.1 111.62 NOTE
r-devel-windows-ix86+x86_64 0.2.1 33.00 108.00 141.00 ERROR
r-patched-linux-x86_64 0.2.1 16.94 66.45 83.39 NOTE
r-patched-solaris-x86 0.2.1 199.30 NOTE
r-release-linux-x86_64 0.2.1 17.12 67.04 84.16 NOTE
r-release-windows-ix86+x86_64 0.2.1 35.00 73.00 108.00 ERROR
r-release-osx-x86_64 0.2.1 NOTE
r-oldrel-windows-ix86+x86_64 0.2.1 26.00 99.00 125.00 ERROR
r-oldrel-osx-x86_64 0.2.1 NOTE

Check Details

Version: 0.2.1
Check: data for non-ASCII characters
Result: NOTE
     Note: found 6543 marked UTF-8 strings
Flavors: r-devel-linux-x86_64-fedora-clang, r-devel-linux-x86_64-fedora-gcc, r-patched-solaris-x86, r-release-osx-x86_64, r-oldrel-osx-x86_64

Version: 0.2.1
Check: examples
Result: ERROR
    Running examples in 'rcv-Ex.R' failed
    The error most likely occurred in:
    
    > ### Name: import_data
    > ### Title: Imports election data
    > ### Aliases: import_data
    >
    > ### ** Examples
    >
    > import_data("http://www.sfelections.org/results/20161108/data/20161206/20161206_masterlookup.txt",
    + header = FALSE)
    `curl` package not installed, falling back to using `url()`
    Warning in open.connection(con, "rb") :
     InternetOpenUrl failed: 'Eine Umleitungsanforderung ändert eine nicht sichere in eine sichere Verbindung.'
    Error in open.connection(con, "rb") : cannot open the connection
    Calls: import_data ... read_delimited -> read_connection -> open -> open.connection
    Execution halted
Flavors: r-devel-windows-ix86+x86_64, r-release-windows-ix86+x86_64, r-oldrel-windows-ix86+x86_64

Version: 0.2.1
Check: DESCRIPTION meta-information
Result: NOTE
    Dependence on R version ‘3.3.3’ not with patchlevel 0
Flavors: r-patched-linux-x86_64, r-release-linux-x86_64