CRAN Package Check Results for Package rcv

Last updated on 2018-02-24 09:51:44 CET.

Flavor Version Tinstall Tcheck Ttotal Status Flags
r-devel-linux-x86_64-debian-clang 0.2.1 17.90 67.08 84.98 NOTE
r-devel-linux-x86_64-debian-gcc 0.2.1 17.18 54.56 71.74 NOTE
r-devel-linux-x86_64-fedora-clang 0.2.1 107.18 NOTE
r-devel-linux-x86_64-fedora-gcc 0.2.1 103.99 NOTE
r-devel-windows-ix86+x86_64 0.2.1 33.00 109.00 142.00 OK
r-patched-linux-x86_64 0.2.1 16.92 70.45 87.37 OK
r-patched-solaris-x86 0.2.1 185.80 NOTE
r-release-linux-x86_64 0.2.1 16.64 67.45 84.09 OK
r-release-windows-ix86+x86_64 0.2.1 34.00 105.00 139.00 OK
r-release-osx-x86_64 0.2.1 NOTE
r-oldrel-windows-ix86+x86_64 0.2.1 25.00 81.00 106.00 OK
r-oldrel-osx-x86_64 0.2.1 ERROR

Check Details

Version: 0.2.1
Check: DESCRIPTION meta-information
Result: NOTE
    Dependence on R version ‘3.3.3’ not with patchlevel 0
Flavors: r-devel-linux-x86_64-debian-clang, r-devel-linux-x86_64-debian-gcc, r-devel-linux-x86_64-fedora-clang, r-devel-linux-x86_64-fedora-gcc

Version: 0.2.1
Check: data for non-ASCII characters
Result: NOTE
     Note: found 6543 marked UTF-8 strings
Flavors: r-devel-linux-x86_64-fedora-clang, r-devel-linux-x86_64-fedora-gcc, r-patched-solaris-x86, r-release-osx-x86_64

Version: 0.2.1
Check: whether package can be installed
Result: ERROR
    Installation failed.
Flavor: r-oldrel-osx-x86_64