CRAN Package Check Results for Package rcv

Last updated on 2018-05-21 07:47:23 CEST.

Flavor Version Tinstall Tcheck Ttotal Status Flags
r-devel-linux-x86_64-debian-clang 0.2.1 16.86 60.98 77.84 OK
r-devel-linux-x86_64-debian-gcc 0.2.1 17.36 56.11 73.47 OK
r-devel-linux-x86_64-fedora-clang 0.2.1 113.42 NOTE
r-devel-linux-x86_64-fedora-gcc 0.2.1 108.85 NOTE
r-devel-windows-ix86+x86_64 0.2.1 22.00 83.00 105.00 OK
r-patched-linux-x86_64 0.2.1 15.55 64.54 80.09 NOTE
r-patched-solaris-x86 0.2.1 195.10 NOTE
r-release-linux-x86_64 0.2.1 15.33 65.90 81.23 NOTE
r-release-windows-ix86+x86_64 0.2.1 25.00 106.00 131.00 OK
r-release-osx-x86_64 0.2.1 NOTE
r-oldrel-windows-ix86+x86_64 0.2.1 25.00 83.00 108.00 OK
r-oldrel-osx-x86_64 0.2.1 NOTE

Check Details

Version: 0.2.1
Check: data for non-ASCII characters
Result: NOTE
     Note: found 6543 marked UTF-8 strings
Flavors: r-devel-linux-x86_64-fedora-clang, r-devel-linux-x86_64-fedora-gcc, r-patched-solaris-x86, r-release-osx-x86_64, r-oldrel-osx-x86_64

Version: 0.2.1
Check: DESCRIPTION meta-information
Result: NOTE
    Dependence on R version ‘3.3.3’ not with patchlevel 0
Flavors: r-patched-linux-x86_64, r-release-linux-x86_64