CRAN Package Check Results for Package rdefra

Last updated on 2019-04-20 14:46:57 CEST.

Flavor Version Tinstall Tcheck Ttotal Status Flags
r-devel-linux-x86_64-debian-clang 0.3.6 6.25 65.23 71.48 OK
r-devel-linux-x86_64-debian-gcc 0.3.6 5.63 54.79 60.42 OK
r-devel-linux-x86_64-fedora-clang 0.3.6 86.37 OK
r-devel-linux-x86_64-fedora-gcc 0.3.6 81.19 OK
r-devel-windows-ix86+x86_64 0.3.6 17.00 135.00 152.00 ERROR
r-patched-linux-x86_64 0.3.6 6.08 64.82 70.90 OK
r-patched-solaris-x86 0.3.6 141.00 OK
r-release-linux-x86_64 0.3.6 3.96 61.38 65.34 OK
r-release-windows-ix86+x86_64 0.3.6 7.00 156.00 163.00 ERROR
r-release-osx-x86_64 0.3.6 OK
r-oldrel-windows-ix86+x86_64 0.3.6 12.00 237.00 249.00 ERROR
r-oldrel-osx-x86_64 0.3.6 OK

Check Details

Version: 0.3.6
Check: tests
Result: ERROR
     Running 'testthat.R' [33s]
    Running the tests in 'tests/testthat.R' failed.
    Complete output:
     > library("testthat")
     > library("rdefra")
     >
     > test_check("rdefra")
     Error in file(file, "rt") : cannot open the connection
     Error in file(file, "rt") : cannot open the connection
     Error in file(file, "rt") : cannot open the connection
     Error in file(file, "rt") : cannot open the connection
     Error in file(file, "rt") : cannot open the connection
     Error in file(file, "rt") : cannot open the connection
     Error in file(file, "rt") : cannot open the connection
     Error in file(file, "rt") : cannot open the connection
     Error in file(file, "rt") : cannot open the connection
     Error in file(file, "rt") : cannot open the connection
     Error in file(file, "rt") : cannot open the connection
     Error in file(file, "rt") : cannot open the connection
     Error in file(file, "rt") : cannot open the connection
     Error in file(file, "rt") : cannot open the connection
     Error in file(file, "rt") : cannot open the connection
     -- 1. Failure: Metadata should be in the right format (@test-data.R#44) -------
     `x` not equal to `expected`.
     1 element mismatch
    
     Error in file(file, "rt") : cannot open the connection
     -- 2. Failure: Data should be in the right format (@test-data.R#55) -----------
     `x` not equal to `expected`.
     'is.NA' value mismatch: 0 in current 1 in target
    
     == testthat results ===========================================================
     OK: 39 SKIPPED: 1 FAILED: 2
     1. Failure: Metadata should be in the right format (@test-data.R#44)
     2. Failure: Data should be in the right format (@test-data.R#55)
    
     Error: testthat unit tests failed
     Execution halted
Flavor: r-devel-windows-ix86+x86_64

Version: 0.3.6
Check: re-building of vignette outputs
Result: WARN
    Error(s) in re-building vignettes:
    --- re-building 'rdefra_vignette.Rmd' using knitr
    Warning in file(file, "rt") :
     InternetOpenUrl failed: 'Eine Umleitungsanforderung √§ndert eine sichere in eine nicht sichere Verbindung.'
    No data available for station MY1
    Warning: Unknown or uninitialised column: 'unit'.
    Warning: Unknown or uninitialised column: 'unit'.
    
    Attaching package: 'zoo'
    
    The following objects are masked from 'package:base':
    
     as.Date, as.Date.numeric
    
    Warning: Unknown or uninitialised column: 'datetime'.
    Quitting from lines 118-124 (rdefra_vignette.Rmd)
    Error: processing vignette 'rdefra_vignette.Rmd' failed with diagnostics:
    do not know how to convert 'df$datetime' to class "POSIXlt"
    --- failed re-building 'rdefra_vignette.Rmd'
    
    SUMMARY: processing the following file failed:
     'rdefra_vignette.Rmd'
    
    Error: Vignette re-building failed.
    Execution halted
Flavor: r-devel-windows-ix86+x86_64

Version: 0.3.6
Check: tests
Result: ERROR
     Running 'testthat.R' [36s]
    Running the tests in 'tests/testthat.R' failed.
    Complete output:
     > library("testthat")
     > library("rdefra")
     >
     > test_check("rdefra")
     Error in file(file, "rt") : cannot open the connection
     Error in file(file, "rt") : cannot open the connection
     Error in file(file, "rt") : cannot open the connection
     Error in file(file, "rt") : cannot open the connection
     Error in file(file, "rt") : cannot open the connection
     Error in file(file, "rt") : cannot open the connection
     Error in file(file, "rt") : cannot open the connection
     Error in file(file, "rt") : cannot open the connection
     Error in file(file, "rt") : cannot open the connection
     Error in file(file, "rt") : cannot open the connection
     Error in file(file, "rt") : cannot open the connection
     Error in file(file, "rt") : cannot open the connection
     Error in file(file, "rt") : cannot open the connection
     Error in file(file, "rt") : cannot open the connection
     Error in file(file, "rt") : cannot open the connection
     -- 1. Failure: Metadata should be in the right format (@test-data.R#44) -------
     `x` not equal to `expected`.
     1 element mismatch
    
     Error in file(file, "rt") : cannot open the connection
     -- 2. Failure: Data should be in the right format (@test-data.R#55) -----------
     `x` not equal to `expected`.
     'is.NA' value mismatch: 0 in current 1 in target
    
     == testthat results ===========================================================
     OK: 39 SKIPPED: 1 FAILED: 2
     1. Failure: Metadata should be in the right format (@test-data.R#44)
     2. Failure: Data should be in the right format (@test-data.R#55)
    
     Error: testthat unit tests failed
     Execution halted
Flavor: r-release-windows-ix86+x86_64

Version: 0.3.6
Check: re-building of vignette outputs
Result: WARN
    Error in re-building vignettes:
     ...
    Warning in file(file, "rt") :
     InternetOpenUrl failed: 'Eine Umleitungsanforderung √§ndert eine sichere in eine nicht sichere Verbindung.'
    No data available for station MY1
    Warning: Unknown or uninitialised column: 'unit'.
    Warning: Unknown or uninitialised column: 'unit'.
    
    Attaching package: 'zoo'
    
    The following objects are masked from 'package:base':
    
     as.Date, as.Date.numeric
    
    Warning: Unknown or uninitialised column: 'datetime'.
    Quitting from lines 118-124 (rdefra_vignette.Rmd)
    Error: processing vignette 'rdefra_vignette.Rmd' failed with diagnostics:
    do not know how to convert 'df$datetime' to class "POSIXlt"
    Execution halted
Flavors: r-release-windows-ix86+x86_64, r-oldrel-windows-ix86+x86_64

Version: 0.3.6
Check: tests
Result: ERROR
     Running 'testthat.R' [87s]
    Running the tests in 'tests/testthat.R' failed.
    Complete output:
     > library("testthat")
     > library("rdefra")
     >
     > test_check("rdefra")
     Error in file(file, "rt") : cannot open the connection
     Error in file(file, "rt") : cannot open the connection
     Error in file(file, "rt") : cannot open the connection
     Error in file(file, "rt") : cannot open the connection
     Error in file(file, "rt") : cannot open the connection
     Error in file(file, "rt") : cannot open the connection
     Error in file(file, "rt") : cannot open the connection
     Error in file(file, "rt") : cannot open the connection
     Error in file(file, "rt") : cannot open the connection
     Error in file(file, "rt") : cannot open the connection
     Error in file(file, "rt") : cannot open the connection
     Error in file(file, "rt") : cannot open the connection
     Error in file(file, "rt") : cannot open the connection
     Error in file(file, "rt") : cannot open the connection
     Error in file(file, "rt") : cannot open the connection
     -- 1. Failure: Metadata should be in the right format (@test-data.R#44) -------
     `x` not equal to `expected`.
     1 element mismatch
    
     Error in file(file, "rt") : cannot open the connection
     -- 2. Failure: Data should be in the right format (@test-data.R#55) -----------
     `x` not equal to `expected`.
     'is.NA' value mismatch: 0 in current 1 in target
    
     -- 3. Failure: DEFRA server should be running (@test-metadata.R#29) -----------
     `x` not equal to `expected`.
     1 element mismatch
    
     == testthat results ===========================================================
     OK: 38 SKIPPED: 1 FAILED: 3
     1. Failure: Metadata should be in the right format (@test-data.R#44)
     2. Failure: Data should be in the right format (@test-data.R#55)
     3. Failure: DEFRA server should be running (@test-metadata.R#29)
    
     Error: testthat unit tests failed
     Execution halted
Flavor: r-oldrel-windows-ix86+x86_64