CRAN Package Check Results for Package rdetools

Last updated on 2021-12-06 07:53:09 CET.

Flavor Version Tinstall Tcheck Ttotal Status Flags
r-devel-linux-x86_64-debian-clang 1.0 2.72 36.25 38.97 NOTE
r-devel-linux-x86_64-debian-gcc 1.0 1.99 28.40 30.39 NOTE
r-devel-linux-x86_64-fedora-clang 1.0 48.43 NOTE
r-devel-linux-x86_64-fedora-gcc 1.0 37.47 NOTE
r-devel-windows-x86_64-new-UL 1.0 6.00 60.00 66.00 NOTE
r-devel-windows-x86_64-new-TK 1.0 NOTE
r-devel-windows-x86_64-old 1.0 4.00 32.00 36.00 NOTE
r-patched-linux-x86_64 1.0 2.75 26.83 29.58 NOTE
r-release-linux-x86_64 1.0 2.27 35.42 37.69 NOTE
r-release-macos-arm64 1.0 NOTE
r-release-macos-x86_64 1.0 NOTE
r-release-windows-ix86+x86_64 1.0 7.00 33.00 40.00 NOTE
r-oldrel-macos-x86_64 1.0 NOTE
r-oldrel-windows-ix86+x86_64 1.0 4.00 29.00 33.00 NOTE

Check Details

Version: 1.0
Check: R code for possible problems
Result: NOTE
    distimage: no visible binding for global variable 'terrain.colors'
    distimage: no visible global function definition for 'filled.contour'
    distimage: no visible global function definition for 'title'
    distimage: no visible global function definition for 'axis'
    distimage: no visible global function definition for 'lines'
    drawkpc: no visible global function definition for 'segments'
    drawkpc: no visible global function definition for 'lines'
    modelimage: no visible binding for global variable 'topo.colors'
    modelimage: no visible global function definition for 'filled.contour'
    modelimage: no visible global function definition for 'title'
    modelimage: no visible global function definition for 'axis'
    modelimage: no visible global function definition for 'lines'
    sincdata: no visible global function definition for 'runif'
    sincdata: no visible global function definition for 'rnorm'
    Undefined global functions or variables:
     axis filled.contour lines rnorm runif segments terrain.colors title
     topo.colors
    Consider adding
     importFrom("grDevices", "terrain.colors", "topo.colors")
     importFrom("graphics", "axis", "filled.contour", "lines", "segments",
     "title")
     importFrom("stats", "rnorm", "runif")
    to your NAMESPACE file.
Flavors: r-devel-linux-x86_64-debian-clang, r-devel-linux-x86_64-debian-gcc, r-devel-linux-x86_64-fedora-clang, r-devel-linux-x86_64-fedora-gcc, r-devel-windows-x86_64-new-UL, r-devel-windows-x86_64-new-TK, r-devel-windows-x86_64-old, r-patched-linux-x86_64, r-release-linux-x86_64, r-release-macos-arm64, r-release-macos-x86_64, r-release-windows-ix86+x86_64, r-oldrel-macos-x86_64, r-oldrel-windows-ix86+x86_64