CRAN Package Check Results for Package rdi

Last updated on 2022-12-08 21:50:57 CET.

Flavor Version Tinstall Tcheck Ttotal Status Flags
r-devel-linux-x86_64-debian-clang 1.0.0 4.95 48.04 52.99 NOTE
r-devel-linux-x86_64-debian-gcc 1.0.0 3.71 37.46 41.17 NOTE
r-devel-linux-x86_64-fedora-clang 1.0.0 67.31 NOTE
r-devel-linux-x86_64-fedora-gcc 1.0.0 71.30 NOTE
r-devel-windows-x86_64 1.0.0 15.00 78.00 93.00 NOTE
r-patched-linux-x86_64 1.0.0 4.56 45.91 50.47 NOTE
r-release-linux-x86_64 1.0.0 3.82 44.96 48.78 NOTE
r-release-macos-arm64 1.0.0 20.00 NOTE
r-release-macos-x86_64 1.0.0 29.00 NOTE
r-release-windows-x86_64 1.0.0 14.00 77.00 91.00 NOTE
r-oldrel-macos-arm64 1.0.0 24.00 NOTE
r-oldrel-macos-x86_64 1.0.0 39.00 NOTE
r-oldrel-windows-ix86+x86_64 1.0.0 10.00 69.00 79.00 NOTE

Check Details

Version: 1.0.0
Check: LazyData
Result: NOTE
     'LazyData' is specified without a 'data' directory
Flavors: r-devel-linux-x86_64-debian-clang, r-devel-linux-x86_64-debian-gcc, r-devel-linux-x86_64-fedora-clang, r-devel-linux-x86_64-fedora-gcc, r-devel-windows-x86_64, r-patched-linux-x86_64, r-release-linux-x86_64, r-release-macos-arm64, r-release-macos-x86_64, r-release-windows-x86_64, r-oldrel-macos-arm64, r-oldrel-macos-x86_64, r-oldrel-windows-ix86+x86_64