CRAN Package Check Results for Package rdoc

Last updated on 2021-04-14 18:51:13 CEST.

Flavor Version Tinstall Tcheck Ttotal Status Flags
r-devel-linux-x86_64-debian-clang 0.1.0 4.03 42.91 46.94 NOTE
r-devel-linux-x86_64-debian-gcc 0.1.0 3.36 32.34 35.70 NOTE
r-devel-linux-x86_64-fedora-clang 0.1.0 66.31 NOTE
r-devel-linux-x86_64-fedora-gcc 0.1.0 56.44 NOTE
r-devel-windows-ix86+x86_64 0.1.0 10.00 57.00 67.00 NOTE
r-devel-windows-x86_64-gcc10-UCRT 0.1.0 NOTE
r-patched-linux-x86_64 0.1.0 4.32 42.18 46.50 OK
r-patched-solaris-x86 0.1.0 79.00 NOTE
r-release-linux-x86_64 0.1.0 4.26 42.27 46.53 OK
r-release-macos-x86_64 0.1.0 NOTE
r-release-windows-ix86+x86_64 0.1.0 7.00 66.00 73.00 OK
r-oldrel-macos-x86_64 0.1.0 NOTE
r-oldrel-windows-ix86+x86_64 0.1.0 6.00 47.00 53.00 OK

Check Details

Version: 0.1.0
Check: LazyData
Result: NOTE
     'LazyData' is specified without a 'data' directory
Flavors: r-devel-linux-x86_64-debian-clang, r-devel-linux-x86_64-debian-gcc, r-devel-linux-x86_64-fedora-clang, r-devel-linux-x86_64-fedora-gcc, r-devel-windows-ix86+x86_64, r-devel-windows-x86_64-gcc10-UCRT

Version: 0.1.0
Check: dependencies in R code
Result: NOTE
    Namespace in Imports field not imported from: ‘R6’
     All declared Imports should be used.
Flavors: r-devel-linux-x86_64-fedora-clang, r-devel-linux-x86_64-fedora-gcc, r-devel-windows-x86_64-gcc10-UCRT, r-patched-solaris-x86, r-release-macos-x86_64, r-oldrel-macos-x86_64