CRAN Package Check Results for Package rdoxygen

Last updated on 2022-12-07 10:50:08 CET.

Flavor Version Tinstall Tcheck Ttotal Status Flags
r-devel-linux-x86_64-debian-clang 1.0.0 2.63 24.79 27.42 NOTE
r-devel-linux-x86_64-debian-gcc 1.0.0 2.44 19.88 22.32 NOTE
r-devel-linux-x86_64-fedora-clang 1.0.0 46.36 NOTE
r-devel-linux-x86_64-fedora-gcc 1.0.0 45.15 NOTE
r-devel-windows-x86_64 1.0.0 12.00 58.00 70.00 NOTE
r-patched-linux-x86_64 1.0.0 2.06 24.65 26.71 NOTE
r-release-linux-x86_64 1.0.0 2.07 24.88 26.95 NOTE
r-release-macos-arm64 1.0.0 19.00 NOTE
r-release-macos-x86_64 1.0.0 27.00 NOTE
r-release-windows-x86_64 1.0.0 14.00 58.00 72.00 NOTE
r-oldrel-macos-arm64 1.0.0 18.00 NOTE
r-oldrel-macos-x86_64 1.0.0 32.00 NOTE
r-oldrel-windows-ix86+x86_64 1.0.0 13.00 59.00 72.00 NOTE

Check Details

Version: 1.0.0
Check: LazyData
Result: NOTE
     'LazyData' is specified without a 'data' directory
Flavors: r-devel-linux-x86_64-debian-clang, r-devel-linux-x86_64-debian-gcc, r-devel-linux-x86_64-fedora-clang, r-devel-linux-x86_64-fedora-gcc, r-devel-windows-x86_64, r-patched-linux-x86_64, r-release-linux-x86_64, r-release-macos-arm64, r-release-macos-x86_64, r-release-windows-x86_64, r-oldrel-macos-arm64, r-oldrel-macos-x86_64, r-oldrel-windows-ix86+x86_64