Last updated on 2023-12-09 21:54:28 CET.
Flavor | Version | Tinstall | Tcheck | Ttotal | Status | Flags |
---|---|---|---|---|---|---|
r-devel-linux-x86_64-debian-clang | 1.0.0 | 3.67 | 24.56 | 28.23 | NOTE | |
r-devel-linux-x86_64-debian-gcc | 1.0.0 | 2.68 | 19.26 | 21.94 | NOTE | |
r-devel-linux-x86_64-fedora-clang | 1.0.0 | 35.48 | NOTE | |||
r-devel-linux-x86_64-fedora-gcc | 1.0.0 | 33.12 | NOTE | |||
r-devel-windows-x86_64 | 1.0.0 | 6.00 | 45.00 | 51.00 | NOTE | |
r-patched-linux-x86_64 | 1.0.0 | 2.36 | 24.07 | 26.43 | NOTE | |
r-release-linux-x86_64 | 1.0.0 | 2.69 | 24.42 | 27.11 | NOTE | |
r-release-macos-arm64 | 1.0.0 | 19.00 | NOTE | |||
r-release-macos-x86_64 | 1.0.0 | 23.00 | NOTE | |||
r-release-windows-x86_64 | 1.0.0 | 7.00 | 85.00 | 92.00 | NOTE | |
r-oldrel-macos-arm64 | 1.0.0 | 19.00 | NOTE | |||
r-oldrel-macos-x86_64 | 1.0.0 | 27.00 | NOTE | |||
r-oldrel-windows-x86_64 | 1.0.0 | 7.00 | 47.00 | 54.00 | NOTE |
Version: 1.0.0
Check: LazyData
Result: NOTE
'LazyData' is specified without a 'data' directory
Flavors: r-devel-linux-x86_64-debian-clang, r-devel-linux-x86_64-debian-gcc, r-devel-linux-x86_64-fedora-clang, r-devel-linux-x86_64-fedora-gcc, r-devel-windows-x86_64, r-patched-linux-x86_64, r-release-linux-x86_64, r-release-macos-arm64, r-release-macos-x86_64, r-release-windows-x86_64, r-oldrel-macos-arm64, r-oldrel-macos-x86_64, r-oldrel-windows-x86_64