CRAN Package Check Results for Package rdrop2

Last updated on 2022-08-13 07:11:43 CEST.

Flavor Version Tinstall Tcheck Ttotal Status Flags
r-devel-linux-x86_64-debian-clang 0.8.2.1 2.71 30.24 32.95 NOTE
r-devel-linux-x86_64-debian-gcc 0.8.2.1 1.70 23.34 25.04 NOTE
r-devel-linux-x86_64-fedora-clang 0.8.2.1 49.89 NOTE
r-devel-linux-x86_64-fedora-gcc 0.8.2.1 48.81 NOTE
r-devel-windows-x86_64 0.8.2.1 19.00 57.00 76.00 NOTE
r-patched-linux-x86_64 0.8.2.1 3.50 28.99 32.49 NOTE
r-release-linux-x86_64 0.8.2.1 1.88 28.76 30.64 NOTE
r-release-macos-arm64 0.8.2.1 21.00 NOTE
r-release-macos-x86_64 0.8.2.1 29.00 NOTE
r-release-windows-x86_64 0.8.2.1 17.00 55.00 72.00 NOTE
r-oldrel-macos-arm64 0.8.2.1 18.00 NOTE
r-oldrel-macos-x86_64 0.8.2.1 30.00 NOTE
r-oldrel-windows-ix86+x86_64 0.8.2.1 7.00 48.00 55.00 NOTE

Check Details

Version: 0.8.2.1
Check: LazyData
Result: NOTE
     'LazyData' is specified without a 'data' directory
Flavors: r-devel-linux-x86_64-debian-clang, r-devel-linux-x86_64-debian-gcc, r-devel-linux-x86_64-fedora-clang, r-devel-linux-x86_64-fedora-gcc, r-devel-windows-x86_64, r-patched-linux-x86_64, r-release-linux-x86_64, r-release-macos-arm64, r-release-macos-x86_64, r-release-windows-x86_64, r-oldrel-macos-arm64, r-oldrel-macos-x86_64, r-oldrel-windows-ix86+x86_64