CRAN Package Check Results for Package rdtLite

Last updated on 2019-09-17 23:47:22 CEST.

Flavor Version Tinstall Tcheck Ttotal Status Flags
r-devel-linux-x86_64-debian-clang 1.2 6.26 39.05 45.31 OK
r-devel-linux-x86_64-debian-gcc 1.2 5.22 30.84 36.06 OK
r-devel-linux-x86_64-fedora-clang 1.2 55.10 NOTE
r-devel-linux-x86_64-fedora-gcc 1.2 55.02 NOTE
r-devel-windows-ix86+x86_64 1.2 19.00 72.00 91.00 OK
r-patched-linux-x86_64 1.2 5.52 39.14 44.66 OK
r-patched-solaris-x86 1.2 79.00 NOTE
r-release-linux-x86_64 1.2 4.75 39.03 43.78 OK
r-release-windows-ix86+x86_64 1.2 9.00 49.00 58.00 OK
r-release-osx-x86_64 1.2 NOTE
r-oldrel-windows-ix86+x86_64 1.0.2 6.00 64.00 70.00 OK
r-oldrel-osx-x86_64 1.2 ERROR

Check Details

Version: 1.2
Check: dependencies in R code
Result: NOTE
    Namespace in Imports field not imported from: ‘gtools’
     All declared Imports should be used.
Flavors: r-devel-linux-x86_64-fedora-clang, r-devel-linux-x86_64-fedora-gcc, r-patched-solaris-x86, r-release-osx-x86_64

Version: 1.2
Check: whether package can be installed
Result: ERROR
    Installation failed.
Flavor: r-oldrel-osx-x86_64