CRAN Package Check Results for Package reReg

Last updated on 2020-08-07 21:48:50 CEST.

Flavor Version Tinstall Tcheck Ttotal Status Flags
r-devel-linux-x86_64-debian-clang 1.3.0 49.24 105.64 154.88 OK
r-devel-linux-x86_64-debian-gcc 1.3.0 38.15 78.85 117.00 OK
r-devel-linux-x86_64-fedora-clang 1.3.0 199.44 OK
r-devel-linux-x86_64-fedora-gcc 1.3.0 185.98 OK
r-devel-windows-ix86+x86_64 1.3.0 11.00 6.00 17.00 ERROR
r-patched-linux-x86_64 1.3.0 39.72 101.09 140.81 OK
r-patched-solaris-x86 1.3.0 213.30 OK
r-release-linux-x86_64 1.3.0 44.74 100.81 145.55 OK
r-release-macos-x86_64 1.3.0 OK
r-release-windows-ix86+x86_64 1.3.0 122.00 206.00 328.00 OK
r-oldrel-macos-x86_64 1.3.0 OK
r-oldrel-windows-ix86+x86_64 1.3.0 76.00 199.00 275.00 OK

Check Details

Version: 1.3.0
Check: whether package can be installed
Result: ERROR
    Installation failed.
Flavor: r-devel-windows-ix86+x86_64