CRAN Package Check Results for Package readBrukerFlexData

Last updated on 2020-07-05 14:48:32 CEST.

Flavor Version Tinstall Tcheck Ttotal Status Flags
r-devel-linux-x86_64-debian-clang 1.8.5 2.49 21.03 23.52 OK
r-devel-linux-x86_64-debian-gcc 1.8.5 2.04 16.93 18.97 OK
r-devel-linux-x86_64-fedora-clang 1.8.5 37.40 NOTE
r-devel-linux-x86_64-fedora-gcc 1.8.5 27.54 OK
r-devel-windows-ix86+x86_64 1.8.5 8.00 31.00 39.00 OK
r-patched-linux-x86_64 1.8.5 2.41 21.12 23.53 OK
r-patched-solaris-x86 1.8.5 43.30 OK
r-release-linux-x86_64 1.8.5 2.33 21.13 23.46 OK
r-release-osx-x86_64 1.8.5 OK
r-release-windows-ix86+x86_64 1.8.5 7.00 42.00 49.00 OK
r-oldrel-osx-x86_64 1.8.5 OK
r-oldrel-windows-ix86+x86_64 1.8.5 6.00 46.00 52.00 OK

Check Details

Version: 1.8.5
Check: Rd cross-references
Result: NOTE
    Undeclared packages ‘readMzXmlData’, ‘MALDIquantForeign’ in Rd xrefs
Flavor: r-devel-linux-x86_64-fedora-clang