CRAN Package Check Results for Package readNSx

Last updated on 2024-06-17 21:52:04 CEST.

Flavor Version Tinstall Tcheck Ttotal Status Flags
r-devel-linux-x86_64-debian-clang 0.0.4 18.45 38.02 56.47 NOTE
r-devel-linux-x86_64-debian-gcc 0.0.4 14.70 28.52 43.22 NOTE
r-devel-linux-x86_64-fedora-clang 0.0.4 83.22 NOTE
r-devel-linux-x86_64-fedora-gcc 0.0.4 88.72 NOTE
r-devel-windows-x86_64 0.0.4 18.00 76.00 94.00 NOTE
r-patched-linux-x86_64 0.0.4 15.80 36.27 52.07 OK
r-release-linux-x86_64 0.0.4 18.05 36.74 54.79 OK
r-release-macos-arm64 0.0.4 32.00 OK
r-release-macos-x86_64 0.0.4 51.00 OK
r-release-windows-x86_64 0.0.4 19.00 78.00 97.00 OK
r-oldrel-macos-arm64 0.0.4 36.00 OK
r-oldrel-macos-x86_64 0.0.4 62.00 OK
r-oldrel-windows-x86_64 0.0.4 22.00 81.00 103.00 OK

Additional issues

rchk

Check Details

Version: 0.0.4
Check: compiled code
Result: NOTE File ‘readNSx/libs/readNSx.so’: Found non-API calls to R: ‘SETLENGTH’, ‘SET_TRUELENGTH’ Compiled code should not call non-API entry points in R. See ‘Writing portable packages’ in the ‘Writing R Extensions’ manual. Flavor: r-devel-linux-x86_64-debian-clang

Version: 0.0.4
Check: compiled code
Result: NOTE File ‘readNSx/libs/readNSx.so’: Found non-API calls to R: ‘SETLENGTH’, ‘SET_GROWABLE_BIT’, ‘SET_TRUELENGTH’ Compiled code should not call non-API entry points in R. See ‘Writing portable packages’ in the ‘Writing R Extensions’ manual. Flavors: r-devel-linux-x86_64-debian-gcc, r-devel-linux-x86_64-fedora-clang, r-devel-linux-x86_64-fedora-gcc

Version: 0.0.4
Check: compiled code
Result: NOTE File 'readNSx/libs/x64/readNSx.dll': Found non-API calls to R: 'SETLENGTH', 'SET_GROWABLE_BIT', 'SET_TRUELENGTH' Compiled code should not call non-API entry points in R. See 'Writing portable packages' in the 'Writing R Extensions' manual. Flavor: r-devel-windows-x86_64