CRAN Package Check Results for Package readr

Last updated on 2022-12-05 10:57:23 CET.

Flavor Version Tinstall Tcheck Ttotal Status Flags
r-devel-linux-x86_64-debian-clang 2.1.3 73.12 153.45 226.57 OK
r-devel-linux-x86_64-debian-gcc 2.1.3 65.29 103.02 168.31 WARN
r-devel-linux-x86_64-fedora-clang 2.1.3 325.21 WARN
r-devel-linux-x86_64-fedora-gcc 2.1.3 285.19 WARN
r-devel-windows-x86_64 2.1.3 129.00 210.00 339.00 OK
r-patched-linux-x86_64 2.1.3 73.91 127.28 201.19 OK
r-release-linux-x86_64 2.1.3 68.40 120.84 189.24 OK
r-release-macos-arm64 2.1.3 90.00 NOTE
r-release-macos-x86_64 2.1.3 118.00 NOTE
r-release-windows-x86_64 2.1.3 124.00 200.00 324.00 OK
r-oldrel-macos-arm64 2.1.3 96.00 NOTE
r-oldrel-macos-x86_64 2.1.3 122.00 NOTE
r-oldrel-windows-ix86+x86_64 2.1.3 202.00 267.00 469.00 OK

Check Details

Version: 2.1.3
Check: compiled code
Result: WARN
    File ‘readr/libs/readr.so’:
     Found ‘__sprintf_chk’, possibly from ‘sprintf’ (C)
     Object: ‘grisu3.o’
    
    Compiled code should not call entry points which might terminate R nor
    write to stdout/stderr instead of to the console, nor use Fortran I/O
    nor system RNGs nor [v]sprintf.
    
    See ‘Writing portable packages’ in the ‘Writing R Extensions’ manual.
Flavors: r-devel-linux-x86_64-debian-gcc, r-devel-linux-x86_64-fedora-gcc

Version: 2.1.3
Check: Rd cross-references
Result: NOTE
    Undeclared packages ‘tidyselect’, ‘vctrs’ in Rd xrefs
Flavor: r-devel-linux-x86_64-fedora-clang

Version: 2.1.3
Check: compiled code
Result: WARN
    File ‘readr/libs/readr.so’:
     Found ‘sprintf’, possibly from ‘sprintf’ (C)
     Object: ‘grisu3.o’
    
    Compiled code should not call entry points which might terminate R nor
    write to stdout/stderr instead of to the console, nor use Fortran I/O
    nor system RNGs nor [v]sprintf.
    
    See ‘Writing portable packages’ in the ‘Writing R Extensions’ manual.
Flavor: r-devel-linux-x86_64-fedora-clang

Version: 2.1.3
Check: installed package size
Result: NOTE
     installed size is 5.3Mb
     sub-directories of 1Mb or more:
     libs 4.3Mb
Flavors: r-release-macos-arm64, r-release-macos-x86_64, r-oldrel-macos-arm64, r-oldrel-macos-x86_64