CRAN Package Check Results for Package readr

Last updated on 2022-06-30 14:53:31 CEST.

Flavor Version Tinstall Tcheck Ttotal Status Flags
r-devel-linux-x86_64-debian-clang 2.1.2 71.75 142.17 213.92 OK
r-devel-linux-x86_64-debian-gcc 2.1.2 63.02 93.31 156.33 OK
r-devel-linux-x86_64-fedora-clang 2.1.2 288.40 NOTE
r-devel-linux-x86_64-fedora-gcc 2.1.2 260.12 OK
r-devel-windows-x86_64 2.1.2 118.00 196.00 314.00 OK
r-patched-linux-x86_64 2.1.2 75.62 120.46 196.08 OK
r-release-linux-x86_64 2.1.2 68.06 119.99 188.05 OK
r-release-macos-arm64 2.1.2 85.00 NOTE
r-release-macos-x86_64 2.1.2 119.00 NOTE
r-release-windows-x86_64 2.1.2 122.00 196.00 318.00 OK
r-oldrel-macos-arm64 2.1.2 79.00 NOTE
r-oldrel-macos-x86_64 2.1.2 123.00 NOTE
r-oldrel-windows-ix86+x86_64 2.1.2 206.00 261.00 467.00 OK

Check Details

Version: 2.1.2
Check: Rd cross-references
Result: NOTE
    Undeclared packages ‘tidyselect’, ‘vctrs’ in Rd xrefs
Flavor: r-devel-linux-x86_64-fedora-clang

Version: 2.1.2
Check: installed package size
Result: NOTE
     installed size is 5.3Mb
     sub-directories of 1Mb or more:
     libs 4.3Mb
Flavors: r-release-macos-arm64, r-release-macos-x86_64, r-oldrel-macos-arm64, r-oldrel-macos-x86_64