CRAN Package Check Results for Package readrba

Last updated on 2022-05-17 04:50:41 CEST.

Flavor Version Tinstall Tcheck Ttotal Status Flags
r-devel-linux-x86_64-debian-clang 0.1.2 6.81 75.49 82.30 OK
r-devel-linux-x86_64-debian-gcc 0.1.2 5.20 54.93 60.13 OK
r-devel-linux-x86_64-fedora-clang 0.1.2 94.01 NOTE
r-devel-linux-x86_64-fedora-gcc 0.1.2 91.81 OK
r-devel-windows-x86_64 0.1.2 19.00 105.00 124.00 OK
r-patched-linux-x86_64 0.1.2 3.89 68.93 72.82 OK
r-release-linux-x86_64 0.1.2 4.28 68.73 73.01 OK
r-release-macos-arm64 0.1.2 35.00 OK
r-release-macos-x86_64 0.1.2 66.00 OK
r-release-windows-x86_64 0.1.2 20.00 110.00 130.00 OK
r-oldrel-macos-arm64 0.1.2 34.00 OK
r-oldrel-macos-x86_64 0.1.2 46.00 OK
r-oldrel-windows-ix86+x86_64 0.1.2 16.00 92.00 108.00 OK

Check Details

Version: 0.1.2
Check: Rd cross-references
Result: NOTE
    Undeclared package ‘magrittr’ in Rd xrefs
Flavor: r-devel-linux-x86_64-fedora-clang