CRAN Package Check Results for Package readroper

Last updated on 2022-08-18 02:53:27 CEST.

Flavor Version Tinstall Tcheck Ttotal Status Flags
r-devel-linux-x86_64-debian-clang 0.9.3 2.04 29.40 31.44 NOTE
r-devel-linux-x86_64-debian-gcc 0.9.3 NOTE
r-devel-linux-x86_64-fedora-clang 0.9.3 49.77 NOTE
r-devel-linux-x86_64-fedora-gcc 0.9.3 47.71 NOTE
r-devel-windows-x86_64 0.9.3 5.00 60.00 65.00 NOTE
r-patched-linux-x86_64 0.9.3 1.42 28.53 29.95 NOTE
r-release-linux-x86_64 0.9.3 2.08 28.16 30.24 NOTE
r-release-macos-arm64 0.9.3 20.00 NOTE
r-release-macos-x86_64 0.9.3 42.00 NOTE
r-release-windows-x86_64 0.9.3 11.00 57.00 68.00 NOTE
r-oldrel-macos-arm64 0.9.3 18.00 NOTE
r-oldrel-macos-x86_64 0.9.3 30.00 NOTE
r-oldrel-windows-ix86+x86_64 0.9.3 6.00 52.00 58.00 NOTE

Check Details

Version: 0.9.3
Check: LazyData
Result: NOTE
     'LazyData' is specified without a 'data' directory
Flavors: r-devel-linux-x86_64-debian-clang, r-devel-linux-x86_64-debian-gcc, r-devel-linux-x86_64-fedora-clang, r-devel-linux-x86_64-fedora-gcc, r-devel-windows-x86_64, r-patched-linux-x86_64, r-release-linux-x86_64, r-release-macos-arm64, r-release-macos-x86_64, r-release-windows-x86_64, r-oldrel-macos-arm64, r-oldrel-macos-x86_64, r-oldrel-windows-ix86+x86_64